{"id":67250,"date":"2025-01-23T16:48:25","date_gmt":"2025-01-23T16:48:25","guid":{"rendered":"https:\/\/brandss.com.py\/index\/?post_type=product&#038;p=67250"},"modified":"2025-01-23T16:49:07","modified_gmt":"2025-01-23T16:49:07","slug":"camiseta-deportivo-femenino-umbro-termica-light-fit","status":"publish","type":"product","link":"https:\/\/brandss.com.py\/index\/producto\/camiseta-deportivo-femenino-umbro-termica-light-fit\/","title":{"rendered":"CAMISETA DEPORTIVO FEMENINO UMBRO T\u00c9RMICA LIGHT FIT"},"content":{"rendered":"<p><img loading=\"lazy\" decoding=\"async\" class=\"\" src=\"https:\/\/upload.wikimedia.org\/wikipedia\/commons\/2\/22\/Umbro_logo_%28current%29.svg\" alt=\"Archivo:Umbro logo (current).svg - Wikipedia, la enciclopedia libre\" width=\"119\" height=\"77\" \/><\/p>\n<h1>T\u00c9RMICA LIGHT FIT<\/h1>\n<div class=\"vtex-flex-layout-0-x-flexColChild vtex-flex-layout-0-x-flexColChild--details-product pb0\">\n<div class=\"vtex-store-components-3-x-productDescriptionContainer\">\n<div class=\"vtex-store-components-3-x-productDescriptionText c-muted-1\">\n<div class=\"vtex-store-components-3-x-container relative\">\n<div class=\"vtex-store-components-3-x-content h-auto\"><span>Camiseta t\u00e9rmica para mujer confeccionada con malla ligera de poliamida y elastano, con hilo tecnol\u00f3gico que contiene protecci\u00f3n solar SPF 50+ frente a los rayos UVA y UVB. Corte entallado, bien ajustado al cuerpo, con manga larga ragl\u00e1n y cuello redondo en el propio tejido. Tiene costuras planas que no rozan el cuerpo y el logo de Umbro Pro Training est\u00e1 centrado en la parte superior delantera.<\/span><\/div>\n<\/div>\n<\/div>\n<\/div>\n<\/div>\n<div class=\"vtex-flex-layout-0-x-flexColChild vtex-flex-layout-0-x-flexColChild--details-product pb0\">Color: Blanco.<\/div>\n<div class=\"vtex-flex-layout-0-x-flexColChild vtex-flex-layout-0-x-flexColChild--details-product pb0\"><span class=\"vtex-product-identifier-0-x-product-identifier vtex-product-identifier-0-x-product-identifier--productReference c-muted-1\"><span class=\"vtex-product-identifier-0-x-product-identifier__label\"><span>Modelo <\/span><\/span><span class=\"vtex-product-identifier-0-x-product-identifier__separator\"><span>:\u00a0<\/span><\/span><span class=\"vtex-product-identifier-0-x-product-identifier__value\"><span>U12TW00090_222_1194879<\/span><\/span><\/span><\/div>\n","protected":false},"excerpt":{"rendered":"<p>T\u00c9RMICA LIGHT FIT Camiseta t\u00e9rmica para mujer confeccionada con malla ligera de poliamida y elastano, con hilo tecnol\u00f3gico que contiene<\/p>\n","protected":false},"featured_media":67251,"comment_status":"open","ping_status":"closed","template":"","meta":{"nf_dc_page":""},"product_brand":[],"product_cat":[73],"product_tag":[],"class_list":{"0":"post-67250","1":"product","2":"type-product","3":"status-publish","4":"has-post-thumbnail","6":"product_cat-femenino","8":"first","9":"instock","10":"shipping-taxable","11":"purchasable","12":"product-type-simple"},"_links":{"self":[{"href":"https:\/\/brandss.com.py\/index\/wp-json\/wp\/v2\/product\/67250","targetHints":{"allow":["GET"]}}],"collection":[{"href":"https:\/\/brandss.com.py\/index\/wp-json\/wp\/v2\/product"}],"about":[{"href":"https:\/\/brandss.com.py\/index\/wp-json\/wp\/v2\/types\/product"}],"replies":[{"embeddable":true,"href":"https:\/\/brandss.com.py\/index\/wp-json\/wp\/v2\/comments?post=67250"}],"version-history":[{"count":1,"href":"https:\/\/brandss.com.py\/index\/wp-json\/wp\/v2\/product\/67250\/revisions"}],"predecessor-version":[{"id":67257,"href":"https:\/\/brandss.com.py\/index\/wp-json\/wp\/v2\/product\/67250\/revisions\/67257"}],"wp:featuredmedia":[{"embeddable":true,"href":"https:\/\/brandss.com.py\/index\/wp-json\/wp\/v2\/media\/67251"}],"wp:attachment":[{"href":"https:\/\/brandss.com.py\/index\/wp-json\/wp\/v2\/media?parent=67250"}],"wp:term":[{"taxonomy":"product_brand","embeddable":true,"href":"https:\/\/brandss.com.py\/index\/wp-json\/wp\/v2\/product_brand?post=67250"},{"taxonomy":"product_cat","embeddable":true,"href":"https:\/\/brandss.com.py\/index\/wp-json\/wp\/v2\/product_cat?post=67250"},{"taxonomy":"product_tag","embeddable":true,"href":"https:\/\/brandss.com.py\/index\/wp-json\/wp\/v2\/product_tag?post=67250"}],"curies":[{"name":"wp","href":"https:\/\/api.w.org\/{rel}","templated":true}]}}