{"id":67342,"date":"2025-01-24T13:03:15","date_gmt":"2025-01-24T13:03:15","guid":{"rendered":"https:\/\/brandss.com.py\/index\/?post_type=product&#038;p=67342"},"modified":"2025-12-11T14:05:16","modified_gmt":"2025-12-11T14:05:16","slug":"perfume-femenino-grandeur-elite-rose-explosion-edp-100ml","status":"publish","type":"product","link":"https:\/\/brandss.com.py\/index\/producto\/perfume-femenino-grandeur-elite-rose-explosion-edp-100ml\/","title":{"rendered":"PERFUME FEMENINO GRANDEUR ELITE ROSE EXPLOSION EDP 100ML"},"content":{"rendered":"<p><img loading=\"lazy\" decoding=\"async\" class=\"\" src=\"https:\/\/perfumescorp.com\/cdn\/shop\/collections\/grandeur-Logo-Brand.webp?v=1698005233&amp;width=750\" alt=\"Grandeur Perfumes - Unveiling Sensual and Unique Fragrances \u2013 Perfumes Corp\" width=\"107\" height=\"57\" \/><\/p>\n<h1>ROSE EXPLOSION<\/h1>\n<p class=\"QN2lPu\"><span>La seducci\u00f3n es un juego: una fragancia irresistible es tu mano ganadora. <\/span><span>ROSE EXPLOSION es una fragancia alegre, chispeante y que eleva el estado de \u00e1nimo. <\/span><span>Eau de Parfum Rose Explosion te envolver\u00e1 en una explosi\u00f3n sensual de notas amaderadas cada vez que quieras brillar. <\/span><span>Menos es siempre m\u00e1s, ya sea en joyer\u00eda o perfumes. Uno de nuestros mejores EDP, frascos especialmente dise\u00f1ados para un regalo perfecto para tu ser querido.<img loading=\"lazy\" decoding=\"async\" class=\"size-medium wp-image-67343 alignleft\" src=\"https:\/\/brandss.com.py\/index\/wp-content\/uploads\/2025\/01\/A-1508-400x283.png\" alt=\"\" width=\"400\" height=\"283\" srcset=\"https:\/\/brandss.com.py\/index\/wp-content\/uploads\/2025\/01\/A-1508-400x283.png 400w, https:\/\/brandss.com.py\/index\/wp-content\/uploads\/2025\/01\/A-1508-430x305.png 430w, https:\/\/brandss.com.py\/index\/wp-content\/uploads\/2025\/01\/A-1508-150x106.png 150w, https:\/\/brandss.com.py\/index\/wp-content\/uploads\/2025\/01\/A-1508.png 600w\" sizes=\"auto, (max-width: 400px) 100vw, 400px\" \/><\/span><\/p>\n<p><span>El perfume Grandeur Elite Rose Explosion es una fragancia de la familia olfativa floral frutal para mujeres.<\/span><\/p>\n<ul>\n<li><strong><span>Nota de salida:<\/span><\/strong><span> Mora.\n<p><\/span><\/li>\n<li><strong><span>Nota de coraz\u00f3n:<\/span><\/strong><span> Peonia.\n<p><\/span><\/li>\n<li><strong><span>Nota de fondo:<\/span><\/strong><span> vainilla de Madagascar, pachul\u00ed.<\/span><\/li>\n<\/ul>\n","protected":false},"excerpt":{"rendered":"<p>ROSE EXPLOSION La seducci\u00f3n es un juego: una fragancia irresistible es tu mano ganadora. ROSE EXPLOSION es una fragancia alegre,<\/p>\n","protected":false},"featured_media":67344,"comment_status":"open","ping_status":"closed","template":"","meta":{"nf_dc_page":""},"product_brand":[113],"product_cat":[84],"product_tag":[1896],"class_list":{"0":"post-67342","1":"product","2":"type-product","3":"status-publish","4":"has-post-thumbnail","6":"product_brand-grandeur","7":"product_cat-perfumeria","8":"product_tag-1896","10":"first","11":"instock","12":"shipping-taxable","13":"purchasable","14":"product-type-simple"},"_links":{"self":[{"href":"https:\/\/brandss.com.py\/index\/wp-json\/wp\/v2\/product\/67342","targetHints":{"allow":["GET"]}}],"collection":[{"href":"https:\/\/brandss.com.py\/index\/wp-json\/wp\/v2\/product"}],"about":[{"href":"https:\/\/brandss.com.py\/index\/wp-json\/wp\/v2\/types\/product"}],"replies":[{"embeddable":true,"href":"https:\/\/brandss.com.py\/index\/wp-json\/wp\/v2\/comments?post=67342"}],"version-history":[{"count":1,"href":"https:\/\/brandss.com.py\/index\/wp-json\/wp\/v2\/product\/67342\/revisions"}],"predecessor-version":[{"id":67348,"href":"https:\/\/brandss.com.py\/index\/wp-json\/wp\/v2\/product\/67342\/revisions\/67348"}],"wp:featuredmedia":[{"embeddable":true,"href":"https:\/\/brandss.com.py\/index\/wp-json\/wp\/v2\/media\/67344"}],"wp:attachment":[{"href":"https:\/\/brandss.com.py\/index\/wp-json\/wp\/v2\/media?parent=67342"}],"wp:term":[{"taxonomy":"product_brand","embeddable":true,"href":"https:\/\/brandss.com.py\/index\/wp-json\/wp\/v2\/product_brand?post=67342"},{"taxonomy":"product_cat","embeddable":true,"href":"https:\/\/brandss.com.py\/index\/wp-json\/wp\/v2\/product_cat?post=67342"},{"taxonomy":"product_tag","embeddable":true,"href":"https:\/\/brandss.com.py\/index\/wp-json\/wp\/v2\/product_tag?post=67342"}],"curies":[{"name":"wp","href":"https:\/\/api.w.org\/{rel}","templated":true}]}}