{"id":67534,"date":"2025-01-25T12:03:09","date_gmt":"2025-01-25T12:03:09","guid":{"rendered":"https:\/\/brandss.com.py\/index\/?post_type=product&#038;p=67534"},"modified":"2025-01-25T13:04:49","modified_gmt":"2025-01-25T13:04:49","slug":"caserola-dsp-4-4l-purple","status":"publish","type":"product","link":"https:\/\/brandss.com.py\/index\/producto\/caserola-dsp-4-4l-purple\/","title":{"rendered":"CACEROLA DSP 4.4L PURPLE"},"content":{"rendered":"<p><img loading=\"lazy\" decoding=\"async\" class=\"\" src=\"https:\/\/encrypted-tbn0.gstatic.com\/images?q=tbn:ANd9GcTorcnxcoamfDSrgnvIycaEOfg3tfqBetVpzaYlX3N86kNK4oP8pHtD6AcPlxlz2otISsU&amp;usqp=CAU\" width=\"145\" height=\"74\" \/><\/p>\n<h1>CA005-B24-627<\/h1>\n<div class=\"flex max-w-full flex-col flex-grow\">\n<div class=\"min-h-8 text-message flex w-full flex-col items-end gap-2 whitespace-normal break-words text-start [.text-message+&amp;]:mt-5\" dir=\"auto\" data-message-author-role=\"assistant\" data-message-id=\"324720a3-0392-4e31-a684-a8dd8e3b6fed\" data-message-model-slug=\"gpt-4o\">\n<div class=\"flex w-full flex-col gap-1 empty:hidden first:pt-[3px]\">\n<div class=\"markdown prose w-full break-words dark:prose-invert light\">\n<p>La cacerola DSP CA005-B24-627 es la elecci\u00f3n perfecta para quienes buscan calidad, estilo y practicidad en un solo utensilio de cocina. Con una capacidad de 4,4 litros, esta cacerola es ideal para preparar una gran variedad de platillos, desde guisos hasta sopas, brindando siempre resultados excepcionales. Dise\u00f1ada con un moderno color p\u00farpura, aporta un toque de sofisticaci\u00f3n que realza la est\u00e9tica de cualquier cocina.<\/p>\n<p>Fabricada en aluminio de alta calidad, esta cacerola est\u00e1 equipada con un revestimiento antiadherente que no solo asegura una cocci\u00f3n uniforme, sino que tambi\u00e9n facilita la limpieza. Su dise\u00f1o resistente y duradero garantiza un rendimiento confiable en el tiempo, convirti\u00e9ndola en un aliado indispensable para el d\u00eda a d\u00eda.<\/p>\n<h3><strong>Caracter\u00edsticas destacadas:<\/strong><\/h3>\n<ul>\n<li><strong>Marca:<\/strong> DSP<\/li>\n<li><strong>Modelo:<\/strong> CA005-B24-627<\/li>\n<li><strong>Capacidad:<\/strong> 4,4 litros, perfecta para cocinar porciones familiares o platillos elaborados.<\/li>\n<li><strong>Di\u00e1metro:<\/strong> 24 cm, proporcionando suficiente espacio para cocinar c\u00f3modamente.<\/li>\n<li><strong>Material:<\/strong> Aluminio de alta calidad con un revestimiento antiadherente tipo piedra que evita que los alimentos se peguen y facilita la limpieza.<\/li>\n<li><strong>Tapa:<\/strong> Vidrio templado con salida de vapor integrada, permitiendo una f\u00e1cil supervisi\u00f3n de los alimentos durante la cocci\u00f3n sin necesidad de levantar la tapa.<\/li>\n<li><strong>Asas:<\/strong> Fabricadas con materiales resistentes al calor, ofreciendo un agarre seguro y c\u00f3modo al manejar la cacerola.<\/li>\n<li><strong>Dise\u00f1o:<\/strong> Color p\u00farpura vibrante que a\u00f1ade un toque elegante y moderno a tu cocina.<\/li>\n<li><strong>Compatibilidad:<\/strong> Compatible con todo tipo de cocinas, incluidas las de gas, el\u00e9ctricas, vitrocer\u00e1micas e inducci\u00f3n.<\/li>\n<\/ul>\n<h3><strong>Beneficios y ventajas:<\/strong><\/h3>\n<h3><strong>Cocci\u00f3n uniforme:<\/strong> Gracias a su construcci\u00f3n en aluminio y revestimiento antiadherente, el calor se distribuye de manera uniforme, asegurando que los alimentos se cocinen perfectamente en todo momento.<\/h3>\n<\/div>\n<\/div>\n<\/div>\n<\/div>\n<div class=\"mb-2 flex gap-3 empty:hidden -ml-2\">\n<div class=\"items-center justify-start rounded-xl p-1 flex\"><\/div>\n<\/div>\n","protected":false},"excerpt":{"rendered":"<p>CA005-B24-627 La cacerola DSP CA005-B24-627 es la elecci\u00f3n perfecta para quienes buscan calidad, estilo y practicidad en un solo utensilio<\/p>\n","protected":false},"featured_media":67540,"comment_status":"open","ping_status":"closed","template":"","meta":{"nf_dc_page":""},"product_brand":[],"product_cat":[83],"product_tag":[],"class_list":{"0":"post-67534","1":"product","2":"type-product","3":"status-publish","4":"has-post-thumbnail","6":"product_cat-hogar","8":"first","9":"instock","10":"shipping-taxable","11":"purchasable","12":"product-type-simple"},"_links":{"self":[{"href":"https:\/\/brandss.com.py\/index\/wp-json\/wp\/v2\/product\/67534","targetHints":{"allow":["GET"]}}],"collection":[{"href":"https:\/\/brandss.com.py\/index\/wp-json\/wp\/v2\/product"}],"about":[{"href":"https:\/\/brandss.com.py\/index\/wp-json\/wp\/v2\/types\/product"}],"replies":[{"embeddable":true,"href":"https:\/\/brandss.com.py\/index\/wp-json\/wp\/v2\/comments?post=67534"}],"version-history":[{"count":2,"href":"https:\/\/brandss.com.py\/index\/wp-json\/wp\/v2\/product\/67534\/revisions"}],"predecessor-version":[{"id":67568,"href":"https:\/\/brandss.com.py\/index\/wp-json\/wp\/v2\/product\/67534\/revisions\/67568"}],"wp:featuredmedia":[{"embeddable":true,"href":"https:\/\/brandss.com.py\/index\/wp-json\/wp\/v2\/media\/67540"}],"wp:attachment":[{"href":"https:\/\/brandss.com.py\/index\/wp-json\/wp\/v2\/media?parent=67534"}],"wp:term":[{"taxonomy":"product_brand","embeddable":true,"href":"https:\/\/brandss.com.py\/index\/wp-json\/wp\/v2\/product_brand?post=67534"},{"taxonomy":"product_cat","embeddable":true,"href":"https:\/\/brandss.com.py\/index\/wp-json\/wp\/v2\/product_cat?post=67534"},{"taxonomy":"product_tag","embeddable":true,"href":"https:\/\/brandss.com.py\/index\/wp-json\/wp\/v2\/product_tag?post=67534"}],"curies":[{"name":"wp","href":"https:\/\/api.w.org\/{rel}","templated":true}]}}