{"id":67577,"date":"2025-01-25T13:22:05","date_gmt":"2025-01-25T13:22:05","guid":{"rendered":"https:\/\/brandss.com.py\/index\/?post_type=product&#038;p=67577"},"modified":"2025-11-28T11:58:39","modified_gmt":"2025-11-28T11:58:39","slug":"perfume-femenino-lattafa-pride-tharwah-gold-edp-100ml","status":"publish","type":"product","link":"https:\/\/brandss.com.py\/index\/producto\/perfume-femenino-lattafa-pride-tharwah-gold-edp-100ml\/","title":{"rendered":"PERFUME FEMENINO LATTAFA PRIDE THARWAH GOLD EDP 100ML"},"content":{"rendered":"<p><img loading=\"lazy\" decoding=\"async\" class=\"\" src=\"https:\/\/seeklogo.com\/images\/L\/lattafa-logo-BF4C5EB5A4-seeklogo.com.png\" alt=\"Lattafa Logo PNG Vector (AI) Free Download\" width=\"72\" height=\"95\" \/><\/p>\n<h1>THARWAH GOLD<\/h1>\n<p>Revela una cautivadora fusi\u00f3n de oud, \u00e1mbar y especias, que irradia un aura de riqueza y encanto. Un dulce juego floral con la contraparte original. Para los amantes de la vainilla y el jazm\u00edn. Una fragancia con una dulzura duradera. \u00bfAlguna vez te despiertas sinti\u00e9ndote tan lleno de vida?<\/p>\n<p><strong>Esencia Opulenta<img loading=\"lazy\" decoding=\"async\" class=\"alignleft\" src=\"https:\/\/marabika.lt\/10544-large_default\/lattafa-pride-tharwah-gold-100ml.jpg\" width=\"664\" height=\"664\" \/><\/strong><\/p>\n<p>Esta fragancia es como ese momento lleno de vida. Con su composici\u00f3n lujosa y cautivadora, esta fragancia encarna la esencia de la opulencia, lo que la convierte en la elecci\u00f3n perfecta para las personas que aprecian las fragancias que son a la vez lujosas y cautivadoras.<\/p>\n<h5 class=\"#accordion-with-images-thumbnail-heading\">Presentaci\u00f3n elegante<\/h5>\n<div class=\"#accordion-with-images-thumbnail-text\">\n<div class=\"#rte-block\">\n<p><span class=\"metafield-multi_line_text_field\">Presentado en una elegante y estilizada botella adornada con el dise\u00f1o exclusivo de Lattafa, Tharwah Gold Eau de Parfum agrega un toque de sofisticaci\u00f3n a su colecci\u00f3n de fragancias, exudando un encanto natural.<\/span><\/p>\n<\/div>\n<\/div>\n<h3><\/h3>\n<h3>Notas Olfativas<\/h3>\n<p>El perfume se desarrolla con una mezcla armoniosa de notas altas que combinan la frescura de los c\u00edtricos y un toque de lavanda arom\u00e1tica. Esta explosi\u00f3n inicial de energ\u00eda cautiva los sentidos, capta instant\u00e1neamente la atenci\u00f3n y prepara el escenario para un viaje olfativo inolvidable. A medida que la fragancia se asienta, las notas de coraz\u00f3n revelan un encantador ramo floral que encarna la gracia y la feminidad. Delicadas flores se entrelazan para crear una sinfon\u00eda de aromas que evoca una sensaci\u00f3n de romance y glamour. Esta hermosa mezcla se ve realzada a\u00fan m\u00e1s por un sutil toque de dulzura que agrega profundidad y complejidad a la composici\u00f3n. Los ricos y lujosos acordes base consisten en tonos c\u00e1lidos y terrosos que brindan una base fuerte que permanece en la piel, dejando un rastro de seducci\u00f3n.<\/p>\n<p><strong>Notas de salida:<\/strong>\u00a0lavanda, bergamota.<\/p>\n<p><strong>Notas de coraz\u00f3n:<\/strong>\u00a0jazm\u00edn, flor de naranjo.<\/p>\n<p><strong>Notas de fondo:<\/strong>\u00a0vainilla, \u00e1mbar, vetiver.<\/p>\n","protected":false},"excerpt":{"rendered":"<p>THARWAH GOLD Revela una cautivadora fusi\u00f3n de oud, \u00e1mbar y especias, que irradia un aura de riqueza y encanto. Un<\/p>\n","protected":false},"featured_media":67579,"comment_status":"open","ping_status":"closed","template":"","meta":{"nf_dc_page":""},"product_brand":[109],"product_cat":[84],"product_tag":[691],"class_list":{"0":"post-67577","1":"product","2":"type-product","3":"status-publish","4":"has-post-thumbnail","6":"product_brand-lattafa","7":"product_cat-perfumeria","8":"product_tag-691","10":"first","11":"outofstock","12":"sale","13":"shipping-taxable","14":"purchasable","15":"product-type-simple"},"_links":{"self":[{"href":"https:\/\/brandss.com.py\/index\/wp-json\/wp\/v2\/product\/67577","targetHints":{"allow":["GET"]}}],"collection":[{"href":"https:\/\/brandss.com.py\/index\/wp-json\/wp\/v2\/product"}],"about":[{"href":"https:\/\/brandss.com.py\/index\/wp-json\/wp\/v2\/types\/product"}],"replies":[{"embeddable":true,"href":"https:\/\/brandss.com.py\/index\/wp-json\/wp\/v2\/comments?post=67577"}],"version-history":[{"count":2,"href":"https:\/\/brandss.com.py\/index\/wp-json\/wp\/v2\/product\/67577\/revisions"}],"predecessor-version":[{"id":75430,"href":"https:\/\/brandss.com.py\/index\/wp-json\/wp\/v2\/product\/67577\/revisions\/75430"}],"wp:featuredmedia":[{"embeddable":true,"href":"https:\/\/brandss.com.py\/index\/wp-json\/wp\/v2\/media\/67579"}],"wp:attachment":[{"href":"https:\/\/brandss.com.py\/index\/wp-json\/wp\/v2\/media?parent=67577"}],"wp:term":[{"taxonomy":"product_brand","embeddable":true,"href":"https:\/\/brandss.com.py\/index\/wp-json\/wp\/v2\/product_brand?post=67577"},{"taxonomy":"product_cat","embeddable":true,"href":"https:\/\/brandss.com.py\/index\/wp-json\/wp\/v2\/product_cat?post=67577"},{"taxonomy":"product_tag","embeddable":true,"href":"https:\/\/brandss.com.py\/index\/wp-json\/wp\/v2\/product_tag?post=67577"}],"curies":[{"name":"wp","href":"https:\/\/api.w.org\/{rel}","templated":true}]}}