{"id":67946,"date":"2025-01-27T17:06:43","date_gmt":"2025-01-27T17:06:43","guid":{"rendered":"https:\/\/brandss.com.py\/index\/?post_type=product&#038;p=67946"},"modified":"2025-01-27T17:07:29","modified_gmt":"2025-01-27T17:07:29","slug":"legging-deportivo-femenino-adidas-own-the-run-3-stripes-fast","status":"publish","type":"product","link":"https:\/\/brandss.com.py\/index\/producto\/legging-deportivo-femenino-adidas-own-the-run-3-stripes-fast\/","title":{"rendered":"LEGGING DEPORTIVO FEMENINO ADIDAS OWN THE RUN 3 STRIPES FAST"},"content":{"rendered":"<p><img loading=\"lazy\" decoding=\"async\" class=\"\" src=\"https:\/\/encrypted-tbn0.gstatic.com\/images?q=tbn:ANd9GcSGLJC-hmcfN9t5pvZRmFrTBktTfr4lpdWKTA&amp;s\" alt=\"Archivo:Adidas Logo.svg - Wikipedia, la enciclopedia libre\" width=\"137\" height=\"92\" \/><\/p>\n<h1>OWN THE RUN 3 STRIPES FAST<\/h1>\n<h3 class=\"subtitle___9ljbp\"><span>Mallas para correr que te ayudan a mantenerte seco.<\/span><\/h3>\n<p class=\"gl-vspace\"><span>M\u00e1s r\u00e1pido que ayer. M\u00e1s r\u00e1pido que la semana pasada. Cada d\u00eda que te atas las zapatillas y sales a correr es una oportunidad para ser un poco mejor. Estas mallas de running de adidas te ayudan a evolucionar en el running. Su tejido ligero y transpirable te mantiene seco, seguro y preparado para el desaf\u00edo. Guarda el tel\u00e9fono y las llaves en el bolsillo con cremallera que protege contra el sudor y sal a correr.<\/span><\/p>\n<h3 class=\"highlight-text__headline___25B2G\"><span>Ajuste ce\u00f1ido al cuerpo<\/span><\/h3>\n<p><span>El ajuste ce\u00f1ido proporciona una sensaci\u00f3n de seguridad y apoyo<\/span><\/p>\n<h3 class=\"highlight-text__headline___25B2G\"><span>Corre al amanecer, corre al anochecer<\/span><\/h3>\n<p><span>La reflectividad integral brilla en condiciones de poca luz.<\/span><\/p>\n<h3 class=\"highlight-text__headline___25B2G\"><span>Hecho para clima c\u00e1lido<\/span><\/h3>\n<p><span>AEROREADY te ayuda a mantenerte seco.<\/span><\/p>\n<h3 class=\"highlight-text__headline___25B2G\"><span>Guarda tus objetos esenciales<\/span><\/h3>\n<p><span>Un bolsillo protector contra el sudor ayuda a mantener secos los art\u00edculos clave.<\/span><\/p>\n<div class=\"accordion__header-text___2o9Im\">\n<h2 class=\"accordion-title___2sTgR\">Caracter\u00edsticas<\/h2>\n<\/div>\n<div class=\"accordion__header-icon___2FuRa\"><\/div>\n<div class=\"accordion__content___29x9h\">\n<div class=\"content-padding___2kVWQ\">\n<div class=\"features-section___1pumR\">\n<div class=\"item___1X-1_\"><img decoding=\"async\" class=\"img_with_fallback___2aHBu feature-icon___3S9eQ\" src=\"https:\/\/brand.assets.adidas.com\/image\/upload\/waist_medium_3701a54e14.png\" alt=\"\" data-auto-id=\"image\" \/><\/p>\n<p class=\"feature-icon-text___3Owgv\">Tiro medio<\/p>\n<\/div>\n<div class=\"item___1X-1_\"><img decoding=\"async\" class=\"img_with_fallback___2aHBu feature-icon___3S9eQ\" src=\"https:\/\/brand.assets.adidas.com\/image\/upload\/lenght_full_2f07c9661d.png\" alt=\"\" data-auto-id=\"image\" \/><\/p>\n<p class=\"feature-icon-text___3Owgv\">Largo completo<\/p>\n<\/div>\n<div class=\"item___1X-1_\"><img decoding=\"async\" class=\"img_with_fallback___2aHBu feature-icon___3S9eQ\" src=\"https:\/\/brand.assets.adidas.com\/image\/upload\/activity_running_167ce1b92c.png\" alt=\"\" data-auto-id=\"image\" \/><\/p>\n<p class=\"feature-icon-text___3Owgv\">Running<\/p>\n<\/div>\n<div class=\"item___1X-1_\"><img decoding=\"async\" class=\"img_with_fallback___2aHBu feature-icon___3S9eQ\" src=\"https:\/\/brand.assets.adidas.com\/image\/upload\/tech_aeroready_c05f642f69.png\" alt=\"\" data-auto-id=\"image\" \/><\/p>\n<p class=\"feature-icon-text___3Owgv\">AEROREADY<\/p>\n<p class=\"feature-icon-summary-small___31Rc0\">controla la humedad<\/p>\n<div class=\"accordion__header-text___2o9Im\">\n<h2 class=\"accordion-title___2sTgR\">Cuidados<\/h2>\n<\/div>\n<div class=\"accordion__header-icon___2FuRa\"><\/div>\n<div class=\"accordion__content___29x9h\">\n<div class=\"content-padding___2kVWQ\">\n<div class=\"care___2GwB4\" data-auto-id=\"pdp-content-care\">\n<div class=\"care-instructions___3scEd\">\n<h4 class=\"care-title___2YJe1 gl-no-margin-bottom\">Instrucciones de lavado<\/h4>\n<ul class=\"\">\n<li class=\"gl-vspace-bpall-small\"><img loading=\"lazy\" decoding=\"async\" src=\"https:\/\/www.adidas.com.ar\/glass\/react\/fa5b361\/assets\/img\/washing-instructions\/B1.svg\" alt=\"\" width=\"24\" height=\"24\" \/>No usar blanqueador<\/li>\n<li class=\"gl-vspace-bpall-small\"><img loading=\"lazy\" decoding=\"async\" src=\"https:\/\/www.adidas.com.ar\/glass\/react\/fa5b361\/assets\/img\/washing-instructions\/C1.svg\" alt=\"\" width=\"24\" height=\"24\" \/>No utillizar secadora<\/li>\n<li class=\"gl-vspace-bpall-small\"><img loading=\"lazy\" decoding=\"async\" src=\"https:\/\/www.adidas.com.ar\/glass\/react\/fa5b361\/assets\/img\/washing-instructions\/E1.svg\" alt=\"\" width=\"24\" height=\"24\" \/>No lavar en seco.<\/li>\n<li class=\"gl-vspace-bpall-small\"><img loading=\"lazy\" decoding=\"async\" src=\"https:\/\/www.adidas.com.ar\/glass\/react\/fa5b361\/assets\/img\/washing-instructions\/D2.svg\" alt=\"\" width=\"24\" height=\"24\" \/>Planchar a temperatura baja.<\/li>\n<li class=\"gl-vspace-bpall-small\"><img loading=\"lazy\" decoding=\"async\" src=\"https:\/\/www.adidas.com.ar\/glass\/react\/fa5b361\/assets\/img\/washing-instructions\/A4.svg\" alt=\"\" width=\"24\" height=\"24\" \/>Lavar a m\u00e1quina en temperatura fr\u00eda y en ciclo delicado.<\/li>\n<\/ul>\n<\/div>\n<div class=\"extra-instructions___2TR8b\">\n<h4 class=\"care-title___2YJe1 gl-no-margin-bottom\">Informaci\u00f3n adicional sobre el cuidado<\/h4>\n<ul class=\"gl-list gl-vspace-bpall-small\">\n<li class=\"gl-vspace-bpall-small\">No usar suavizante<\/li>\n<li class=\"gl-vspace-bpall-small\">Usar \u00fanicamente detergente suave<\/li>\n<li class=\"gl-vspace-bpall-small\">No planchar estampado<\/li>\n<li class=\"gl-vspace-bpall-small\">Lavar colores oscuros por separado<\/li>\n<li class=\"gl-vspace-bpall-small\">Lavar con cierres ajustados<\/li>\n<\/ul>\n<div class=\"accordion__header-text___2o9Im\">\n<h2 class=\"accordion-title___2sTgR\">Detalles<\/h2>\n<\/div>\n<div class=\"accordion__header-icon___2FuRa\"><\/div>\n<div class=\"accordion__content___29x9h\">\n<div class=\"content-padding___2kVWQ\">\n<div class=\"bullets___3bsSs\" data-auto-id=\"specifications-section\">\n<ul class=\"gl-list\">\n<li class=\"gl-vspace-bpall-small\">Corte ajustado<\/li>\n<li class=\"gl-vspace-bpall-small\">Tiro con cord\u00f3n de ajuste<\/li>\n<li class=\"gl-vspace-bpall-small\">Tejido de punto doble 55% poli\u00e9ster reciclado, 28% poli\u00e9ster, 17% elastano<\/li>\n<li class=\"gl-vspace-bpall-small\">Tecnolog\u00eda de absorci\u00f3n de humedad AEROREADY<\/li>\n<li class=\"gl-vspace-bpall-small\">Calzas largas para correr<\/li>\n<li class=\"gl-vspace-bpall-small\">Bolsillo con cierre a prueba de sudor<\/li>\n<li class=\"gl-vspace-bpall-small\">Detalles reflectantes<\/li>\n<li class=\"gl-vspace-bpall-small\">Estas calzas est\u00e1n confeccionadas con poli\u00e9ster reciclado para ahorrar recursos y disminuir emisiones<\/li>\n<li class=\"gl-vspace-bpall-small\">Color: Black<\/li>\n<li class=\"gl-vspace-bpall-small\">Modelo: FP7539<\/li>\n<\/ul>\n<\/div>\n<\/div>\n<\/div>\n<\/div>\n<\/div>\n<\/div>\n<\/div>\n<\/div>\n<\/div>\n<\/div>\n<\/div>\n","protected":false},"excerpt":{"rendered":"<p>OWN THE RUN 3 STRIPES FAST Mallas para correr que te ayudan a mantenerte seco. M\u00e1s r\u00e1pido que ayer. M\u00e1s<\/p>\n","protected":false},"featured_media":67954,"comment_status":"open","ping_status":"closed","template":"","meta":{"nf_dc_page":""},"product_brand":[],"product_cat":[73],"product_tag":[],"class_list":{"0":"post-67946","1":"product","2":"type-product","3":"status-publish","4":"has-post-thumbnail","6":"product_cat-femenino","8":"first","9":"instock","10":"shipping-taxable","11":"purchasable","12":"product-type-simple"},"_links":{"self":[{"href":"https:\/\/brandss.com.py\/index\/wp-json\/wp\/v2\/product\/67946","targetHints":{"allow":["GET"]}}],"collection":[{"href":"https:\/\/brandss.com.py\/index\/wp-json\/wp\/v2\/product"}],"about":[{"href":"https:\/\/brandss.com.py\/index\/wp-json\/wp\/v2\/types\/product"}],"replies":[{"embeddable":true,"href":"https:\/\/brandss.com.py\/index\/wp-json\/wp\/v2\/comments?post=67946"}],"version-history":[{"count":1,"href":"https:\/\/brandss.com.py\/index\/wp-json\/wp\/v2\/product\/67946\/revisions"}],"predecessor-version":[{"id":67967,"href":"https:\/\/brandss.com.py\/index\/wp-json\/wp\/v2\/product\/67946\/revisions\/67967"}],"wp:featuredmedia":[{"embeddable":true,"href":"https:\/\/brandss.com.py\/index\/wp-json\/wp\/v2\/media\/67954"}],"wp:attachment":[{"href":"https:\/\/brandss.com.py\/index\/wp-json\/wp\/v2\/media?parent=67946"}],"wp:term":[{"taxonomy":"product_brand","embeddable":true,"href":"https:\/\/brandss.com.py\/index\/wp-json\/wp\/v2\/product_brand?post=67946"},{"taxonomy":"product_cat","embeddable":true,"href":"https:\/\/brandss.com.py\/index\/wp-json\/wp\/v2\/product_cat?post=67946"},{"taxonomy":"product_tag","embeddable":true,"href":"https:\/\/brandss.com.py\/index\/wp-json\/wp\/v2\/product_tag?post=67946"}],"curies":[{"name":"wp","href":"https:\/\/api.w.org\/{rel}","templated":true}]}}