{"id":68152,"date":"2025-01-28T18:02:57","date_gmt":"2025-01-28T18:02:57","guid":{"rendered":"https:\/\/brandss.com.py\/index\/?post_type=product&#038;p=68152"},"modified":"2025-09-24T18:48:18","modified_gmt":"2025-09-24T18:48:18","slug":"mascara-de-pestanas-maybelline-volumen-express-colossal-big-shot-washable-224-very-black","status":"publish","type":"product","link":"https:\/\/brandss.com.py\/index\/producto\/mascara-de-pestanas-maybelline-volumen-express-colossal-big-shot-washable-224-very-black\/","title":{"rendered":"M\u00c1SCARA DE PESTA\u00d1AS MAYBELLINE VOLUMEN EXPRESS COLOSSAL BIG SHOT WASHABLE 224 VERY BLACK"},"content":{"rendered":"<p><img loading=\"lazy\" decoding=\"async\" class=\"\" src=\"https:\/\/upload.wikimedia.org\/wikipedia\/commons\/thumb\/a\/a3\/Maybelline-Logo.svg\/2560px-Maybelline-Logo.svg.png\" alt=\"File:Maybelline-Logo.svg - Wikipedia\" width=\"118\" height=\"26\" \/><\/p>\n<h2>VOLUMEN EXPRESS COLOSSAL BIG SHOT WASHABLE 224 VERY BLACK<\/h2>\n<p>Nuestra mascara volumizadora Volum&#8217; Express\u00ae The Colossal Big Shot\u2122 para lograr unas pesta\u00f1as llamativas en una sola pasada.<\/p>\n<p>Consiga unas pesta\u00f1as audaces y voluminosas con\u00a0<strong>Maybelline The Colossal Big Shot Mascara<\/strong>. Una sola capa proporciona un volumen XL con sus exclusivas cerdas onduladas y su f\u00f3rmula con infusi\u00f3n de col\u00e1geno.<\/p>\n<p><strong>Maybelline La Colossal Big Shot Mascara<\/strong>\u00a0es su aliado para unas pesta\u00f1as dram\u00e1ticas y audaces con el m\u00ednimo esfuerzo. El innovador dise\u00f1o de su cepillo y su f\u00f3rmula con infusi\u00f3n de col\u00e1geno act\u00faan conjuntamente para crear un potente volumen,\u00a0<strong>haciendo que sus pesta\u00f1as destaquen con una sola pasada<\/strong>. Perfecta para cualquiera que busque elevar el nivel de sus pesta\u00f1as, esta mascara\u00a0<strong>ofrece resultados asombrosos a la vez que es suave con los ojos<\/strong>.<\/p>\n<blockquote><p>A lo grande, a lo grande: \u00a1desate unas pesta\u00f1as poderosas!<img loading=\"lazy\" decoding=\"async\" class=\"alignleft\" src=\"https:\/\/static.sweetcare.com\/img\/prd\/488\/v-638590541522714249\/maybelline-021743bl_01@2x.webp\" width=\"438\" height=\"438\" \/><\/p><\/blockquote>\n<p><strong>Beneficios clave:<\/strong><\/p>\n<ul>\n<li>Volumen XL instant\u00e1neo en una sola capa;<\/li>\n<li>Cerdas onduladas \u00fanicas para un efecto zigzag que maximiza la cobertura de las pesta\u00f1as;<\/li>\n<li>F\u00f3rmula enriquecida con col\u00e1geno para unas pesta\u00f1as m\u00e1s espesas y voluminosas;<\/li>\n<li>Probada por oftalm\u00f3logos y segura para las usuarias de lentes de contacto.<\/li>\n<\/ul>\n<p>&nbsp;<\/p>\n<div id=\"ac-tabitem-1738085629568_1\" class=\"accordion__trigger is-active\" data-qa=\"ac-show\">\n<h2 class=\"accordion-action--inner-text\">Beneficios<\/h2>\n<\/div>\n<div id=\"ac-panel-1738085629568_1\" class=\"accordion__content\" role=\"region\" aria-labelledby=\"ac-trigger-1738085629568_1\" aria-hidden=\"false\" data-qa=\"ac-panel\">\n<p>Libera la fuerza de tus pesta\u00f1as con Colossal Big Shot. 8 de cada 10 mujeres notaron un mayor volumen. El cepillo Big Shot tiene unas fibras onduladas \u00fanicas que mueven las pesta\u00f1as de lado a lado, a la vez que la f\u00f3rmula con col\u00e1geno aporta un volumen intenso. Probado oftalmol\u00f3gicamente. Apto para quienes usan lentes de contacto. Puede que el envase var\u00ede y el que recibas no sea el visualizado en el sitio.<\/p>\n<\/div>\n","protected":false},"excerpt":{"rendered":"<p>VOLUMEN EXPRESS COLOSSAL BIG SHOT WASHABLE 224 VERY BLACK Nuestra mascara volumizadora Volum&#8217; Express\u00ae The Colossal Big Shot\u2122 para lograr<\/p>\n","protected":false},"featured_media":68153,"comment_status":"open","ping_status":"closed","template":"","meta":{"nf_dc_page":""},"product_brand":[224],"product_cat":[95],"product_tag":[359],"class_list":{"0":"post-68152","1":"product","2":"type-product","3":"status-publish","4":"has-post-thumbnail","6":"product_brand-maybelline","7":"product_cat-maquillaje","8":"product_tag-359","10":"first","11":"instock","12":"shipping-taxable","13":"purchasable","14":"product-type-simple"},"_links":{"self":[{"href":"https:\/\/brandss.com.py\/index\/wp-json\/wp\/v2\/product\/68152","targetHints":{"allow":["GET"]}}],"collection":[{"href":"https:\/\/brandss.com.py\/index\/wp-json\/wp\/v2\/product"}],"about":[{"href":"https:\/\/brandss.com.py\/index\/wp-json\/wp\/v2\/types\/product"}],"replies":[{"embeddable":true,"href":"https:\/\/brandss.com.py\/index\/wp-json\/wp\/v2\/comments?post=68152"}],"version-history":[{"count":1,"href":"https:\/\/brandss.com.py\/index\/wp-json\/wp\/v2\/product\/68152\/revisions"}],"predecessor-version":[{"id":68162,"href":"https:\/\/brandss.com.py\/index\/wp-json\/wp\/v2\/product\/68152\/revisions\/68162"}],"wp:featuredmedia":[{"embeddable":true,"href":"https:\/\/brandss.com.py\/index\/wp-json\/wp\/v2\/media\/68153"}],"wp:attachment":[{"href":"https:\/\/brandss.com.py\/index\/wp-json\/wp\/v2\/media?parent=68152"}],"wp:term":[{"taxonomy":"product_brand","embeddable":true,"href":"https:\/\/brandss.com.py\/index\/wp-json\/wp\/v2\/product_brand?post=68152"},{"taxonomy":"product_cat","embeddable":true,"href":"https:\/\/brandss.com.py\/index\/wp-json\/wp\/v2\/product_cat?post=68152"},{"taxonomy":"product_tag","embeddable":true,"href":"https:\/\/brandss.com.py\/index\/wp-json\/wp\/v2\/product_tag?post=68152"}],"curies":[{"name":"wp","href":"https:\/\/api.w.org\/{rel}","templated":true}]}}