{"id":68192,"date":"2025-01-29T10:49:21","date_gmt":"2025-01-29T10:49:21","guid":{"rendered":"https:\/\/brandss.com.py\/index\/?post_type=product&#038;p=68192"},"modified":"2025-06-21T19:16:40","modified_gmt":"2025-06-21T19:16:40","slug":"balsamo-humectante-labial-maybelline-baby-lips-25-pink-punch","status":"publish","type":"product","link":"https:\/\/brandss.com.py\/index\/producto\/balsamo-humectante-labial-maybelline-baby-lips-25-pink-punch\/","title":{"rendered":"B\u00c1LSAMO HUMECTANTE LABIAL MAYBELLINE BABY LIPS 25 PINK PUNCH"},"content":{"rendered":"<p><img loading=\"lazy\" decoding=\"async\" class=\"\" src=\"https:\/\/upload.wikimedia.org\/wikipedia\/commons\/thumb\/a\/a3\/Maybelline-Logo.svg\/2560px-Maybelline-Logo.svg.png\" alt=\"File:Maybelline-Logo.svg - Wikipedia\" width=\"123\" height=\"27\" \/><\/p>\n<h1>BABY LIPS 25 PINK PUNCH<\/h1>\n<p>El b\u00e1lsamo humectante Baby Lips\u00ae humecta los labios durante ocho horas completas. Los labios se renuevan visiblemente despu\u00e9s de una semana. F\u00f3rmula exclusiva renovadora de labios que hidrata y protege los labios durante ocho horas completas. Despu\u00e9s de una semana, los labios est\u00e1n visiblemente renovados. Cuidado labial hidratante para labios suaves de beb\u00e9<\/p>\n<div id=\"ac-tabitem-1738147275855_1\" class=\"accordion__trigger is-active\" data-qa=\"ac-show\">\n<h2 class=\"accordion-action--inner-text\">Beneficios<img loading=\"lazy\" decoding=\"async\" class=\"alignleft\" src=\"https:\/\/www.maybelline.com\/-\/media\/project\/loreal\/brand-sites\/mny\/americas\/us\/lips-makeup\/lip-balm\/update-august-2024\/btf\/maybelline-baby-lips-thumbnail.jpg?rev=90c060d6be39432a966f1ab2834be357&amp;cx=0.43&amp;cy=0.48&amp;cw=1319&amp;ch=739&amp;hash=73A7F5F2E89A9238EA54882DCC7FB1B4\" width=\"681\" height=\"382\" \/><\/h2>\n<\/div>\n<div id=\"ac-panel-1738147275855_1\" class=\"accordion__content\" role=\"region\" aria-labelledby=\"ac-trigger-1738147275855_1\" aria-hidden=\"false\" data-qa=\"ac-panel\">\n<p>Es un cuidado cl\u00ednico para unos labios suaves como los de un beb\u00e9. Su f\u00f3rmula exclusiva hidrata y protege los labios durante ocho horas completas. Despu\u00e9s de una semana, los labios se ven visiblemente renovados.<br \/>\nEl 88 % not\u00f3 labios m\u00e1s suaves .<br \/>\nEl 83 % not\u00f3 labios con mejor aspecto.<br \/>\nEl 82 % not\u00f3 labios menos secos.<br \/>\nEl 70 % not\u00f3 labios m\u00e1s flexibles.<\/p>\n<h3>Modo de Uso:<\/h3>\n<p>1- Apl\u00edcate el b\u00e1lsamo labial en el centro del labio superior y desl\u00edzalo hacia afuera siguiendo el contorno de la boca.<\/p>\n<p>2- Desliza el b\u00e1lsamo labial por todo el labio inferior.<\/p>\n<p>3- El b\u00e1lsamo labial se puede usar solo o debajo del l\u00e1piz labial o brillo labial.<\/p>\n<\/div>\n","protected":false},"excerpt":{"rendered":"<p>BABY LIPS 25 PINK PUNCH El b\u00e1lsamo humectante Baby Lips\u00ae humecta los labios durante ocho horas completas. Los labios se<\/p>\n","protected":false},"featured_media":68193,"comment_status":"open","ping_status":"closed","template":"","meta":{"nf_dc_page":""},"product_brand":[],"product_cat":[95],"product_tag":[],"class_list":{"0":"post-68192","1":"product","2":"type-product","3":"status-publish","4":"has-post-thumbnail","6":"product_cat-maquillaje","8":"first","9":"instock","10":"shipping-taxable","11":"purchasable","12":"product-type-simple"},"_links":{"self":[{"href":"https:\/\/brandss.com.py\/index\/wp-json\/wp\/v2\/product\/68192","targetHints":{"allow":["GET"]}}],"collection":[{"href":"https:\/\/brandss.com.py\/index\/wp-json\/wp\/v2\/product"}],"about":[{"href":"https:\/\/brandss.com.py\/index\/wp-json\/wp\/v2\/types\/product"}],"replies":[{"embeddable":true,"href":"https:\/\/brandss.com.py\/index\/wp-json\/wp\/v2\/comments?post=68192"}],"version-history":[{"count":2,"href":"https:\/\/brandss.com.py\/index\/wp-json\/wp\/v2\/product\/68192\/revisions"}],"predecessor-version":[{"id":68203,"href":"https:\/\/brandss.com.py\/index\/wp-json\/wp\/v2\/product\/68192\/revisions\/68203"}],"wp:featuredmedia":[{"embeddable":true,"href":"https:\/\/brandss.com.py\/index\/wp-json\/wp\/v2\/media\/68193"}],"wp:attachment":[{"href":"https:\/\/brandss.com.py\/index\/wp-json\/wp\/v2\/media?parent=68192"}],"wp:term":[{"taxonomy":"product_brand","embeddable":true,"href":"https:\/\/brandss.com.py\/index\/wp-json\/wp\/v2\/product_brand?post=68192"},{"taxonomy":"product_cat","embeddable":true,"href":"https:\/\/brandss.com.py\/index\/wp-json\/wp\/v2\/product_cat?post=68192"},{"taxonomy":"product_tag","embeddable":true,"href":"https:\/\/brandss.com.py\/index\/wp-json\/wp\/v2\/product_tag?post=68192"}],"curies":[{"name":"wp","href":"https:\/\/api.w.org\/{rel}","templated":true}]}}