{"id":68210,"date":"2025-01-29T12:20:29","date_gmt":"2025-01-29T12:20:29","guid":{"rendered":"https:\/\/brandss.com.py\/index\/?post_type=product&#038;p=68210"},"modified":"2026-03-14T11:40:32","modified_gmt":"2026-03-14T11:40:32","slug":"perfume-femenino-carolina-herrera-good-girl-blush-edp-80ml","status":"publish","type":"product","link":"https:\/\/brandss.com.py\/index\/producto\/perfume-femenino-carolina-herrera-good-girl-blush-edp-80ml\/","title":{"rendered":"PERFUME FEMENINO CAROLINA HERRERA GOOD GIRL BLUSH EDP 80ML"},"content":{"rendered":"<p><img loading=\"lazy\" decoding=\"async\" class=\"\" src=\"https:\/\/1000marcas.net\/wp-content\/uploads\/2019\/12\/logo-Carolina-Herrer.png\" alt=\"Logo de Carolina Herrera: la historia y el significado del logotipo, la  marca y el s\u00edmbolo. | png, vector\" width=\"169\" height=\"95\" \/><\/p>\n<h1>GOOD GIRL BLUSH<\/h1>\n<p>Good Girl Blush Eau de Parfum es una explosi\u00f3n floral y fresca de feminidad alojada en un delicado tac\u00f3n de aguja de color rosa ruborizado.<\/p>\n<p><strong><span>La fragancia<\/span><\/strong><\/p>\n<p><span>Good Girl Blush Eau de Parfum contrasta dos extracciones diferentes de una base de vainilla sensual con el romanticismo de un coraz\u00f3n de peon\u00eda, formado por dos formas distintas de ylang ylang ex\u00f3tico y agua de rosas reciclada. Para crear esta f\u00f3rmula vegana, nos hemos asociado con los l\u00edderes de la industria del perfume Givaudan y su programa de sostenibilidad, Sourcing4Good, para beneficiar las vidas de los trabajadores que obtienen los ingredientes. Good Girl Blush contiene vainilla e ylang ylang de origen sostenible.<img loading=\"lazy\" decoding=\"async\" class=\"alignleft\" src=\"https:\/\/medias.carolinaherrera.com\/cdn-cgi\/image\/width=1240,quality=90,format=auto,fit=contain\/medias\/sys_master\/root\/h02\/h41\/9912605966366\/gg-karlie-blush-1x1\/gg-karlie-blush-1x1.jpg\" width=\"755\" height=\"755\" \/><\/span><\/p>\n<p><strong><span>Para:<\/span><\/strong><strong>\u00a0<\/strong><span>Ella<\/span><\/p>\n<p><strong><span>Ella es:\u00a0<\/span><\/strong><span>Femenina y hermosa<\/span><\/p>\n<p><strong><span>Ocasi\u00f3n:\u00a0<\/span><\/strong><span>D\u00eda y noche<\/span><\/p>\n<p><strong><span>Familia olfativa:<\/span><\/strong>\u00a0<span>\u00c1MBAR Floral Frutal<\/span><\/p>\n<p><strong><span>La fragancia:\u00a0<\/span><\/strong><span>floreciente y polvorienta<\/span><\/p>\n<p>&nbsp;<\/p>\n<p><strong><span>La botella<\/span><\/strong><\/p>\n<p><span>El ic\u00f3nico stiletto Good Girl adquiere un aire rom\u00e1ntico y fresco en un delicado tono rosa pastel que contrasta con un poderoso tac\u00f3n de aguja dorado.<\/span><\/p>\n<h3>Notas Olfativas<\/h3>\n<p>Good Girl Blush Eau de Parfum de Carolina Herrera es una explosi\u00f3n de contrastes fresca y floral que da paso a una expresi\u00f3n empolvada de feminidad. Esta ingeniosa reinvenci\u00f3n de la ic\u00f3nica fragancia Good Girl, presentada en un stiletto de delicado color rosa, revela la naturaleza polifac\u00e9tica de la mujer moderna con una dosis doble de vainilla y el romanticismo pastel de la peon\u00eda, evocados con dos formas de ylang ylang y agua de rosas reacondicionada. Sensual y fuerte; rom\u00e1ntica y empoderada: te har\u00e1 creer en el poder del rosa.<\/p>\n<p><strong> Notas de salida:<\/strong> Bergamota italiana y mandarina, aceite de almendras<\/p>\n<p><strong>Notas de coraz\u00f3n:<\/strong> Ylang ylang y aceite de rosas reacondicionado.<\/p>\n<p><strong>Notas de fondo:<\/strong> Vainilla y haba tonka<\/p>\n","protected":false},"excerpt":{"rendered":"<p>GOOD GIRL BLUSH Good Girl Blush Eau de Parfum es una explosi\u00f3n floral y fresca de feminidad alojada en un<\/p>\n","protected":false},"featured_media":68211,"comment_status":"open","ping_status":"closed","template":"","meta":{"nf_dc_page":""},"product_brand":[128],"product_cat":[84],"product_tag":[1912],"class_list":{"0":"post-68210","1":"product","2":"type-product","3":"status-publish","4":"has-post-thumbnail","6":"product_brand-carolina-herrera","7":"product_cat-perfumeria","8":"product_tag-1912","10":"first","11":"outofstock","12":"shipping-taxable","13":"purchasable","14":"product-type-simple"},"_links":{"self":[{"href":"https:\/\/brandss.com.py\/index\/wp-json\/wp\/v2\/product\/68210","targetHints":{"allow":["GET"]}}],"collection":[{"href":"https:\/\/brandss.com.py\/index\/wp-json\/wp\/v2\/product"}],"about":[{"href":"https:\/\/brandss.com.py\/index\/wp-json\/wp\/v2\/types\/product"}],"replies":[{"embeddable":true,"href":"https:\/\/brandss.com.py\/index\/wp-json\/wp\/v2\/comments?post=68210"}],"version-history":[{"count":2,"href":"https:\/\/brandss.com.py\/index\/wp-json\/wp\/v2\/product\/68210\/revisions"}],"predecessor-version":[{"id":68221,"href":"https:\/\/brandss.com.py\/index\/wp-json\/wp\/v2\/product\/68210\/revisions\/68221"}],"wp:featuredmedia":[{"embeddable":true,"href":"https:\/\/brandss.com.py\/index\/wp-json\/wp\/v2\/media\/68211"}],"wp:attachment":[{"href":"https:\/\/brandss.com.py\/index\/wp-json\/wp\/v2\/media?parent=68210"}],"wp:term":[{"taxonomy":"product_brand","embeddable":true,"href":"https:\/\/brandss.com.py\/index\/wp-json\/wp\/v2\/product_brand?post=68210"},{"taxonomy":"product_cat","embeddable":true,"href":"https:\/\/brandss.com.py\/index\/wp-json\/wp\/v2\/product_cat?post=68210"},{"taxonomy":"product_tag","embeddable":true,"href":"https:\/\/brandss.com.py\/index\/wp-json\/wp\/v2\/product_tag?post=68210"}],"curies":[{"name":"wp","href":"https:\/\/api.w.org\/{rel}","templated":true}]}}