{"id":68222,"date":"2025-01-29T13:01:53","date_gmt":"2025-01-29T13:01:53","guid":{"rendered":"https:\/\/brandss.com.py\/index\/?post_type=product&#038;p=68222"},"modified":"2026-03-14T11:45:44","modified_gmt":"2026-03-14T11:45:44","slug":"perfume-masculino-paco-rabanne-phantom-intense-edp-100ml","status":"publish","type":"product","link":"https:\/\/brandss.com.py\/index\/producto\/perfume-masculino-paco-rabanne-phantom-intense-edp-100ml\/","title":{"rendered":"PERFUME MASCULINO PACO RABANNE PHANTOM INTENSE EDP 100ML"},"content":{"rendered":"<p><img loading=\"lazy\" decoding=\"async\" class=\"\" src=\"https:\/\/cdn.freebiesupply.com\/logos\/large\/2x\/paco-rabanne-1-logo-png-transparent.png\" alt=\"Paco Rabanne Logo PNG Transparent &amp; SVG Vector - Freebie Supply\" width=\"89\" height=\"89\" \/><\/p>\n<h1>PHANTOM INTENSE<\/h1>\n<p>La luz del d\u00eda se aten\u00faa. El cielo se vuelve azul. D\u00e9jate seducir por la irresistible llamada de crep\u00fasculo con el nuevo PHANTOM Intense de Rabanne. Capturando la vibrante energ\u00eda de Par\u00eds al atardecer, PHANTOM Intense se adentra en un nuevo territorio para todos aquellos que se atreven. M\u00e1s audaz e intenso, est\u00e1 impulsado por tu lado m\u00e1s atrevido. Una excepcional mezcla de los mejores ingredientes crea una nueva frontera con una arom\u00e1tica fragancia ambarina. La v\u00edvida lavanda se rinde ante una nueva adicci\u00f3n a la vainilla y un toque escarchado de azahar para capturar el aura irresistiblemente enigm\u00e1tica que llevas dentro. Responde a la llamada de la aventura. Sigue la emoci\u00f3n crepuscular de PHANTOM.<img decoding=\"async\" class=\"alignleft\" src=\"https:\/\/www.perfumeriasavenida.com\/pub\/media\/catalog\/product\/cache\/4fbcd446712066eccea2fe003f1c49fb\/1\/0\/106844_6-paco-rabanne-phantom-intense-edp-50.jpg\" \/><\/p>\n<p style=\"font-weight: 400\">Phantom Intense Eau de Parfum de Paco Rabanne es un perfume para hombre, profundo y audaz.<\/p>\n<p style=\"font-weight: 400\">Inspirado en el atardecer de Par\u00eds en la eterna ciudad de la luz, cuando se siente la llamada del crep\u00fasculo. La fragancia masculina intensa de Paco Rabanne captura la vibrante energ\u00eda de tu alter ego m\u00e1s atrevido adentr\u00e1ndose en un nuevo territorio donde la luz se vuelve tenue y el cielo se torna azul para todos los que se atreven.<\/p>\n<p style=\"font-weight: 400\">El ic\u00f3nico frasco cautivador de Paco Rabanne Phantom Intense Eau de Parfum ha sido reinterpretado con un degradado de negro intenso del hombre atrevido que desaf\u00eda la noche masculinidad dando paso a un azul enigm\u00e1tico que captura el aura rebelde y atrevida que de la masculinidad moderna.<\/p>\n<h3>Notas Olfativas<\/h3>\n<p>Creado en 2024, Phantom Intense Eau de Parfum pertenece a la familia olfativa \u00c1mbar Arom\u00e1tica. Elaborado con los ingredientes m\u00e1s excepcionales, es una atrevida mezcla de lavanda viva, azahar escarchado y vainilla adictiva. Se inicia con notas escarchadas de aceite de azahar, lim\u00f3n y cardamomo que se funden en un coraz\u00f3n de aceite de lavanda, aceite de salvia sclarea y absoluto de ron que inunda los sentidos. Culmina con vaina de vainilla, aceite de cedro y musgo moderno que abraza la masculinidad m\u00e1s atrevida para liberar el aura poderosa que lleva dentro.<\/p>\n<p>Familia Olfativa: Arom\u00e1tico \u00c1mbar Arom\u00e1tico<\/p>\n<p>Notas de salida: aceite de azahar escarchado, lim\u00f3n, cardamomo.<\/p>\n<p>Notas de coraz\u00f3n: aceite de lavanda, aceite de salvia sclarea, absoluto de ron\u200b.<\/p>\n<p>Notas de fondo: vaina de vainilla, aceite de cedro, musgo moderno.<\/p>\n","protected":false},"excerpt":{"rendered":"<p>PHANTOM INTENSE La luz del d\u00eda se aten\u00faa. El cielo se vuelve azul. D\u00e9jate seducir por la irresistible llamada de<\/p>\n","protected":false},"featured_media":68223,"comment_status":"open","ping_status":"closed","template":"","meta":{"nf_dc_page":""},"product_brand":[126],"product_cat":[84],"product_tag":[1913],"class_list":{"0":"post-68222","1":"product","2":"type-product","3":"status-publish","4":"has-post-thumbnail","6":"product_brand-paco-rabanne","7":"product_cat-perfumeria","8":"product_tag-1913","10":"first","11":"outofstock","12":"shipping-taxable","13":"purchasable","14":"product-type-simple"},"_links":{"self":[{"href":"https:\/\/brandss.com.py\/index\/wp-json\/wp\/v2\/product\/68222","targetHints":{"allow":["GET"]}}],"collection":[{"href":"https:\/\/brandss.com.py\/index\/wp-json\/wp\/v2\/product"}],"about":[{"href":"https:\/\/brandss.com.py\/index\/wp-json\/wp\/v2\/types\/product"}],"replies":[{"embeddable":true,"href":"https:\/\/brandss.com.py\/index\/wp-json\/wp\/v2\/comments?post=68222"}],"version-history":[{"count":2,"href":"https:\/\/brandss.com.py\/index\/wp-json\/wp\/v2\/product\/68222\/revisions"}],"predecessor-version":[{"id":68229,"href":"https:\/\/brandss.com.py\/index\/wp-json\/wp\/v2\/product\/68222\/revisions\/68229"}],"wp:featuredmedia":[{"embeddable":true,"href":"https:\/\/brandss.com.py\/index\/wp-json\/wp\/v2\/media\/68223"}],"wp:attachment":[{"href":"https:\/\/brandss.com.py\/index\/wp-json\/wp\/v2\/media?parent=68222"}],"wp:term":[{"taxonomy":"product_brand","embeddable":true,"href":"https:\/\/brandss.com.py\/index\/wp-json\/wp\/v2\/product_brand?post=68222"},{"taxonomy":"product_cat","embeddable":true,"href":"https:\/\/brandss.com.py\/index\/wp-json\/wp\/v2\/product_cat?post=68222"},{"taxonomy":"product_tag","embeddable":true,"href":"https:\/\/brandss.com.py\/index\/wp-json\/wp\/v2\/product_tag?post=68222"}],"curies":[{"name":"wp","href":"https:\/\/api.w.org\/{rel}","templated":true}]}}