{"id":68230,"date":"2025-01-29T13:27:11","date_gmt":"2025-01-29T13:27:11","guid":{"rendered":"https:\/\/brandss.com.py\/index\/?post_type=product&#038;p=68230"},"modified":"2026-03-11T12:37:08","modified_gmt":"2026-03-11T12:37:08","slug":"perfume-femenino-versace-eros-pour-femme-edp-100ml","status":"publish","type":"product","link":"https:\/\/brandss.com.py\/index\/producto\/perfume-femenino-versace-eros-pour-femme-edp-100ml\/","title":{"rendered":"PERFUME FEMENINO VERSACE EROS POUR FEMME EDP 100ML"},"content":{"rendered":"<p><img loading=\"lazy\" decoding=\"async\" class=\"\" src=\"https:\/\/cdn.freebiesupply.com\/logos\/large\/2x\/versace-medusa-2-logo-png-transparent.png\" alt=\"versace symbol\" width=\"71\" height=\"89\" \/><\/p>\n<h1>EROS POUR FEMME<\/h1>\n<p>Esta fragancia radiante y sensual para mujeres es una nueva leyenda de la prestigiosa marca Versace, que encapsula el poder primario de una mujer en un aroma \u00fanico.<\/p>\n<p>Es una fragancia femenina intensa y seductora que personifica el poder, la pasi\u00f3n y la belleza. Esta eau de parfum combina notas c\u00edtricas, florales y amaderadas para crear un perfume sofisticado y cautivador. Las notas de salida de lim\u00f3n siciliano, bergamota y granada aportan una frescura vibrante y jugosa. En el coraz\u00f3n, una mezcla floral de jazm\u00edn sambac, peon\u00eda y flor de lim\u00f3n a\u00f1ade una elegancia seductora. El fondo c\u00e1lido de s\u00e1ndalo, almizcle y notas amaderadas ofrece una sensaci\u00f3n envolvente y duradera, creando una fragancia poderosa y femenina que se adapta a cualquier ocasi\u00f3n.<img decoding=\"async\" class=\"alignleft\" src=\"https:\/\/i0.wp.com\/farina.com.bo\/wp-content\/uploads\/2020\/07\/versace-eros-pour-femme-EDP-arte.jpg?fit=628%2C940&amp;ssl=1\" \/><\/p>\n<ul>\n<li><strong>Fragancia Intensa y Seductora:<\/strong>\u00a0Una mezcla de c\u00edtricos frescos, flores delicadas y maderas c\u00e1lidas.<\/li>\n<li><strong>Larga Duraci\u00f3n:<\/strong>\u00a0Eau de Parfum con una fragancia potente que perdura durante todo el d\u00eda.<\/li>\n<li><strong>Sensual y Sofisticado:<\/strong>\u00a0Ideal para mujeres que buscan una fragancia fuerte y distintiva que resalte su sensualidad.<\/li>\n<li><strong>Dise\u00f1o Ic\u00f3nico:<\/strong>\u00a0Presentado en una lujosa botella dorada, que refleja el estilo opulento y glamoroso de Versace.<\/li>\n<\/ul>\n<p><strong>Notas Olfativas<\/strong><\/p>\n<p>Versace Eros Pour Femme es una fragancia de fuerza, individualidad y seducci\u00f3n, concebida por la directora art\u00edstica Donatella Versace. Es m\u00e1s que un simple perfume; es Eros en un frasco. Esta fragancia es una alquimia de notas tentadoras, brillantes y femeninas, que proporciona un aroma al que es imposible resistirse. El acorde refinado de lim\u00f3n y jazm\u00edn se ve exaltado por maderas sensuales y suaves, creando un aroma \u00fanico y cautivador.<\/p>\n<p><strong>Notas de salida:<\/strong> lim\u00f3n siciliano (lima siciliana), granada y bergamota de Calabria.<\/p>\n<p><strong>Notas de coraz\u00f3n:<\/strong> flores de azahar del limonero, jazm\u00edn sambac (sampaguita), jazm\u00edn y peon\u00eda.<\/p>\n<p><strong>Notas de fondo:<\/strong> almizcle, ambroxan, notas amaderadas y s\u00e1ndalo.<\/p>\n","protected":false},"excerpt":{"rendered":"<p>EROS POUR FEMME Esta fragancia radiante y sensual para mujeres es una nueva leyenda de la prestigiosa marca Versace, que<\/p>\n","protected":false},"featured_media":68231,"comment_status":"open","ping_status":"closed","template":"","meta":{"nf_dc_page":""},"product_brand":[121],"product_cat":[84],"product_tag":[1914],"class_list":{"0":"post-68230","1":"product","2":"type-product","3":"status-publish","4":"has-post-thumbnail","6":"product_brand-versace","7":"product_cat-perfumeria","8":"product_tag-1914","10":"first","11":"outofstock","12":"shipping-taxable","13":"purchasable","14":"product-type-simple"},"_links":{"self":[{"href":"https:\/\/brandss.com.py\/index\/wp-json\/wp\/v2\/product\/68230","targetHints":{"allow":["GET"]}}],"collection":[{"href":"https:\/\/brandss.com.py\/index\/wp-json\/wp\/v2\/product"}],"about":[{"href":"https:\/\/brandss.com.py\/index\/wp-json\/wp\/v2\/types\/product"}],"replies":[{"embeddable":true,"href":"https:\/\/brandss.com.py\/index\/wp-json\/wp\/v2\/comments?post=68230"}],"version-history":[{"count":1,"href":"https:\/\/brandss.com.py\/index\/wp-json\/wp\/v2\/product\/68230\/revisions"}],"predecessor-version":[{"id":68237,"href":"https:\/\/brandss.com.py\/index\/wp-json\/wp\/v2\/product\/68230\/revisions\/68237"}],"wp:featuredmedia":[{"embeddable":true,"href":"https:\/\/brandss.com.py\/index\/wp-json\/wp\/v2\/media\/68231"}],"wp:attachment":[{"href":"https:\/\/brandss.com.py\/index\/wp-json\/wp\/v2\/media?parent=68230"}],"wp:term":[{"taxonomy":"product_brand","embeddable":true,"href":"https:\/\/brandss.com.py\/index\/wp-json\/wp\/v2\/product_brand?post=68230"},{"taxonomy":"product_cat","embeddable":true,"href":"https:\/\/brandss.com.py\/index\/wp-json\/wp\/v2\/product_cat?post=68230"},{"taxonomy":"product_tag","embeddable":true,"href":"https:\/\/brandss.com.py\/index\/wp-json\/wp\/v2\/product_tag?post=68230"}],"curies":[{"name":"wp","href":"https:\/\/api.w.org\/{rel}","templated":true}]}}