{"id":68430,"date":"2025-01-30T16:35:09","date_gmt":"2025-01-30T16:35:09","guid":{"rendered":"https:\/\/brandss.com.py\/index\/?post_type=product&#038;p=68430"},"modified":"2026-03-14T11:32:20","modified_gmt":"2026-03-14T11:32:20","slug":"perfume-femenino-lancome-poeme-edp-100ml","status":"publish","type":"product","link":"https:\/\/brandss.com.py\/index\/producto\/perfume-femenino-lancome-poeme-edp-100ml\/","title":{"rendered":"PERFUME FEMENINO LANC\u00d4ME PO\u00caME EDP 100ML"},"content":{"rendered":"<p><img loading=\"lazy\" decoding=\"async\" class=\"\" src=\"https:\/\/1000marcas.net\/wp-content\/uploads\/2020\/02\/logo-Lancome.png\" alt=\"Lanc\u00f4me Logo - s\u00edmbolo, significado logotipo, historia, PNG\" width=\"98\" height=\"55\" \/><\/p>\n<h1>PO\u00caME<\/h1>\n<p>Perfume femenino apasionado y encantador. Lanc\u00f4me Po\u00eame fue creado como un poema de amor plat\u00f3nico, su esencia revela el contraste entre lo amargo y lo dulce. ideal para mujeres elegantes, rom\u00e1nticas y seguras. Lanc\u00f4me Po\u00eame proporciona una sensaci\u00f3n encantadora, apasionada y seductora. Imposible resistirse a sus notas \u00fanicas y embriagadoras, que combinan flores blancas y amarillas. Su fragancia emana lo que no se puede decir y crea un aura impactante. Lanc\u00f4me Po\u00eame es para aquellas que quieren despertar lo m\u00e1s rom\u00e1ntico del alma femenina sin perder el lado sensual.<img loading=\"lazy\" decoding=\"async\" class=\"alignleft\" src=\"https:\/\/dbs.cl\/media\/catalog\/product\/l\/c\/lcm-15511-3.jpg?optimize=low&amp;bg-color=255,255,255&amp;fit=bounds&amp;height=&amp;width=&amp;canvas=:\" width=\"654\" height=\"654\" \/><\/p>\n<p><span>Es una fragancia de seducci\u00f3n, una declaraci\u00f3n de amor en la que las notas florales de amapola del Himalaya, flor de lichi y mimosa se mezclan con opulentos tonos de vainilla para expresar lo que no se puede decir. Este aroma encantador y rom\u00e1ntico se presenta en un frasco ultrapuro y femenino con l\u00edneas limpias que recuerdan a un prisma.<\/span><\/p>\n<p>Espiritual. Aventurera. Intuitiva. Una fragancia que va m\u00e1s all\u00e1 de las palabras. El Perfume Poeme Eau de Parfum de Lanc\u00f4me es una fragancia seductora.<\/p>\n<p>\u00a1Di todo sin decir una sola palabra, con esta fragancia de la seducci\u00f3n que va m\u00e1s all\u00e1 de las palabras! Una composici\u00f3n de contrastes. Una fragancia de seducci\u00f3n para expresar lo que no se puede decir.<\/p>\n<p>La botella es acerca de los contrastes entre sus curvas femeninas y su l\u00edneas limpias y perfectamente cortadas que crean un prisma luminoso. Una fragancia de seducci\u00f3n para expresar lo que no se puede decir.<\/p>\n<p><span>Del\u00e9itese con el aroma sensual pero duradero de Lanc\u00f4me Po\u00eame Eau de Parfum.<\/span><\/p>\n<p>&nbsp;<\/p>\n<h3>Notas Olfativas<\/h3>\n<p><span>Lancome Poeme es puro romanticismo con un marcado acento franc\u00e9s. Una t\u00edmida confesi\u00f3n hecha en una de las calles parisinas, ligeramente diluida con especias orientales y una tr\u00e9mula expectativa. \u00c9l simplemente no podr\u00e1 resistirse.<\/span><span>\u00a0La composici\u00f3n es reconocida como uno de los ramos m\u00e1s femeninos creados en la historia de la industria del perfume. Romantic Poeme condena a su due\u00f1a a un \u00e9xito vertiginoso, independientemente de la hora y el lugar elegidos para la cita.<\/span><\/p>\n<p class=\"western\">El perfume\u00a0<span dir=\"ltr\" lang=\"es-MX\">Po\u00eame<\/span>\u00a0de Lanc\u00f4me es una fragancia de la familia olfativa floral para mujeres.\u00a0<span dir=\"ltr\" lang=\"es-MX\">C<\/span>on una concentraci\u00f3n del tipo Eau de Parfum, ofrece una duradera y alta intensidad arom\u00e1tica en la piel. Sus notas est\u00e1n compuestas por los siguientes ingredientes.<\/p>\n<ul>\n<li><strong>Notas de salida:<\/strong>\u00a0Narciso, datura, durazno (melocot\u00f3n), ciruela, amapola azul del Himalaya, mandarina, grosellas negras, bergamota y notas verdes<\/li>\n<li><strong>Notas de coraz\u00f3n:<\/strong>\u00a0Mimosa, flor de vainilla, nardos, ylang-ylang, flor de azahar del naranjo, jazm\u00edn, fresia, heliotropo, rosa y cuero<\/li>\n<li><strong>Notas de fondo:<\/strong>\u00a0Vainilla, flor de azahar del naranjo, \u00e1mbar, haba tonka, almizcle y cedro<\/li>\n<\/ul>\n","protected":false},"excerpt":{"rendered":"<p>PO\u00caME Perfume femenino apasionado y encantador. Lanc\u00f4me Po\u00eame fue creado como un poema de amor plat\u00f3nico, su esencia revela el<\/p>\n","protected":false},"featured_media":68438,"comment_status":"open","ping_status":"closed","template":"","meta":{"nf_dc_page":""},"product_brand":[129],"product_cat":[84],"product_tag":[1923],"class_list":{"0":"post-68430","1":"product","2":"type-product","3":"status-publish","4":"has-post-thumbnail","6":"product_brand-lancome","7":"product_cat-perfumeria","8":"product_tag-1923","10":"first","11":"outofstock","12":"shipping-taxable","13":"purchasable","14":"product-type-simple"},"_links":{"self":[{"href":"https:\/\/brandss.com.py\/index\/wp-json\/wp\/v2\/product\/68430","targetHints":{"allow":["GET"]}}],"collection":[{"href":"https:\/\/brandss.com.py\/index\/wp-json\/wp\/v2\/product"}],"about":[{"href":"https:\/\/brandss.com.py\/index\/wp-json\/wp\/v2\/types\/product"}],"replies":[{"embeddable":true,"href":"https:\/\/brandss.com.py\/index\/wp-json\/wp\/v2\/comments?post=68430"}],"version-history":[{"count":1,"href":"https:\/\/brandss.com.py\/index\/wp-json\/wp\/v2\/product\/68430\/revisions"}],"predecessor-version":[{"id":68446,"href":"https:\/\/brandss.com.py\/index\/wp-json\/wp\/v2\/product\/68430\/revisions\/68446"}],"wp:featuredmedia":[{"embeddable":true,"href":"https:\/\/brandss.com.py\/index\/wp-json\/wp\/v2\/media\/68438"}],"wp:attachment":[{"href":"https:\/\/brandss.com.py\/index\/wp-json\/wp\/v2\/media?parent=68430"}],"wp:term":[{"taxonomy":"product_brand","embeddable":true,"href":"https:\/\/brandss.com.py\/index\/wp-json\/wp\/v2\/product_brand?post=68430"},{"taxonomy":"product_cat","embeddable":true,"href":"https:\/\/brandss.com.py\/index\/wp-json\/wp\/v2\/product_cat?post=68430"},{"taxonomy":"product_tag","embeddable":true,"href":"https:\/\/brandss.com.py\/index\/wp-json\/wp\/v2\/product_tag?post=68430"}],"curies":[{"name":"wp","href":"https:\/\/api.w.org\/{rel}","templated":true}]}}