{"id":68659,"date":"2025-01-31T13:21:22","date_gmt":"2025-01-31T13:21:22","guid":{"rendered":"https:\/\/brandss.com.py\/index\/?post_type=product&#038;p=68659"},"modified":"2026-03-14T14:14:37","modified_gmt":"2026-03-14T14:14:37","slug":"perfume-femenino-puccini-lovely-night-blue-edp-100ml","status":"publish","type":"product","link":"https:\/\/brandss.com.py\/index\/producto\/perfume-femenino-puccini-lovely-night-blue-edp-100ml\/","title":{"rendered":"PERFUME FEMENINO PUCCINI LOVELY NIGHT BLUE EDP 100ML"},"content":{"rendered":"<p><img loading=\"lazy\" decoding=\"async\" class=\"\" src=\"https:\/\/fimgs.net\/mdimg\/dizajneri\/o.3733.jpg\" alt=\"Puccini Paris Fragancias Y Colonias\" width=\"108\" height=\"43\" \/><\/p>\n<h1>LOVELY NIGHT BLUE<\/h1>\n<p>Puccini Lovely Night Blue Paris, nace con base en todo el concepto de la noche rom\u00e1ntica de Par\u00eds, la fragancia tiene una combinaci\u00f3n de ingredientes suaves y dulces para formarla \u00fanica y encantadora. El aroma refleja el esp\u00edritu de una mujer fuerte y femenina, que donde quiera que va, descubre la m\u00e1gica noche de Par\u00eds, que deja una impresi\u00f3n impactante y original, siempre impresionante.<img decoding=\"async\" class=\"alignleft\" src=\"https:\/\/www.perfumes.com.br\/lojas\/00000154\/prod\/LovelyNightBlue.jpg?cccfc=2482cf3e\" \/><\/p>\n<ul>\n<li>Fragancia floral y afrutada, sofisticada y llamativa.<\/li>\n<li>Aroma envolvente, ideal para eventos nocturnos y ocasiones especiales.<\/li>\n<li>Fijaci\u00f3n duradera, manteniendo la presencia de la fragancia durante todo el d\u00eda.<\/li>\n<li>Composici\u00f3n elegante que destila encanto y feminidad.<\/li>\n<\/ul>\n<p><strong>La Fragancia:<\/strong><\/p>\n<p>Puccini Lovely Night Blue Eau de Parfum es una fragancia femenina sofisticada y cautivadora, dise\u00f1ada para mujeres que buscan elegancia y misterio. Presentado en un frasco de 100ml, este perfume combina notas florales y frutales, creando una composici\u00f3n \u00fanica y llamativa, ideal para ocasiones especiales y para resaltar tu presencia en momentos memorables.<\/p>\n<p><strong>Ocaci\u00f3n:<\/strong><\/p>\n<p>Lovely Night Blue es perfecto para mujeres que buscan una fragancia \u00fanica y cautivadora, ideal para eventos nocturnos u ocasiones especiales. Su aroma cautivador y duradero es ideal para quienes quieren dejar una impresi\u00f3n impactante e inolvidable, derrochando feminidad y encanto.<\/p>\n<p>&nbsp;<\/p>\n<h3>Notas Olfativas<\/h3>\n<p>&nbsp;<\/p>\n<p>El perfume Puccini Paris Lovely Night Blue es una fragancia de la familia olfativa floral para mujeres.<\/p>\n<ul>\n<li><strong>Notas de salida:<\/strong> bergamota, lim\u00f3n, grosella negra, frambuesa, melocot\u00f3n, menta y naranja.<\/li>\n<li><strong>Notas de coraz\u00f3n:<\/strong> mora, cedro, violeta, rosa y jazm\u00edn.<\/li>\n<li><strong>Notas de fondo:<\/strong>\u00a0\u00e1mbar y vainilla.<\/li>\n<\/ul>\n","protected":false},"excerpt":{"rendered":"<p>LOVELY NIGHT BLUE Puccini Lovely Night Blue Paris, nace con base en todo el concepto de la noche rom\u00e1ntica de<\/p>\n","protected":false},"featured_media":68671,"comment_status":"open","ping_status":"closed","template":"","meta":{"nf_dc_page":""},"product_brand":[1780],"product_cat":[84],"product_tag":[1931],"class_list":{"0":"post-68659","1":"product","2":"type-product","3":"status-publish","4":"has-post-thumbnail","6":"product_brand-puccini","7":"product_cat-perfumeria","8":"product_tag-1931","10":"first","11":"outofstock","12":"shipping-taxable","13":"purchasable","14":"product-type-simple"},"_links":{"self":[{"href":"https:\/\/brandss.com.py\/index\/wp-json\/wp\/v2\/product\/68659","targetHints":{"allow":["GET"]}}],"collection":[{"href":"https:\/\/brandss.com.py\/index\/wp-json\/wp\/v2\/product"}],"about":[{"href":"https:\/\/brandss.com.py\/index\/wp-json\/wp\/v2\/types\/product"}],"replies":[{"embeddable":true,"href":"https:\/\/brandss.com.py\/index\/wp-json\/wp\/v2\/comments?post=68659"}],"version-history":[{"count":1,"href":"https:\/\/brandss.com.py\/index\/wp-json\/wp\/v2\/product\/68659\/revisions"}],"predecessor-version":[{"id":68676,"href":"https:\/\/brandss.com.py\/index\/wp-json\/wp\/v2\/product\/68659\/revisions\/68676"}],"wp:featuredmedia":[{"embeddable":true,"href":"https:\/\/brandss.com.py\/index\/wp-json\/wp\/v2\/media\/68671"}],"wp:attachment":[{"href":"https:\/\/brandss.com.py\/index\/wp-json\/wp\/v2\/media?parent=68659"}],"wp:term":[{"taxonomy":"product_brand","embeddable":true,"href":"https:\/\/brandss.com.py\/index\/wp-json\/wp\/v2\/product_brand?post=68659"},{"taxonomy":"product_cat","embeddable":true,"href":"https:\/\/brandss.com.py\/index\/wp-json\/wp\/v2\/product_cat?post=68659"},{"taxonomy":"product_tag","embeddable":true,"href":"https:\/\/brandss.com.py\/index\/wp-json\/wp\/v2\/product_tag?post=68659"}],"curies":[{"name":"wp","href":"https:\/\/api.w.org\/{rel}","templated":true}]}}