{"id":68749,"date":"2025-01-31T16:50:59","date_gmt":"2025-01-31T16:50:59","guid":{"rendered":"https:\/\/brandss.com.py\/index\/?post_type=product&#038;p=68749"},"modified":"2026-03-30T18:42:28","modified_gmt":"2026-03-30T18:42:28","slug":"perfume-masculino-karen-low-pure-dreamer-edt-100ml","status":"publish","type":"product","link":"https:\/\/brandss.com.py\/index\/producto\/perfume-masculino-karen-low-pure-dreamer-edt-100ml\/","title":{"rendered":"PERFUME MASCULINO KAREN LOW PURE DREAMER EDT 100ML"},"content":{"rendered":"<p><img loading=\"lazy\" decoding=\"async\" class=\"\" src=\"https:\/\/fimgs.net\/mdimg\/dizajneri\/o.2257.jpg\" alt=\"Karen Low Fragancias Y Colonias\" width=\"120\" height=\"84\" \/><\/p>\n<h1>PURE DREAMER<\/h1>\n<p>Si eres de los que sue\u00f1an en grande y tienen un estilo inconfundible, te encantar\u00e1 Pure Dreamer, la fragancia que combina a la perfecci\u00f3n las notas florales y amaderadas. Pure Dreamer es una invitaci\u00f3n a vivir con intensidad y elegancia, a expresar tu esencia y tu personalidad con un aroma que te acompa\u00f1a en cada momento.<\/p>\n<p>Esta fragancia de madera c\u00edtrica te invita a un sendero forestal, donde el aire fr\u00edo irrumpe con una explosi\u00f3n rejuvenecedora de c\u00edtricos para dar inicio al amanecer. Las hojas verdes vibrantes se arquean sobre ti mientras el sendero sinuoso te lleva m\u00e1s all\u00e1 de la vegetaci\u00f3n exuberante, el aire empapado de una rica terrosidad que te envuelve c\u00e1lidamente mientras el paseo por la naturaleza llega a su fin.<\/p>\n<p>&nbsp;<\/p>\n<h3>Notas Olfativas<\/h3>\n<p>&nbsp;<\/p>\n<p>El perfume Karen Low Pure Dreamer es una fragancia elegante y sofisticada que es adecuada para uso diario o para ocasiones especiales. Su combinaci\u00f3n \u00fanica lo hace perfecto para el hombre moderno y seguro de s\u00ed mismo.<\/p>\n<ul>\n<li><strong>Notas de salida:<\/strong>\u00a0Lim\u00f3n, neroli y salvia<\/li>\n<li><strong>Notas de coraz\u00f3n:<\/strong>\u00a0Geranio, notas verdes y cuero<\/li>\n<li><strong>Notas de fondo:<\/strong>\u00a0\u00c1mbar, cedro, tabaco y teca<\/li>\n<\/ul>\n","protected":false},"excerpt":{"rendered":"<p>PURE DREAMER Si eres de los que sue\u00f1an en grande y tienen un estilo inconfundible, te encantar\u00e1 Pure Dreamer, la<\/p>\n","protected":false},"featured_media":68751,"comment_status":"open","ping_status":"closed","template":"","meta":{"nf_dc_page":""},"product_brand":[1934],"product_cat":[84],"product_tag":[1936],"class_list":{"0":"post-68749","1":"product","2":"type-product","3":"status-publish","4":"has-post-thumbnail","6":"product_brand-karen-low","7":"product_cat-perfumeria","8":"product_tag-1936","10":"first","11":"outofstock","12":"shipping-taxable","13":"purchasable","14":"product-type-simple"},"_links":{"self":[{"href":"https:\/\/brandss.com.py\/index\/wp-json\/wp\/v2\/product\/68749","targetHints":{"allow":["GET"]}}],"collection":[{"href":"https:\/\/brandss.com.py\/index\/wp-json\/wp\/v2\/product"}],"about":[{"href":"https:\/\/brandss.com.py\/index\/wp-json\/wp\/v2\/types\/product"}],"replies":[{"embeddable":true,"href":"https:\/\/brandss.com.py\/index\/wp-json\/wp\/v2\/comments?post=68749"}],"version-history":[{"count":2,"href":"https:\/\/brandss.com.py\/index\/wp-json\/wp\/v2\/product\/68749\/revisions"}],"predecessor-version":[{"id":68757,"href":"https:\/\/brandss.com.py\/index\/wp-json\/wp\/v2\/product\/68749\/revisions\/68757"}],"wp:featuredmedia":[{"embeddable":true,"href":"https:\/\/brandss.com.py\/index\/wp-json\/wp\/v2\/media\/68751"}],"wp:attachment":[{"href":"https:\/\/brandss.com.py\/index\/wp-json\/wp\/v2\/media?parent=68749"}],"wp:term":[{"taxonomy":"product_brand","embeddable":true,"href":"https:\/\/brandss.com.py\/index\/wp-json\/wp\/v2\/product_brand?post=68749"},{"taxonomy":"product_cat","embeddable":true,"href":"https:\/\/brandss.com.py\/index\/wp-json\/wp\/v2\/product_cat?post=68749"},{"taxonomy":"product_tag","embeddable":true,"href":"https:\/\/brandss.com.py\/index\/wp-json\/wp\/v2\/product_tag?post=68749"}],"curies":[{"name":"wp","href":"https:\/\/api.w.org\/{rel}","templated":true}]}}