{"id":68791,"date":"2025-01-31T17:40:58","date_gmt":"2025-01-31T17:40:58","guid":{"rendered":"https:\/\/brandss.com.py\/index\/?post_type=product&#038;p=68791"},"modified":"2026-03-30T19:18:38","modified_gmt":"2026-03-30T19:18:38","slug":"perfume-masculino-boulevard-grands-edp-100ml","status":"publish","type":"product","link":"https:\/\/brandss.com.py\/index\/producto\/perfume-masculino-boulevard-grands-edp-100ml\/","title":{"rendered":"PERFUME MASCULINO BOULEVARD GRANDS EDP 100ML"},"content":{"rendered":"<p><img loading=\"lazy\" decoding=\"async\" class=\"\" src=\"https:\/\/assets.lifeboat.app\/25q2a0otxbcmbm4l\/16801869034syok539__FitWzEwODAsMTA4MF0.bv-paris.png\" alt=\"Discover Boulevard Paris Fragrances - nsejt.mt\" width=\"102\" height=\"102\" \/><\/p>\n<h1>GRANDS<\/h1>\n<div class=\"elementor-element elementor-element-78e253d elementor-widget elementor-widget-text-editor\" data-id=\"78e253d\" data-element_type=\"widget\" data-widget_type=\"text-editor.default\">\n<div class=\"elementor-widget-container\">\n<div class=\"elementor-text-editor elementor-clearfix\"><span>El barrio de los Grands Boulevards es uno de los principales centros de ocio de la capital francesa, y se extiende desde la Place de l&#8217;Op\u00e9ra hasta la Place de la R\u00e9publique. Entre las magn\u00edficas fachadas de estilo Haussmann, los parisinos se re\u00fanen aqu\u00ed al final del d\u00eda para relajarse tomando una copa, cenar en las grandes cervecer\u00edas, ir al teatro o a un concierto, e incluso bailar en una de las numerosas discotecas.<\/span><\/p>\n<\/div>\n<\/div>\n<\/div>\n<div class=\"elementor-element elementor-element-800d726 elementor-widget elementor-widget-text-editor\" data-id=\"800d726\" data-element_type=\"widget\" data-widget_type=\"text-editor.default\">\n<div class=\"elementor-widget-container\">\n<div class=\"elementor-text-editor elementor-clearfix\"><span>Grands Boulevard es una fragancia cautivadora, una oda a la vida moderna, llena de frescura e intensidad. La composici\u00f3n se abre con unas notas de salida decididamente vibrantes, como una canasta de c\u00edtricos ba\u00f1ados por el sol, con la combinaci\u00f3n de naranja y lim\u00f3n, realzadas por un toque travieso de bergamota. Esta impresi\u00f3n c\u00e1lida y luminosa da paso a un coraz\u00f3n rico de frutas ex\u00f3ticas, con acentos generosos y apasionados. El fondo se vuelve m\u00e1s sensual, pero a\u00fan abundante, mezclando vainilla gourmand, almizcle afrutado y la calidez casi primitiva del \u00e1mbar. Con esta creaci\u00f3n semi-ep\u00f3nima, Boulevard captura la esencia luminosa de seres contempor\u00e1neos con corazones atrevidos, encanto y seducci\u00f3n naturales.<\/span><\/div>\n<div><\/div>\n<h3>Notas Olfativas<\/h3>\n<div>\n<p>El perfume Grands Boulevard es una fragancia cautivadora, una oda a la vida moderna, llena de frescura e intensidad. Dise\u00f1ada para quienes viven con pasi\u00f3n y dinamismo, esta esencia se convierte en el complemento perfecto para cualquier ocasi\u00f3n.<\/p>\n<ul>\n<li><strong>Notas altas:\u00a0<\/strong>lim\u00f3n, naranja, bergamota.<\/li>\n<li><strong>Notas de coraz\u00f3n:<\/strong>\u00a0frutas ex\u00f3ticas.<\/li>\n<li><strong>Notas de fondo:\u00a0<\/strong>vainilla, \u00e1mbar.<\/li>\n<\/ul>\n<\/div>\n<\/div>\n<\/div>\n","protected":false},"excerpt":{"rendered":"<p>GRANDS El barrio de los Grands Boulevards es uno de los principales centros de ocio de la capital francesa, y<\/p>\n","protected":false},"featured_media":68792,"comment_status":"open","ping_status":"closed","template":"","meta":{"nf_dc_page":""},"product_brand":[1713],"product_cat":[84],"product_tag":[1939],"class_list":{"0":"post-68791","1":"product","2":"type-product","3":"status-publish","4":"has-post-thumbnail","6":"product_brand-boulevard","7":"product_cat-perfumeria","8":"product_tag-1939","10":"first","11":"instock","12":"sale","13":"shipping-taxable","14":"purchasable","15":"product-type-simple"},"_links":{"self":[{"href":"https:\/\/brandss.com.py\/index\/wp-json\/wp\/v2\/product\/68791","targetHints":{"allow":["GET"]}}],"collection":[{"href":"https:\/\/brandss.com.py\/index\/wp-json\/wp\/v2\/product"}],"about":[{"href":"https:\/\/brandss.com.py\/index\/wp-json\/wp\/v2\/types\/product"}],"replies":[{"embeddable":true,"href":"https:\/\/brandss.com.py\/index\/wp-json\/wp\/v2\/comments?post=68791"}],"version-history":[{"count":1,"href":"https:\/\/brandss.com.py\/index\/wp-json\/wp\/v2\/product\/68791\/revisions"}],"predecessor-version":[{"id":68797,"href":"https:\/\/brandss.com.py\/index\/wp-json\/wp\/v2\/product\/68791\/revisions\/68797"}],"wp:featuredmedia":[{"embeddable":true,"href":"https:\/\/brandss.com.py\/index\/wp-json\/wp\/v2\/media\/68792"}],"wp:attachment":[{"href":"https:\/\/brandss.com.py\/index\/wp-json\/wp\/v2\/media?parent=68791"}],"wp:term":[{"taxonomy":"product_brand","embeddable":true,"href":"https:\/\/brandss.com.py\/index\/wp-json\/wp\/v2\/product_brand?post=68791"},{"taxonomy":"product_cat","embeddable":true,"href":"https:\/\/brandss.com.py\/index\/wp-json\/wp\/v2\/product_cat?post=68791"},{"taxonomy":"product_tag","embeddable":true,"href":"https:\/\/brandss.com.py\/index\/wp-json\/wp\/v2\/product_tag?post=68791"}],"curies":[{"name":"wp","href":"https:\/\/api.w.org\/{rel}","templated":true}]}}