{"id":68808,"date":"2025-01-31T18:08:36","date_gmt":"2025-01-31T18:08:36","guid":{"rendered":"https:\/\/brandss.com.py\/index\/?post_type=product&#038;p=68808"},"modified":"2026-03-30T19:18:22","modified_gmt":"2026-03-30T19:18:22","slug":"perfume-masculino-boulevard-haussmann-edp-100ml","status":"publish","type":"product","link":"https:\/\/brandss.com.py\/index\/producto\/perfume-masculino-boulevard-haussmann-edp-100ml\/","title":{"rendered":"PERFUME MASCULINO BOULEVARD HAUSSMANN EDP 100ML"},"content":{"rendered":"<p><img loading=\"lazy\" decoding=\"async\" class=\"\" src=\"https:\/\/assets.lifeboat.app\/25q2a0otxbcmbm4l\/16801869034syok539__FitWzEwODAsMTA4MF0.bv-paris.png\" alt=\"Discover Boulevard Paris Fragrances - nsejt.mt\" width=\"123\" height=\"123\" \/><\/p>\n<h1>HAUSSMANN<\/h1>\n<div class=\"elementor-element elementor-element-78e253d elementor-widget elementor-widget-text-editor\" data-id=\"78e253d\" data-element_type=\"widget\" data-widget_type=\"text-editor.default\">\n<div class=\"elementor-widget-container\">\n<div class=\"elementor-text-editor elementor-clearfix\"><span>El Boulevard Haussmann, icono del lujo y la grandeza, alberga prestigiosas marcas de moda, famosos hoteles, as\u00ed como la famosa \u00f3pera parisina, el Palais Garnier.<\/span><\/div>\n<\/div>\n<\/div>\n<div class=\"elementor-element elementor-element-800d726 elementor-widget elementor-widget-text-editor\" data-id=\"800d726\" data-element_type=\"widget\" data-widget_type=\"text-editor.default\">\n<div class=\"elementor-widget-container\">\n<div class=\"elementor-text-editor elementor-clearfix\"><span>Nuestro Eau de Parfum Haussmann es la historia de un parisino de nacimiento. Notas de verbena ex\u00f3tica, lavanda y bergamota confieren a la creaci\u00f3n la impronta lim\u00f3n de un car\u00e1cter impregnado de cultura. El jazm\u00edn, mezclado con pomarosa y matices de cedro blanco, presenta una madurez elegante, entre potencia y serenidad. Y, luego, la estela es una infusi\u00f3n de ambroxan, s\u00e1ndalo y haba tonka, notas embriagadoras de alguien apasionado.<\/span><\/div>\n<h3><\/h3>\n<h3>Notas Olfativas<\/h3>\n<div><\/div>\n<div>El perfume Haussmann de Boulevard es una fragancia de la familia olfativa oriental frutal para hombres.<\/p>\n<ul>\n<li><strong>Notas de salida:<\/strong>\u00a0Lavanda, bergamota y hoja de pi\u00f1a<\/li>\n<li><strong>Notas de coraz\u00f3n:<\/strong>\u00a0Jazm\u00edn, rosa, madera de cedro y pomosa<\/li>\n<li><strong>Notas de fondo:<\/strong>\u00a0Ambroxan, s\u00e1ndalo, haba tonka y evernilo<\/li>\n<\/ul>\n<\/div>\n<\/div>\n<\/div>\n","protected":false},"excerpt":{"rendered":"<p>HAUSSMANN El Boulevard Haussmann, icono del lujo y la grandeza, alberga prestigiosas marcas de moda, famosos hoteles, as\u00ed como la<\/p>\n","protected":false},"featured_media":68811,"comment_status":"open","ping_status":"closed","template":"","meta":{"nf_dc_page":""},"product_brand":[1713],"product_cat":[84],"product_tag":[1942],"class_list":{"0":"post-68808","1":"product","2":"type-product","3":"status-publish","4":"has-post-thumbnail","6":"product_brand-boulevard","7":"product_cat-perfumeria","8":"product_tag-1942","10":"first","11":"instock","12":"shipping-taxable","13":"purchasable","14":"product-type-simple"},"_links":{"self":[{"href":"https:\/\/brandss.com.py\/index\/wp-json\/wp\/v2\/product\/68808","targetHints":{"allow":["GET"]}}],"collection":[{"href":"https:\/\/brandss.com.py\/index\/wp-json\/wp\/v2\/product"}],"about":[{"href":"https:\/\/brandss.com.py\/index\/wp-json\/wp\/v2\/types\/product"}],"replies":[{"embeddable":true,"href":"https:\/\/brandss.com.py\/index\/wp-json\/wp\/v2\/comments?post=68808"}],"version-history":[{"count":1,"href":"https:\/\/brandss.com.py\/index\/wp-json\/wp\/v2\/product\/68808\/revisions"}],"predecessor-version":[{"id":68816,"href":"https:\/\/brandss.com.py\/index\/wp-json\/wp\/v2\/product\/68808\/revisions\/68816"}],"wp:featuredmedia":[{"embeddable":true,"href":"https:\/\/brandss.com.py\/index\/wp-json\/wp\/v2\/media\/68811"}],"wp:attachment":[{"href":"https:\/\/brandss.com.py\/index\/wp-json\/wp\/v2\/media?parent=68808"}],"wp:term":[{"taxonomy":"product_brand","embeddable":true,"href":"https:\/\/brandss.com.py\/index\/wp-json\/wp\/v2\/product_brand?post=68808"},{"taxonomy":"product_cat","embeddable":true,"href":"https:\/\/brandss.com.py\/index\/wp-json\/wp\/v2\/product_cat?post=68808"},{"taxonomy":"product_tag","embeddable":true,"href":"https:\/\/brandss.com.py\/index\/wp-json\/wp\/v2\/product_tag?post=68808"}],"curies":[{"name":"wp","href":"https:\/\/api.w.org\/{rel}","templated":true}]}}