{"id":68838,"date":"2025-02-01T12:00:14","date_gmt":"2025-02-01T12:00:14","guid":{"rendered":"https:\/\/brandss.com.py\/index\/?post_type=product&#038;p=68838"},"modified":"2025-12-11T14:34:38","modified_gmt":"2025-12-11T14:34:38","slug":"perfume-femenino-sahari-al-lulu-al-abiyedh-edp-1ooml","status":"publish","type":"product","link":"https:\/\/brandss.com.py\/index\/producto\/perfume-femenino-sahari-al-lulu-al-abiyedh-edp-1ooml\/","title":{"rendered":"PERFUME FEMENINO SAHARI AL LULU AL ABIYEDH EDP 1OOML"},"content":{"rendered":"<p><img decoding=\"async\" src=\"https:\/\/encrypted-tbn0.gstatic.com\/images?q=tbn:ANd9GcTCyBSEQ8FyWWLlWSlAuCevNcAITRtV5zeZHQ&amp;s\" alt=\"Sahari Perfumes | Fragrance House (@sahari_perfumes) \u2022 Instagram photos and videos\" \/><\/p>\n<h1>AL LULU AL ABIYEDH<\/h1>\n<p>Es un perfume cautivador que pertenece a la familia olfativa floral frutal, dise\u00f1ada tanto para hombres como para mujeres. Esta fragancia evoca la frescura y la dulzura de un oasis en el desierto, con una mezcla armoniosa de notas florales y frutales. Las notas frutales aportan una sensaci\u00f3n de vitalidad y energ\u00eda, mientras que las notas florales a\u00f1aden un toque de sofisticaci\u00f3n y elegancia.<\/p>\n<p><img loading=\"lazy\" decoding=\"async\" class=\"alignleft\" src=\"https:\/\/images.prom.ua\/6115019137_w600_h600_6115019137.jpg\" width=\"458\" height=\"458\" \/><\/p>\n<h3>Notas Olfativas<\/h3>\n<p>&nbsp;<\/p>\n<p><span>Elegante y simplemente encantador,\u00a0<\/span>Al Lulu Al Abiyedh <span>es el perfume ideal para aquellos con un estilo rom\u00e1ntico y cl\u00e1sico.\u00a0<\/span><span>La fragancia se abre con una refrescante mezcla de pi\u00f1a, manzana y notas verdes, antes de revelar un coraz\u00f3n sofisticado y envolvente de jazm\u00edn, ylang-ylang, rosa, iris y ciruela. <\/span><span>Finalmente, una base sensual de Almizcle Blanco, Vainilla y Notas Azucaradas.<\/span><\/p>\n<div><strong>Notas de salida:<\/strong>\u00a0Pi\u00f1a, manzana y notas verdes.<\/div>\n<div><\/div>\n<div><strong>Notas de coraz\u00f3n: <\/strong>Jazm\u00edn, ylang ylang, rosa, iris y ciruela.<\/div>\n<div><\/div>\n<div><strong>Notas de fondo: <\/strong>Almizcle blanco, vainilla y notas azucaradas.<\/div>\n","protected":false},"excerpt":{"rendered":"<p>AL LULU AL ABIYEDH Es un perfume cautivador que pertenece a la familia olfativa floral frutal, dise\u00f1ada tanto para hombres<\/p>\n","protected":false},"featured_media":87930,"comment_status":"open","ping_status":"closed","template":"","meta":{"nf_dc_page":""},"product_brand":[1940],"product_cat":[84],"product_tag":[1946],"class_list":{"0":"post-68838","1":"product","2":"type-product","3":"status-publish","4":"has-post-thumbnail","6":"product_brand-sahari","7":"product_cat-perfumeria","8":"product_tag-1946","10":"first","11":"outofstock","12":"shipping-taxable","13":"purchasable","14":"product-type-simple"},"_links":{"self":[{"href":"https:\/\/brandss.com.py\/index\/wp-json\/wp\/v2\/product\/68838","targetHints":{"allow":["GET"]}}],"collection":[{"href":"https:\/\/brandss.com.py\/index\/wp-json\/wp\/v2\/product"}],"about":[{"href":"https:\/\/brandss.com.py\/index\/wp-json\/wp\/v2\/types\/product"}],"replies":[{"embeddable":true,"href":"https:\/\/brandss.com.py\/index\/wp-json\/wp\/v2\/comments?post=68838"}],"version-history":[{"count":3,"href":"https:\/\/brandss.com.py\/index\/wp-json\/wp\/v2\/product\/68838\/revisions"}],"predecessor-version":[{"id":87934,"href":"https:\/\/brandss.com.py\/index\/wp-json\/wp\/v2\/product\/68838\/revisions\/87934"}],"wp:featuredmedia":[{"embeddable":true,"href":"https:\/\/brandss.com.py\/index\/wp-json\/wp\/v2\/media\/87930"}],"wp:attachment":[{"href":"https:\/\/brandss.com.py\/index\/wp-json\/wp\/v2\/media?parent=68838"}],"wp:term":[{"taxonomy":"product_brand","embeddable":true,"href":"https:\/\/brandss.com.py\/index\/wp-json\/wp\/v2\/product_brand?post=68838"},{"taxonomy":"product_cat","embeddable":true,"href":"https:\/\/brandss.com.py\/index\/wp-json\/wp\/v2\/product_cat?post=68838"},{"taxonomy":"product_tag","embeddable":true,"href":"https:\/\/brandss.com.py\/index\/wp-json\/wp\/v2\/product_tag?post=68838"}],"curies":[{"name":"wp","href":"https:\/\/api.w.org\/{rel}","templated":true}]}}