{"id":68967,"date":"2025-02-01T14:12:52","date_gmt":"2025-02-01T14:12:52","guid":{"rendered":"https:\/\/brandss.com.py\/index\/?post_type=product&#038;p=68967"},"modified":"2026-03-30T11:45:25","modified_gmt":"2026-03-30T11:45:25","slug":"perfume-masculino-amaran-kings-queen-tobacco-edp-100ml","status":"publish","type":"product","link":"https:\/\/brandss.com.py\/index\/producto\/perfume-masculino-amaran-kings-queen-tobacco-edp-100ml\/","title":{"rendered":"PERFUME MASCULINO AMARAN KINGS &amp; QUEEN TOBACCO EDP 100ML"},"content":{"rendered":"<p><img loading=\"lazy\" decoding=\"async\" class=\"\" src=\"https:\/\/www.shoppingchina.com.py\/rails\/active_storage\/blobs\/redirect\/eyJfcmFpbHMiOnsibWVzc2FnZSI6IkJBaHBBNWovRHc9PSIsImV4cCI6bnVsbCwicHVyIjoiYmxvYl9pZCJ9fQ==--55c9bc8ed34fd89755e399a0e3913d5380e92eb0\/amaran.webp\" alt=\"PERFUME AMARAN HEAVEN RAYYAN EDP 100ML\" width=\"121\" height=\"121\" \/><\/p>\n<h1>KINGS &amp; QUEEN TOBACCO<\/h1>\n<p>Una c\u00e1lida y ahumada manta de artesan\u00eda art\u00edstica produce Kings &amp; Queens Tobacco, un Eau de Parfum que te envuelve lentamente en sus notas lujosamente cautivadoras.Este perfume es una celebraci\u00f3n de la sofisticaci\u00f3n y el lujo contempor\u00e1neo. Con una combinaci\u00f3n exquisita de notas frescas, florales y amaderadas, esta fragancia refinada envuelve los sentidos desde el primer instante. Las notas de salida c\u00edtricas y vibrantes, el coraz\u00f3n floral elegante, y la base c\u00e1lida de maderas preciosas y almizcle aseguran una experiencia duradera y distintiva. Ideal para quienes buscan una fragancia que exprese estilo y distinci\u00f3n, es perfecto para cualquier ocasi\u00f3n especial, dejando una presencia inolvidable y sofisticada.<img loading=\"lazy\" decoding=\"async\" class=\"alignleft\" src=\"https:\/\/scentsbypearls.com\/wp-content\/uploads\/2024\/09\/img_7645-scaled.jpeg\" width=\"720\" height=\"720\" \/><\/p>\n<p>&nbsp;<\/p>\n<h3>Notas Olfativas<\/h3>\n<p>&nbsp;<\/p>\n<p><span>Kings &amp; Queen Tobacco<\/span>\u00a0<span>de\u00a0Amaran\u00a0<\/span><span>es<\/span><span>\u00a0una fragancia de la familia olfativa oriental amaderada para mujeres. Con una concentraci\u00f3n tipo Eau de Parfum, ofrece un aroma arom\u00e1tico muy intenso y duradero sobre la piel. Sus notas est\u00e1n compuestas por los siguientes ingredientes\u00a0<\/span><span>.<\/span><\/p>\n<ul>\n<li><strong><span>Notas de salida:<\/span><\/strong><span> Osmanthus, c\u00edtricos, artemisa, jengibre.\n<p><\/span><\/li>\n<li><strong><span>Notas de coraz\u00f3n: <\/span><\/strong>Tabaco, Pachul\u00ed, Guaiac, Madera, Vetiver.<\/li>\n<li><span dir=\"ltr\" lang=\"es-MX\"><strong><span>Notas de fondo:<\/span><\/strong><\/span><span dir=\"ltr\" lang=\"es-MX\"><span> Haba tonka, vainilla.<\/span><\/span><\/li>\n<\/ul>\n","protected":false},"excerpt":{"rendered":"<p>KINGS &amp; QUEEN TOBACCO Una c\u00e1lida y ahumada manta de artesan\u00eda art\u00edstica produce Kings &amp; Queens Tobacco, un Eau de<\/p>\n","protected":false},"featured_media":68968,"comment_status":"open","ping_status":"closed","template":"","meta":{"nf_dc_page":""},"product_brand":[1537],"product_cat":[84],"product_tag":[1957],"class_list":{"0":"post-68967","1":"product","2":"type-product","3":"status-publish","4":"has-post-thumbnail","6":"product_brand-amaran","7":"product_cat-perfumeria","8":"product_tag-1957","10":"first","11":"outofstock","12":"shipping-taxable","13":"purchasable","14":"product-type-simple"},"_links":{"self":[{"href":"https:\/\/brandss.com.py\/index\/wp-json\/wp\/v2\/product\/68967","targetHints":{"allow":["GET"]}}],"collection":[{"href":"https:\/\/brandss.com.py\/index\/wp-json\/wp\/v2\/product"}],"about":[{"href":"https:\/\/brandss.com.py\/index\/wp-json\/wp\/v2\/types\/product"}],"replies":[{"embeddable":true,"href":"https:\/\/brandss.com.py\/index\/wp-json\/wp\/v2\/comments?post=68967"}],"version-history":[{"count":1,"href":"https:\/\/brandss.com.py\/index\/wp-json\/wp\/v2\/product\/68967\/revisions"}],"predecessor-version":[{"id":68972,"href":"https:\/\/brandss.com.py\/index\/wp-json\/wp\/v2\/product\/68967\/revisions\/68972"}],"wp:featuredmedia":[{"embeddable":true,"href":"https:\/\/brandss.com.py\/index\/wp-json\/wp\/v2\/media\/68968"}],"wp:attachment":[{"href":"https:\/\/brandss.com.py\/index\/wp-json\/wp\/v2\/media?parent=68967"}],"wp:term":[{"taxonomy":"product_brand","embeddable":true,"href":"https:\/\/brandss.com.py\/index\/wp-json\/wp\/v2\/product_brand?post=68967"},{"taxonomy":"product_cat","embeddable":true,"href":"https:\/\/brandss.com.py\/index\/wp-json\/wp\/v2\/product_cat?post=68967"},{"taxonomy":"product_tag","embeddable":true,"href":"https:\/\/brandss.com.py\/index\/wp-json\/wp\/v2\/product_tag?post=68967"}],"curies":[{"name":"wp","href":"https:\/\/api.w.org\/{rel}","templated":true}]}}