{"id":69203,"date":"2025-02-03T12:47:40","date_gmt":"2025-02-03T12:47:40","guid":{"rendered":"https:\/\/brandss.com.py\/index\/?post_type=product&#038;p=69203"},"modified":"2026-03-30T13:44:32","modified_gmt":"2026-03-30T13:44:32","slug":"perfume-femenino-mirada-hashtag-liberty-edp-85ml","status":"publish","type":"product","link":"https:\/\/brandss.com.py\/index\/producto\/perfume-femenino-mirada-hashtag-liberty-edp-85ml\/","title":{"rendered":"PERFUME FEMENINO MIRADA HASHTAG LIBERTY EDP 85ML"},"content":{"rendered":"<p><img loading=\"lazy\" decoding=\"async\" class=\"\" src=\"https:\/\/static.wixstatic.com\/media\/0db4c0_6b66477cf9894fcc9c58ff827846b2ec~mv2.jpeg\/v1\/fit\/w_500,h_500,q_90\/file.jpg\" alt=\"Mirada | Perfume Wonders\" width=\"89\" height=\"63\" \/><\/p>\n<h1>HASHTAG LIBERTY<\/h1>\n<p>Un perfume cautivador que encarna la esencia del encanto y la seducci\u00f3n. Este perfume re\u00fane una mezcla de especias y aromas orientales en un solo frasco. Siente el lujo de esta fragancia y disfruta de su cari\u00f1o. Una fragancia de pura elegancia que s\u00f3lo puede ser usada por una mujer como t\u00fa. Hashtag Liberty es una elegante fragancia que llama a la libertad, a trav\u00e9s de una mezcla \u00fanica de aromas florales arom\u00e1ticos. Es una expresi\u00f3n de fascinaci\u00f3n y elegancia, dise\u00f1ado para realzar la personalidad y dejar una impresi\u00f3n inolvidable en aquellos que lo perciben.<\/p>\n<h3>Notas Olfativas<\/h3>\n<p>&nbsp;<\/p>\n<p>El perfume Hashtag Libertad de Mirada es una fragancia de la familia olfativa floral para mujeres.<\/p>\n<ul>\n<li><strong>Notas de salida:<\/strong>\u00a0Lavanda, naranja, grosella negra y petitgrain<\/li>\n<li><strong>Notas de coraz\u00f3n:<\/strong>\u00a0Jazm\u00edn, lavanda y azahar<\/li>\n<li><strong>Notas de fondo:\u00a0<\/strong>Vainilla, almizcle, cedro y \u00e1mbar gris<\/li>\n<\/ul>\n","protected":false},"excerpt":{"rendered":"<p>HASHTAG LIBERTY Un perfume cautivador que encarna la esencia del encanto y la seducci\u00f3n. Este perfume re\u00fane una mezcla de<\/p>\n","protected":false},"featured_media":69205,"comment_status":"open","ping_status":"closed","template":"","meta":{"nf_dc_page":""},"product_brand":[1968],"product_cat":[84],"product_tag":[1981],"class_list":{"0":"post-69203","1":"product","2":"type-product","3":"status-publish","4":"has-post-thumbnail","6":"product_brand-mirada","7":"product_cat-perfumeria","8":"product_tag-1981","10":"first","11":"instock","12":"sale","13":"shipping-taxable","14":"purchasable","15":"product-type-simple"},"_links":{"self":[{"href":"https:\/\/brandss.com.py\/index\/wp-json\/wp\/v2\/product\/69203","targetHints":{"allow":["GET"]}}],"collection":[{"href":"https:\/\/brandss.com.py\/index\/wp-json\/wp\/v2\/product"}],"about":[{"href":"https:\/\/brandss.com.py\/index\/wp-json\/wp\/v2\/types\/product"}],"replies":[{"embeddable":true,"href":"https:\/\/brandss.com.py\/index\/wp-json\/wp\/v2\/comments?post=69203"}],"version-history":[{"count":1,"href":"https:\/\/brandss.com.py\/index\/wp-json\/wp\/v2\/product\/69203\/revisions"}],"predecessor-version":[{"id":69209,"href":"https:\/\/brandss.com.py\/index\/wp-json\/wp\/v2\/product\/69203\/revisions\/69209"}],"wp:featuredmedia":[{"embeddable":true,"href":"https:\/\/brandss.com.py\/index\/wp-json\/wp\/v2\/media\/69205"}],"wp:attachment":[{"href":"https:\/\/brandss.com.py\/index\/wp-json\/wp\/v2\/media?parent=69203"}],"wp:term":[{"taxonomy":"product_brand","embeddable":true,"href":"https:\/\/brandss.com.py\/index\/wp-json\/wp\/v2\/product_brand?post=69203"},{"taxonomy":"product_cat","embeddable":true,"href":"https:\/\/brandss.com.py\/index\/wp-json\/wp\/v2\/product_cat?post=69203"},{"taxonomy":"product_tag","embeddable":true,"href":"https:\/\/brandss.com.py\/index\/wp-json\/wp\/v2\/product_tag?post=69203"}],"curies":[{"name":"wp","href":"https:\/\/api.w.org\/{rel}","templated":true}]}}