{"id":69299,"date":"2025-02-03T17:08:26","date_gmt":"2025-02-03T17:08:26","guid":{"rendered":"https:\/\/brandss.com.py\/index\/?post_type=product&#038;p=69299"},"modified":"2026-03-30T18:33:32","modified_gmt":"2026-03-30T18:33:32","slug":"perfume-masculino-camara-vamos-voyage-elixir-edp-100ml","status":"publish","type":"product","link":"https:\/\/brandss.com.py\/index\/producto\/perfume-masculino-camara-vamos-voyage-elixir-edp-100ml\/","title":{"rendered":"PERFUME MASCULINO CAMARA VAMOS VOYAGE ELIXIR EDP 100ML"},"content":{"rendered":"<p><img loading=\"lazy\" decoding=\"async\" class=\"\" src=\"https:\/\/aunmasguapa.com\/cdn\/shop\/collections\/Captura_de_pantalla_2025-01-12_a_las_20.12.24.png?v=1736709579&amp;width=1500\" alt=\"A\u00fan M\u00e1s Guapa!\" width=\"103\" height=\"95\" \/><\/p>\n<h1>VAMOS VOYAGE ELIXIR<\/h1>\n<p>Vamos Voyage Elixir es una fragancia excepcional que crea una poderosa estela arom\u00e1tica utilizando sus extremadamente ricos ingredientes. Esta fragancia excepcional est\u00e1 poderosamente dise\u00f1ada para transmitir el deseo de sus usuarios por el lujo, la elegancia y, sobre todo, una sensaci\u00f3n de confianza que nunca podr\u00e1 romperse.<\/p>\n<p>&nbsp;<\/p>\n<h3>Notas Olfativas<\/h3>\n<p>&nbsp;<\/p>\n<p><span><strong>Notas de salida:<\/strong> canela, nuez moscada, cardamomo, pomelo, lima.<\/span><\/p>\n<p><span><strong>Notas de coraz\u00f3n:<\/strong> Lavanda<\/span><\/p>\n<p><span><strong>Notas de fondo:<\/strong> regaliz, \u00e1mbar, s\u00e1ndalo, pachul\u00ed, vetiver de Hait\u00ed.<\/span><\/p>\n<p>&nbsp;<\/p>\n<p>&nbsp;<\/p>\n<p>&nbsp;<\/p>\n","protected":false},"excerpt":{"rendered":"<p>VAMOS VOYAGE ELIXIR Vamos Voyage Elixir es una fragancia excepcional que crea una poderosa estela arom\u00e1tica utilizando sus extremadamente ricos<\/p>\n","protected":false},"featured_media":69300,"comment_status":"open","ping_status":"closed","template":"","meta":{"nf_dc_page":""},"product_brand":[1992],"product_cat":[84],"product_tag":[1994],"class_list":{"0":"post-69299","1":"product","2":"type-product","3":"status-publish","4":"has-post-thumbnail","6":"product_brand-camara","7":"product_cat-perfumeria","8":"product_tag-1994","10":"first","11":"outofstock","12":"shipping-taxable","13":"purchasable","14":"product-type-simple"},"_links":{"self":[{"href":"https:\/\/brandss.com.py\/index\/wp-json\/wp\/v2\/product\/69299","targetHints":{"allow":["GET"]}}],"collection":[{"href":"https:\/\/brandss.com.py\/index\/wp-json\/wp\/v2\/product"}],"about":[{"href":"https:\/\/brandss.com.py\/index\/wp-json\/wp\/v2\/types\/product"}],"replies":[{"embeddable":true,"href":"https:\/\/brandss.com.py\/index\/wp-json\/wp\/v2\/comments?post=69299"}],"version-history":[{"count":1,"href":"https:\/\/brandss.com.py\/index\/wp-json\/wp\/v2\/product\/69299\/revisions"}],"predecessor-version":[{"id":69303,"href":"https:\/\/brandss.com.py\/index\/wp-json\/wp\/v2\/product\/69299\/revisions\/69303"}],"wp:featuredmedia":[{"embeddable":true,"href":"https:\/\/brandss.com.py\/index\/wp-json\/wp\/v2\/media\/69300"}],"wp:attachment":[{"href":"https:\/\/brandss.com.py\/index\/wp-json\/wp\/v2\/media?parent=69299"}],"wp:term":[{"taxonomy":"product_brand","embeddable":true,"href":"https:\/\/brandss.com.py\/index\/wp-json\/wp\/v2\/product_brand?post=69299"},{"taxonomy":"product_cat","embeddable":true,"href":"https:\/\/brandss.com.py\/index\/wp-json\/wp\/v2\/product_cat?post=69299"},{"taxonomy":"product_tag","embeddable":true,"href":"https:\/\/brandss.com.py\/index\/wp-json\/wp\/v2\/product_tag?post=69299"}],"curies":[{"name":"wp","href":"https:\/\/api.w.org\/{rel}","templated":true}]}}