{"id":69520,"date":"2025-02-04T18:42:58","date_gmt":"2025-02-04T18:42:58","guid":{"rendered":"https:\/\/brandss.com.py\/index\/?post_type=product&#038;p=69520"},"modified":"2025-02-04T18:43:43","modified_gmt":"2025-02-04T18:43:43","slug":"camisa-femenino-tommy-hilfifer-tommy-jeans-mangas-largas","status":"publish","type":"product","link":"https:\/\/brandss.com.py\/index\/producto\/camisa-femenino-tommy-hilfifer-tommy-jeans-mangas-largas\/","title":{"rendered":"CAMISA FEMENINO TOMMY HILFIFER TOMMY JEANS MANGAS LARGAS"},"content":{"rendered":"<p><img loading=\"lazy\" decoding=\"async\" class=\"\" src=\"https:\/\/1000marcas.net\/wp-content\/uploads\/2020\/01\/Tommy-Hilfiger-logo.png\" alt=\"Tommy Hilfiger Logo - s\u00edmbolo, significado logotipo, historia, PNG\" width=\"105\" height=\"59\" \/><\/p>\n<h1>TOMMY JEANS<\/h1>\n<p>Lleva tu estilo a la \u00faltima con esta sobrecamisa te\u00f1ida de Tommy Hilfiger. Confeccionada en denim de algod\u00f3n puro, incluye un corte oversize, cuello, abertura frontal con cierre de botones, pu\u00f1os abotonados, dobladillo recto con aberturas, bolsillo grande en el pecho con la marca Tommy y la marca Tommy Jeans en toda la prenda.<\/p>\n<div class=\"ProductActive__descriptionParagraph__UR7wG\"><span>&#8211; Para la producci\u00f3n se utiliz\u00f3 algod\u00f3n sostenible.<\/span><br \/>\n<span>&#8211; Modelo holgado.<\/span><br \/>\n<span>&#8211; L\u00ednea de hombros ca\u00edda.<\/span><br \/>\n<span>&#8211; Mangas con pu\u00f1os abotonados.<\/span><br \/>\n<span>&#8211; Cierre con bot\u00f3n a presi\u00f3n.<\/span><br \/>\n<span>&#8211; Bolsillo en el pecho.<\/span><\/div>\n<div>&#8211; Color: Ocean Tide (azul turquesa)<\/div>\n<div class=\"ProductActive__descriptionParagraph__UR7wG\"><span>&#8211; Modelo<\/span><span>:\u00a0<\/span><span>DW0DW15025.<\/span><\/div>\n","protected":false},"excerpt":{"rendered":"<p>TOMMY JEANS Lleva tu estilo a la \u00faltima con esta sobrecamisa te\u00f1ida de Tommy Hilfiger. Confeccionada en denim de algod\u00f3n<\/p>\n","protected":false},"featured_media":69521,"comment_status":"open","ping_status":"closed","template":"","meta":{"nf_dc_page":""},"product_brand":[],"product_cat":[73],"product_tag":[],"class_list":{"0":"post-69520","1":"product","2":"type-product","3":"status-publish","4":"has-post-thumbnail","6":"product_cat-femenino","8":"first","9":"instock","10":"shipping-taxable","11":"purchasable","12":"product-type-simple"},"_links":{"self":[{"href":"https:\/\/brandss.com.py\/index\/wp-json\/wp\/v2\/product\/69520","targetHints":{"allow":["GET"]}}],"collection":[{"href":"https:\/\/brandss.com.py\/index\/wp-json\/wp\/v2\/product"}],"about":[{"href":"https:\/\/brandss.com.py\/index\/wp-json\/wp\/v2\/types\/product"}],"replies":[{"embeddable":true,"href":"https:\/\/brandss.com.py\/index\/wp-json\/wp\/v2\/comments?post=69520"}],"version-history":[{"count":1,"href":"https:\/\/brandss.com.py\/index\/wp-json\/wp\/v2\/product\/69520\/revisions"}],"predecessor-version":[{"id":69526,"href":"https:\/\/brandss.com.py\/index\/wp-json\/wp\/v2\/product\/69520\/revisions\/69526"}],"wp:featuredmedia":[{"embeddable":true,"href":"https:\/\/brandss.com.py\/index\/wp-json\/wp\/v2\/media\/69521"}],"wp:attachment":[{"href":"https:\/\/brandss.com.py\/index\/wp-json\/wp\/v2\/media?parent=69520"}],"wp:term":[{"taxonomy":"product_brand","embeddable":true,"href":"https:\/\/brandss.com.py\/index\/wp-json\/wp\/v2\/product_brand?post=69520"},{"taxonomy":"product_cat","embeddable":true,"href":"https:\/\/brandss.com.py\/index\/wp-json\/wp\/v2\/product_cat?post=69520"},{"taxonomy":"product_tag","embeddable":true,"href":"https:\/\/brandss.com.py\/index\/wp-json\/wp\/v2\/product_tag?post=69520"}],"curies":[{"name":"wp","href":"https:\/\/api.w.org\/{rel}","templated":true}]}}