{"id":69554,"date":"2025-02-05T12:13:30","date_gmt":"2025-02-05T12:13:30","guid":{"rendered":"https:\/\/brandss.com.py\/index\/?post_type=product&#038;p=69554"},"modified":"2026-04-11T13:21:33","modified_gmt":"2026-04-11T13:21:33","slug":"leggings-deportivo-femenino-adidas-run-it-3-stripes-7-8","status":"publish","type":"product","link":"https:\/\/brandss.com.py\/index\/producto\/leggings-deportivo-femenino-adidas-run-it-3-stripes-7-8\/","title":{"rendered":"LEGGINGS DEPORTIVO FEMENINO ADIDAS RUN IT 3 STRIPES 7\/8"},"content":{"rendered":"<p><img loading=\"lazy\" decoding=\"async\" class=\"\" src=\"https:\/\/encrypted-tbn0.gstatic.com\/images?q=tbn:ANd9GcSGLJC-hmcfN9t5pvZRmFrTBktTfr4lpdWKTA&amp;s\" alt=\"Archivo:Adidas Logo.svg - Wikipedia, la enciclopedia libre\" width=\"89\" height=\"60\" \/><\/p>\n<h1>RUN IT 3 STRIPES 7\/8<\/h1>\n<p><span>Encuentra calor en las carreras matinales frescas. Si\u00e9ntete fresco al final. Estas mallas para correr de adidas absorben la humedad para que te sientas seco y seguro. Una cintura el\u00e1stica con cord\u00f3n de ajuste mantiene las mallas en su lugar mientras corres por esa intersecci\u00f3n.<\/span><\/p>\n<ul>\n<li><span>Ajuste ce\u00f1ido<\/span><\/li>\n<li><span>Cintura el\u00e1stica con cord\u00f3n.<\/span><\/li>\n<li><span>Tejido de punto doble: 55 % poli\u00e9ster reciclado, 28 % poli\u00e9ster, 17 % elastano.<\/span><\/li>\n<li><span>AEROREADY que absorbe la humedad<\/span><\/li>\n<li><span>Mallas largas para correr<\/span><\/li>\n<li><span>Bolsillo con cremallera que protege contra el sudor<\/span><\/li>\n<li><span>360 grados de reflectividad<\/span><\/li>\n<li><span>Doble punto<\/span><\/li>\n<li><span>Estas medias est\u00e1n confeccionadas con poli\u00e9ster reciclado para ahorrar recursos y disminuir las emisiones.<\/span><\/li>\n<li><span>Color: Negro<\/span><\/li>\n<li><span>Modelo: ED9305<\/span><\/li>\n<\/ul>\n","protected":false},"excerpt":{"rendered":"<p>RUN IT 3 STRIPES 7\/8 Encuentra calor en las carreras matinales frescas. Si\u00e9ntete fresco al final. Estas mallas para correr<\/p>\n","protected":false},"featured_media":69555,"comment_status":"open","ping_status":"closed","template":"","meta":{"nf_dc_page":""},"product_brand":[],"product_cat":[73],"product_tag":[],"class_list":{"0":"post-69554","1":"product","2":"type-product","3":"status-publish","4":"has-post-thumbnail","6":"product_cat-femenino","8":"first","9":"outofstock","10":"shipping-taxable","11":"purchasable","12":"product-type-simple"},"_links":{"self":[{"href":"https:\/\/brandss.com.py\/index\/wp-json\/wp\/v2\/product\/69554","targetHints":{"allow":["GET"]}}],"collection":[{"href":"https:\/\/brandss.com.py\/index\/wp-json\/wp\/v2\/product"}],"about":[{"href":"https:\/\/brandss.com.py\/index\/wp-json\/wp\/v2\/types\/product"}],"replies":[{"embeddable":true,"href":"https:\/\/brandss.com.py\/index\/wp-json\/wp\/v2\/comments?post=69554"}],"version-history":[{"count":1,"href":"https:\/\/brandss.com.py\/index\/wp-json\/wp\/v2\/product\/69554\/revisions"}],"predecessor-version":[{"id":69564,"href":"https:\/\/brandss.com.py\/index\/wp-json\/wp\/v2\/product\/69554\/revisions\/69564"}],"wp:featuredmedia":[{"embeddable":true,"href":"https:\/\/brandss.com.py\/index\/wp-json\/wp\/v2\/media\/69555"}],"wp:attachment":[{"href":"https:\/\/brandss.com.py\/index\/wp-json\/wp\/v2\/media?parent=69554"}],"wp:term":[{"taxonomy":"product_brand","embeddable":true,"href":"https:\/\/brandss.com.py\/index\/wp-json\/wp\/v2\/product_brand?post=69554"},{"taxonomy":"product_cat","embeddable":true,"href":"https:\/\/brandss.com.py\/index\/wp-json\/wp\/v2\/product_cat?post=69554"},{"taxonomy":"product_tag","embeddable":true,"href":"https:\/\/brandss.com.py\/index\/wp-json\/wp\/v2\/product_tag?post=69554"}],"curies":[{"name":"wp","href":"https:\/\/api.w.org\/{rel}","templated":true}]}}