{"id":69714,"date":"2025-02-05T17:33:15","date_gmt":"2025-02-05T17:33:15","guid":{"rendered":"https:\/\/brandss.com.py\/index\/?post_type=product&#038;p=69714"},"modified":"2025-02-05T17:33:56","modified_gmt":"2025-02-05T17:33:56","slug":"camiseta-deportivo-femenino-adidas-cropped-sin-mangas","status":"publish","type":"product","link":"https:\/\/brandss.com.py\/index\/producto\/camiseta-deportivo-femenino-adidas-cropped-sin-mangas\/","title":{"rendered":"CAMISETA DEPORTIVO FEMENINO ADIDAS CROPPED SIN MANGAS"},"content":{"rendered":"<p><img loading=\"lazy\" decoding=\"async\" class=\"\" src=\"https:\/\/encrypted-tbn0.gstatic.com\/images?q=tbn:ANd9GcSGLJC-hmcfN9t5pvZRmFrTBktTfr4lpdWKTA&amp;s\" alt=\"Archivo:Adidas Logo.svg - Wikipedia, la enciclopedia libre\" width=\"85\" height=\"57\" \/><\/p>\n<h1>CROPPED<\/h1>\n<p>Dale un impulso a tu look. Esta camiseta sin mangas de adidas marca el tono de tu estilo y garantiza que todas las dem\u00e1s prendas combinen entre s\u00ed. Suficientemente simple para combinar con cualquier cosa, este look moderno es un \u00e9xito en cualquier lugar. Ahora prepararse por la ma\u00f1ana es mucho m\u00e1s f\u00e1cil.<\/p>\n<ul class=\"product-info__features\">\n<li id=\"pd1\" class=\"product-info__feature\"><span>Camiseta sin mangas corta de doble capa con tres tirantes finos de adidas Originals.\u00a0<\/span><\/li>\n<li id=\"pd2\" class=\"product-info__feature\"><span>Insignia con logotipo bordado.<\/span><\/li>\n<li id=\"pd3\" class=\"product-info__feature\"><span>89% poli\u00e9ster 11% elastano.<\/span><\/li>\n<li id=\"pd4\" class=\"product-info__feature\"><span>Escote redondo.<\/span><\/li>\n<li id=\"pd5\" class=\"product-info__feature\"><span>Correas de hombro.<\/span><\/li>\n<li id=\"pd6\" class=\"product-info__feature\"><span>El\u00e1stico debajo del busto.<\/span><\/li>\n<li class=\"product-info__feature\">Lavar a m\u00e1quina a 40 grados C.<\/li>\n<li>Color: Magic Pink.<\/li>\n<li>Modelo: FU3843<\/li>\n<\/ul>\n","protected":false},"excerpt":{"rendered":"<p>CROPPED Dale un impulso a tu look. Esta camiseta sin mangas de adidas marca el tono de tu estilo y<\/p>\n","protected":false},"featured_media":69715,"comment_status":"open","ping_status":"closed","template":"","meta":{"nf_dc_page":""},"product_brand":[],"product_cat":[73],"product_tag":[],"class_list":{"0":"post-69714","1":"product","2":"type-product","3":"status-publish","4":"has-post-thumbnail","6":"product_cat-femenino","8":"first","9":"instock","10":"shipping-taxable","11":"purchasable","12":"product-type-simple"},"_links":{"self":[{"href":"https:\/\/brandss.com.py\/index\/wp-json\/wp\/v2\/product\/69714","targetHints":{"allow":["GET"]}}],"collection":[{"href":"https:\/\/brandss.com.py\/index\/wp-json\/wp\/v2\/product"}],"about":[{"href":"https:\/\/brandss.com.py\/index\/wp-json\/wp\/v2\/types\/product"}],"replies":[{"embeddable":true,"href":"https:\/\/brandss.com.py\/index\/wp-json\/wp\/v2\/comments?post=69714"}],"version-history":[{"count":1,"href":"https:\/\/brandss.com.py\/index\/wp-json\/wp\/v2\/product\/69714\/revisions"}],"predecessor-version":[{"id":69720,"href":"https:\/\/brandss.com.py\/index\/wp-json\/wp\/v2\/product\/69714\/revisions\/69720"}],"wp:featuredmedia":[{"embeddable":true,"href":"https:\/\/brandss.com.py\/index\/wp-json\/wp\/v2\/media\/69715"}],"wp:attachment":[{"href":"https:\/\/brandss.com.py\/index\/wp-json\/wp\/v2\/media?parent=69714"}],"wp:term":[{"taxonomy":"product_brand","embeddable":true,"href":"https:\/\/brandss.com.py\/index\/wp-json\/wp\/v2\/product_brand?post=69714"},{"taxonomy":"product_cat","embeddable":true,"href":"https:\/\/brandss.com.py\/index\/wp-json\/wp\/v2\/product_cat?post=69714"},{"taxonomy":"product_tag","embeddable":true,"href":"https:\/\/brandss.com.py\/index\/wp-json\/wp\/v2\/product_tag?post=69714"}],"curies":[{"name":"wp","href":"https:\/\/api.w.org\/{rel}","templated":true}]}}