{"id":69733,"date":"2025-02-05T18:30:26","date_gmt":"2025-02-05T18:30:26","guid":{"rendered":"https:\/\/brandss.com.py\/index\/?post_type=product&#038;p=69733"},"modified":"2025-02-05T18:30:48","modified_gmt":"2025-02-05T18:30:48","slug":"calzado-casual-femenino-adidas-stan-smith-black-snakeskin","status":"publish","type":"product","link":"https:\/\/brandss.com.py\/index\/producto\/calzado-casual-femenino-adidas-stan-smith-black-snakeskin\/","title":{"rendered":"CALZADO CASUAL FEMENINO ADIDAS STAN SMITH BLACK SNAKESKIN"},"content":{"rendered":"<p><img loading=\"lazy\" decoding=\"async\" class=\"\" src=\"https:\/\/encrypted-tbn0.gstatic.com\/images?q=tbn:ANd9GcSGLJC-hmcfN9t5pvZRmFrTBktTfr4lpdWKTA&amp;s\" alt=\"Archivo:Adidas Logo.svg - Wikipedia, la enciclopedia libre\" width=\"101\" height=\"68\" \/><\/p>\n<h1>STAN SMITH BLACK SNAKESKIN<\/h1>\n<h5 class=\"gl-heading--italic heading___3T8PO\"><span style=\"font-family: Trebuchet MS\">ZAPATOS DE TENIS CL\u00c1SICOS CON UN ASPECTO DE PIEL DE SERPIENTE.<\/span><\/h5>\n<p>Tu atuendo est\u00e1 dise\u00f1ado y tu ri\u00f1onera combina. Pero, \u00bfqu\u00e9 zapatos usar? Coge el cl\u00e1sico de Adidas que va con maxi vestidos y jeans por igual. Estos zapatos Stan Smith honran el aspecto limpio y el ambiente elegante del \u00edcono del tenis de la d\u00e9cada de 1970, pero lo modernizan con una parte superior de piel de serpiente brillante. Para un toque final juguet\u00f3n, esta versi\u00f3n muestra golpes de oro en la leng\u00fceta y el tal\u00f3n.<\/p>\n<ul>\n<li class=\"gl-vspace-bpall-small\">Ajuste regular.<\/li>\n<li class=\"gl-vspace-bpall-small\">Cierre de encaje.<\/li>\n<li class=\"gl-vspace-bpall-small\">Parte superior de cuero.<\/li>\n<li class=\"gl-vspace-bpall-small\">Entrenadores de tenis ic\u00f3nicos.<\/li>\n<li class=\"gl-vspace-bpall-small\">Forro textil.<\/li>\n<li class=\"gl-vspace-bpall-small\">Suela de goma.<\/li>\n<li class=\"gl-vspace-bpall-small\">Importado.<\/li>\n<li><span>Color: Blanco nube\/Negro n\u00facleo-Dorado metalizado.<\/span><\/li>\n<li><span>Modelo: FV3422.<\/span><\/li>\n<\/ul>\n","protected":false},"excerpt":{"rendered":"<p>STAN SMITH BLACK SNAKESKIN ZAPATOS DE TENIS CL\u00c1SICOS CON UN ASPECTO DE PIEL DE SERPIENTE. Tu atuendo est\u00e1 dise\u00f1ado y<\/p>\n","protected":false},"featured_media":69734,"comment_status":"open","ping_status":"closed","template":"","meta":{"nf_dc_page":""},"product_brand":[],"product_cat":[73],"product_tag":[],"class_list":{"0":"post-69733","1":"product","2":"type-product","3":"status-publish","4":"has-post-thumbnail","6":"product_cat-femenino","8":"first","9":"instock","10":"shipping-taxable","11":"purchasable","12":"product-type-simple"},"_links":{"self":[{"href":"https:\/\/brandss.com.py\/index\/wp-json\/wp\/v2\/product\/69733","targetHints":{"allow":["GET"]}}],"collection":[{"href":"https:\/\/brandss.com.py\/index\/wp-json\/wp\/v2\/product"}],"about":[{"href":"https:\/\/brandss.com.py\/index\/wp-json\/wp\/v2\/types\/product"}],"replies":[{"embeddable":true,"href":"https:\/\/brandss.com.py\/index\/wp-json\/wp\/v2\/comments?post=69733"}],"version-history":[{"count":1,"href":"https:\/\/brandss.com.py\/index\/wp-json\/wp\/v2\/product\/69733\/revisions"}],"predecessor-version":[{"id":69744,"href":"https:\/\/brandss.com.py\/index\/wp-json\/wp\/v2\/product\/69733\/revisions\/69744"}],"wp:featuredmedia":[{"embeddable":true,"href":"https:\/\/brandss.com.py\/index\/wp-json\/wp\/v2\/media\/69734"}],"wp:attachment":[{"href":"https:\/\/brandss.com.py\/index\/wp-json\/wp\/v2\/media?parent=69733"}],"wp:term":[{"taxonomy":"product_brand","embeddable":true,"href":"https:\/\/brandss.com.py\/index\/wp-json\/wp\/v2\/product_brand?post=69733"},{"taxonomy":"product_cat","embeddable":true,"href":"https:\/\/brandss.com.py\/index\/wp-json\/wp\/v2\/product_cat?post=69733"},{"taxonomy":"product_tag","embeddable":true,"href":"https:\/\/brandss.com.py\/index\/wp-json\/wp\/v2\/product_tag?post=69733"}],"curies":[{"name":"wp","href":"https:\/\/api.w.org\/{rel}","templated":true}]}}