{"id":69859,"date":"2025-02-06T16:23:28","date_gmt":"2025-02-06T16:23:28","guid":{"rendered":"https:\/\/brandss.com.py\/index\/?post_type=product&#038;p=69859"},"modified":"2025-02-06T16:24:30","modified_gmt":"2025-02-06T16:24:30","slug":"calzado-deportivo-masculino-adidas-geodiver","status":"publish","type":"product","link":"https:\/\/brandss.com.py\/index\/producto\/calzado-deportivo-masculino-adidas-geodiver\/","title":{"rendered":"CALZADO DEPORTIVO MASCULINO ADIDAS GEODIVER"},"content":{"rendered":"<p><img loading=\"lazy\" decoding=\"async\" class=\"\" src=\"https:\/\/encrypted-tbn0.gstatic.com\/images?q=tbn:ANd9GcSGLJC-hmcfN9t5pvZRmFrTBktTfr4lpdWKTA&amp;s\" alt=\"Archivo:Adidas Logo.svg - Wikipedia, la enciclopedia libre\" width=\"92\" height=\"62\" \/><\/p>\n<h1>GEODIVER<\/h1>\n<h3 class=\"subtitle___9ljbp\"><span>Calzados elegantes dise\u00f1adas para reducir el desperdicio de material.<\/span><\/h3>\n<p class=\"gl-vspace\"><span>Ponte el dise\u00f1o aerodin\u00e1mico de estos calzado<\/span>s adidas. Su parte superior minimalista te mantiene c\u00f3modo y ajustado. Una entresuela de EVA parcialmente reciclada te permite caminar sobre las nubes. Porque, a veces, menos es m\u00e1s.<\/p>\n<div class=\"accordion__header-text___2o9Im\">\n<h2 class=\"accordion-title___2sTgR\"><span>Detalles<\/span><\/h2>\n<\/div>\n<div class=\"accordion__header-icon___2FuRa\"><\/div>\n<div class=\"accordion__content___29x9h\">\n<div class=\"content-padding___2kVWQ\">\n<div class=\"bullets___3bsSs\" data-auto-id=\"specifications-section\">\n<ul class=\"gl-list\">\n<li class=\"gl-vspace-bpall-small\"><span>Cierre de encaje.<\/span><\/li>\n<li class=\"gl-vspace-bpall-small\"><span>Parte superior textil.<\/span><\/li>\n<li class=\"gl-vspace-bpall-small\"><span>C\u00f3modo y ligero.<\/span><\/li>\n<li class=\"gl-vspace-bpall-small\"><span>Entresuela y suela exterior de EVA.<\/span><\/li>\n<li class=\"gl-vspace-bpall-small\"><span>Forro textil.<\/span><\/li>\n<li class=\"gl-vspace-bpall-small\"><span>Inserci\u00f3n de goma en la suela exterior.<\/span><\/li>\n<li class=\"gl-vspace-bpall-small\"><span>Color: Blanco nube \/ Blanco nube \/ Negro n\u00facleo.<\/span><\/li>\n<li class=\"gl-vspace-bpall-small\"><span>Modelo: FX5079.<\/span><\/li>\n<\/ul>\n<\/div>\n<\/div>\n<\/div>\n","protected":false},"excerpt":{"rendered":"<p>GEODIVER Calzados elegantes dise\u00f1adas para reducir el desperdicio de material. Ponte el dise\u00f1o aerodin\u00e1mico de estos calzados adidas. Su parte<\/p>\n","protected":false},"featured_media":69862,"comment_status":"open","ping_status":"closed","template":"","meta":{"nf_dc_page":""},"product_brand":[],"product_cat":[76],"product_tag":[],"class_list":{"0":"post-69859","1":"product","2":"type-product","3":"status-publish","4":"has-post-thumbnail","6":"product_cat-masculino","8":"first","9":"instock","10":"shipping-taxable","11":"purchasable","12":"product-type-simple"},"_links":{"self":[{"href":"https:\/\/brandss.com.py\/index\/wp-json\/wp\/v2\/product\/69859","targetHints":{"allow":["GET"]}}],"collection":[{"href":"https:\/\/brandss.com.py\/index\/wp-json\/wp\/v2\/product"}],"about":[{"href":"https:\/\/brandss.com.py\/index\/wp-json\/wp\/v2\/types\/product"}],"replies":[{"embeddable":true,"href":"https:\/\/brandss.com.py\/index\/wp-json\/wp\/v2\/comments?post=69859"}],"version-history":[{"count":1,"href":"https:\/\/brandss.com.py\/index\/wp-json\/wp\/v2\/product\/69859\/revisions"}],"predecessor-version":[{"id":69871,"href":"https:\/\/brandss.com.py\/index\/wp-json\/wp\/v2\/product\/69859\/revisions\/69871"}],"wp:featuredmedia":[{"embeddable":true,"href":"https:\/\/brandss.com.py\/index\/wp-json\/wp\/v2\/media\/69862"}],"wp:attachment":[{"href":"https:\/\/brandss.com.py\/index\/wp-json\/wp\/v2\/media?parent=69859"}],"wp:term":[{"taxonomy":"product_brand","embeddable":true,"href":"https:\/\/brandss.com.py\/index\/wp-json\/wp\/v2\/product_brand?post=69859"},{"taxonomy":"product_cat","embeddable":true,"href":"https:\/\/brandss.com.py\/index\/wp-json\/wp\/v2\/product_cat?post=69859"},{"taxonomy":"product_tag","embeddable":true,"href":"https:\/\/brandss.com.py\/index\/wp-json\/wp\/v2\/product_tag?post=69859"}],"curies":[{"name":"wp","href":"https:\/\/api.w.org\/{rel}","templated":true}]}}