{"id":70031,"date":"2025-02-06T18:39:46","date_gmt":"2025-02-06T18:39:46","guid":{"rendered":"https:\/\/brandss.com.py\/index\/?post_type=product&#038;p=70031"},"modified":"2025-02-06T18:40:18","modified_gmt":"2025-02-06T18:40:18","slug":"calzado-deportivo-femenino-adidas-ultraboost-21","status":"publish","type":"product","link":"https:\/\/brandss.com.py\/index\/producto\/calzado-deportivo-femenino-adidas-ultraboost-21\/","title":{"rendered":"CALZADO DEPORTIVO FEMENINO ADIDAS ULTRABOOST 21"},"content":{"rendered":"<p><img loading=\"lazy\" decoding=\"async\" class=\"\" src=\"https:\/\/encrypted-tbn0.gstatic.com\/images?q=tbn:ANd9GcSGLJC-hmcfN9t5pvZRmFrTBktTfr4lpdWKTA&amp;s\" alt=\"Archivo:Adidas Logo.svg - Wikipedia, la enciclopedia libre\" width=\"125\" height=\"84\" \/><\/p>\n<h1>ULTRABOOST 21<\/h1>\n<p><strong>ENERG\u00cdA ERA SOLO ENERG\u00cdA HASTA QUE LA ENERG\u00cdA CUMPLI\u00d3 CON ULTRABOOST 21.<\/strong><\/p>\n<p>Prototipo tras prototipo. Innovaci\u00f3n tras innovaci\u00f3n. Pruebas despu\u00e9s de la prueba. Encu\u00e9ntrenos en la b\u00fasqueda de la armonizaci\u00f3n m\u00e1xima del peso, la amortiguaci\u00f3n y la capacidad de respuesta. Ultraboost 21. Saluda al incre\u00edble retorno de energ\u00eda.<\/p>\n<p>&nbsp;<\/p>\n<p><strong>Detalles<\/strong><\/p>\n<p>&nbsp;<\/p>\n<p>Ajuste tipo calcet\u00edn.<\/p>\n<p>Cierre de encaje.<\/p>\n<p>Adidas Primeknit + parte superior.<\/p>\n<p>Forro textil.<\/p>\n<p>Contador de tal\u00f3n de apoyo.<\/p>\n<p>Entresuela Boost.<\/p>\n<p>Peso: 340 g.<\/p>\n<p>Ca\u00edda de la entresuela: 10 mm (tal\u00f3n 30,5 mm \/ antepi\u00e9 20,5 mm).<\/p>\n<p>Suela Stretchweb con goma Continental \u2122.<\/p>\n<p>Primeblue.<\/p>\n<p>Color: blanco nube \/ n\u00facleo negro \/ amarillo solar.<\/p>\n<p>Modelo: FY0401.<\/p>\n","protected":false},"excerpt":{"rendered":"<p>ULTRABOOST 21 ENERG\u00cdA ERA SOLO ENERG\u00cdA HASTA QUE LA ENERG\u00cdA CUMPLI\u00d3 CON ULTRABOOST 21. Prototipo tras prototipo. Innovaci\u00f3n tras innovaci\u00f3n.<\/p>\n","protected":false},"featured_media":70033,"comment_status":"open","ping_status":"closed","template":"","meta":{"nf_dc_page":""},"product_brand":[],"product_cat":[73],"product_tag":[],"class_list":{"0":"post-70031","1":"product","2":"type-product","3":"status-publish","4":"has-post-thumbnail","6":"product_cat-femenino","8":"first","9":"instock","10":"shipping-taxable","11":"purchasable","12":"product-type-simple"},"_links":{"self":[{"href":"https:\/\/brandss.com.py\/index\/wp-json\/wp\/v2\/product\/70031","targetHints":{"allow":["GET"]}}],"collection":[{"href":"https:\/\/brandss.com.py\/index\/wp-json\/wp\/v2\/product"}],"about":[{"href":"https:\/\/brandss.com.py\/index\/wp-json\/wp\/v2\/types\/product"}],"replies":[{"embeddable":true,"href":"https:\/\/brandss.com.py\/index\/wp-json\/wp\/v2\/comments?post=70031"}],"version-history":[{"count":1,"href":"https:\/\/brandss.com.py\/index\/wp-json\/wp\/v2\/product\/70031\/revisions"}],"predecessor-version":[{"id":70048,"href":"https:\/\/brandss.com.py\/index\/wp-json\/wp\/v2\/product\/70031\/revisions\/70048"}],"wp:featuredmedia":[{"embeddable":true,"href":"https:\/\/brandss.com.py\/index\/wp-json\/wp\/v2\/media\/70033"}],"wp:attachment":[{"href":"https:\/\/brandss.com.py\/index\/wp-json\/wp\/v2\/media?parent=70031"}],"wp:term":[{"taxonomy":"product_brand","embeddable":true,"href":"https:\/\/brandss.com.py\/index\/wp-json\/wp\/v2\/product_brand?post=70031"},{"taxonomy":"product_cat","embeddable":true,"href":"https:\/\/brandss.com.py\/index\/wp-json\/wp\/v2\/product_cat?post=70031"},{"taxonomy":"product_tag","embeddable":true,"href":"https:\/\/brandss.com.py\/index\/wp-json\/wp\/v2\/product_tag?post=70031"}],"curies":[{"name":"wp","href":"https:\/\/api.w.org\/{rel}","templated":true}]}}