{"id":70353,"date":"2025-02-08T13:18:23","date_gmt":"2025-02-08T13:18:23","guid":{"rendered":"https:\/\/brandss.com.py\/index\/?post_type=product&#038;p=70353"},"modified":"2025-02-08T13:18:48","modified_gmt":"2025-02-08T13:18:48","slug":"sujetador-deportivo-femenino-adidas-aeroready-designed-2-move","status":"publish","type":"product","link":"https:\/\/brandss.com.py\/index\/producto\/sujetador-deportivo-femenino-adidas-aeroready-designed-2-move\/","title":{"rendered":"SUJETADOR DEPORTIVO FEMENINO ADIDAS AEROREADY DESIGNED 2 MOVE"},"content":{"rendered":"<p><img loading=\"lazy\" decoding=\"async\" class=\"\" src=\"https:\/\/encrypted-tbn0.gstatic.com\/images?q=tbn:ANd9GcSGLJC-hmcfN9t5pvZRmFrTBktTfr4lpdWKTA&amp;s\" alt=\"Archivo:Adidas Logo.svg - Wikipedia, la enciclopedia libre\" width=\"101\" height=\"68\" \/><\/p>\n<h1>AEROREADY DESIGNED 2 MOVE<\/h1>\n<p><span>Al principio, su estilo atrevido llamar\u00e1 tu atenci\u00f3n, pero una vez que lo pruebes, los detalles de dise\u00f1o inteligentes, como el panel de malla en la espalda y el sistema AEROREADY que absorbe la humedad, te convertir\u00e1n en una fan\u00e1tica. Este top deportivo de adidas tiene un ajuste ce\u00f1ido y un soporte ligero, perfecto para clases de barra o yoga. Este producto est\u00e1 fabricado con Primegreen, una serie de materiales reciclados de alto rendimiento.<\/span><\/p>\n<p><b><span>ABSORCI\u00d3N DE HUMEDAD<\/span><\/b><br \/>\n<span>El tejido con tecnolog\u00eda AEROREADY absorbe la humedad del cuerpo.<\/span><\/p>\n<p><b><span>VENTILACI\u00d3N ADICIONAL<\/span><\/b><br \/>\n<span>Espalda de malla para una circulaci\u00f3n de aire \u00f3ptima.<\/span><\/p>\n<p>&nbsp;<\/p>\n<h3><span class=\"a-text-bold\"><span>Detalles:<\/span><\/span><\/h3>\n<p>&nbsp;<\/p>\n<ul class=\"a-unordered-list a-vertical\">\n<li><span class=\"a-list-item\"><span>Ajuste ce\u00f1ido con soporte ligero.<\/span><\/span><\/li>\n<li><span class=\"a-list-item\"><span>Escote redondo.<\/span><\/span><\/li>\n<li><span class=\"a-list-item\"><span>Principal: 89% poli\u00e9ster reciclado, 11% elastano interlock.<\/span><\/span><\/li>\n<li><span class=\"a-list-item\"><span>Panel trasero: malla de poli\u00e9ster 100% reciclado.<\/span><\/span><\/li>\n<li><span class=\"a-list-item\"><span>Absorbente de humedad.<\/span><\/span><\/li>\n<li><span class=\"a-list-item\"><span>Panel de espalda deportiva de malla.<\/span><\/span><\/li>\n<li><span class=\"a-list-item\"><span>Malla.<\/span><\/span><\/li>\n<li><span class=\"a-list-item\"><span>Primegreen.<\/span><\/span><\/li>\n<li>Color: Beige brumoso\/negro.<\/li>\n<li>Modelo: GL3827.<\/li>\n<\/ul>\n","protected":false},"excerpt":{"rendered":"<p>AEROREADY DESIGNED 2 MOVE Al principio, su estilo atrevido llamar\u00e1 tu atenci\u00f3n, pero una vez que lo pruebes, los detalles<\/p>\n","protected":false},"featured_media":70354,"comment_status":"open","ping_status":"closed","template":"","meta":{"nf_dc_page":""},"product_brand":[],"product_cat":[73],"product_tag":[],"class_list":{"0":"post-70353","1":"product","2":"type-product","3":"status-publish","4":"has-post-thumbnail","6":"product_cat-femenino","8":"first","9":"instock","10":"shipping-taxable","11":"purchasable","12":"product-type-simple"},"_links":{"self":[{"href":"https:\/\/brandss.com.py\/index\/wp-json\/wp\/v2\/product\/70353","targetHints":{"allow":["GET"]}}],"collection":[{"href":"https:\/\/brandss.com.py\/index\/wp-json\/wp\/v2\/product"}],"about":[{"href":"https:\/\/brandss.com.py\/index\/wp-json\/wp\/v2\/types\/product"}],"replies":[{"embeddable":true,"href":"https:\/\/brandss.com.py\/index\/wp-json\/wp\/v2\/comments?post=70353"}],"version-history":[{"count":1,"href":"https:\/\/brandss.com.py\/index\/wp-json\/wp\/v2\/product\/70353\/revisions"}],"predecessor-version":[{"id":70359,"href":"https:\/\/brandss.com.py\/index\/wp-json\/wp\/v2\/product\/70353\/revisions\/70359"}],"wp:featuredmedia":[{"embeddable":true,"href":"https:\/\/brandss.com.py\/index\/wp-json\/wp\/v2\/media\/70354"}],"wp:attachment":[{"href":"https:\/\/brandss.com.py\/index\/wp-json\/wp\/v2\/media?parent=70353"}],"wp:term":[{"taxonomy":"product_brand","embeddable":true,"href":"https:\/\/brandss.com.py\/index\/wp-json\/wp\/v2\/product_brand?post=70353"},{"taxonomy":"product_cat","embeddable":true,"href":"https:\/\/brandss.com.py\/index\/wp-json\/wp\/v2\/product_cat?post=70353"},{"taxonomy":"product_tag","embeddable":true,"href":"https:\/\/brandss.com.py\/index\/wp-json\/wp\/v2\/product_tag?post=70353"}],"curies":[{"name":"wp","href":"https:\/\/api.w.org\/{rel}","templated":true}]}}