{"id":70504,"date":"2025-02-10T12:32:11","date_gmt":"2025-02-10T12:32:11","guid":{"rendered":"https:\/\/brandss.com.py\/index\/?post_type=product&#038;p=70504"},"modified":"2025-02-10T12:32:47","modified_gmt":"2025-02-10T12:32:47","slug":"banador-masculino-adidas-solid","status":"publish","type":"product","link":"https:\/\/brandss.com.py\/index\/producto\/banador-masculino-adidas-solid\/","title":{"rendered":"BA\u00d1ADOR MASCULINO ADIDAS SOLID"},"content":{"rendered":"<p><img loading=\"lazy\" decoding=\"async\" class=\"\" src=\"https:\/\/encrypted-tbn0.gstatic.com\/images?q=tbn:ANd9GcSGLJC-hmcfN9t5pvZRmFrTBktTfr4lpdWKTA&amp;s\" alt=\"Archivo:Adidas Logo.svg - Wikipedia, la enciclopedia libre\" width=\"77\" height=\"52\" \/><\/p>\n<h1>SOLID<\/h1>\n<div class=\"yq1KyoeJDb\">Mantente c\u00f3modo mientras exploras un arrecife de coral o caminas por la playa con este ba\u00f1ador adidas. Los pantalones cortos para hombre de adidas son un modelo cl\u00e1sico y corto para nadar. Est\u00e1n hechos de material ligero y de secado r\u00e1pido. La cinturilla el\u00e1stica con cord\u00f3n permite un ajuste perfecto, mientras que el calzoncillo interior de malla proporciona soporte y cobertura. Este producto se ha fabricado con Primegreen, una combinaci\u00f3n de materiales reciclados de alto rendimiento.<\/div>\n<div class=\"yq1KyoeJDb\">Especificaci\u00f3n:<\/div>\n<ul>\n<li>Material: 100% poli\u00e9ster reciclado con acabado repelente al agua libre de PFC.<\/li>\n<li>Propiedades de secado r\u00e1pido.<\/li>\n<li>Cintura el\u00e1stica con cord\u00f3n.<\/li>\n<li>Bolsillos laterales.<\/li>\n<li>Braguitas interiores de malla.<\/li>\n<li>Color:\u00a0<span>Negro.<\/span><\/li>\n<li>Modelo: GQ1081.<\/li>\n<\/ul>\n","protected":false},"excerpt":{"rendered":"<p>SOLID Mantente c\u00f3modo mientras exploras un arrecife de coral o caminas por la playa con este ba\u00f1ador adidas. Los pantalones<\/p>\n","protected":false},"featured_media":70506,"comment_status":"open","ping_status":"closed","template":"","meta":{"nf_dc_page":""},"product_brand":[],"product_cat":[76],"product_tag":[],"class_list":{"0":"post-70504","1":"product","2":"type-product","3":"status-publish","4":"has-post-thumbnail","6":"product_cat-masculino","8":"first","9":"instock","10":"shipping-taxable","11":"purchasable","12":"product-type-simple"},"_links":{"self":[{"href":"https:\/\/brandss.com.py\/index\/wp-json\/wp\/v2\/product\/70504","targetHints":{"allow":["GET"]}}],"collection":[{"href":"https:\/\/brandss.com.py\/index\/wp-json\/wp\/v2\/product"}],"about":[{"href":"https:\/\/brandss.com.py\/index\/wp-json\/wp\/v2\/types\/product"}],"replies":[{"embeddable":true,"href":"https:\/\/brandss.com.py\/index\/wp-json\/wp\/v2\/comments?post=70504"}],"version-history":[{"count":1,"href":"https:\/\/brandss.com.py\/index\/wp-json\/wp\/v2\/product\/70504\/revisions"}],"predecessor-version":[{"id":70512,"href":"https:\/\/brandss.com.py\/index\/wp-json\/wp\/v2\/product\/70504\/revisions\/70512"}],"wp:featuredmedia":[{"embeddable":true,"href":"https:\/\/brandss.com.py\/index\/wp-json\/wp\/v2\/media\/70506"}],"wp:attachment":[{"href":"https:\/\/brandss.com.py\/index\/wp-json\/wp\/v2\/media?parent=70504"}],"wp:term":[{"taxonomy":"product_brand","embeddable":true,"href":"https:\/\/brandss.com.py\/index\/wp-json\/wp\/v2\/product_brand?post=70504"},{"taxonomy":"product_cat","embeddable":true,"href":"https:\/\/brandss.com.py\/index\/wp-json\/wp\/v2\/product_cat?post=70504"},{"taxonomy":"product_tag","embeddable":true,"href":"https:\/\/brandss.com.py\/index\/wp-json\/wp\/v2\/product_tag?post=70504"}],"curies":[{"name":"wp","href":"https:\/\/api.w.org\/{rel}","templated":true}]}}