{"id":70635,"date":"2025-02-10T16:22:28","date_gmt":"2025-02-10T16:22:28","guid":{"rendered":"https:\/\/brandss.com.py\/index\/?post_type=product&#038;p=70635"},"modified":"2025-02-10T16:23:01","modified_gmt":"2025-02-10T16:23:01","slug":"sujetador-deportivo-femenino-adidas-all-me-adilife","status":"publish","type":"product","link":"https:\/\/brandss.com.py\/index\/producto\/sujetador-deportivo-femenino-adidas-all-me-adilife\/","title":{"rendered":"SUJETADOR DEPORTIVO FEMENINO ADIDAS ALL ME ADILIFE"},"content":{"rendered":"<p><img loading=\"lazy\" decoding=\"async\" class=\"\" src=\"https:\/\/static.vecteezy.com\/system\/resources\/previews\/014\/414\/689\/non_2x\/adidas-new-logo-on-transparent-background-free-vector.jpg\" alt=\"nuevo logotipo de adidas sobre fondo transparente 14414689 Vector en  Vecteezy\" width=\"71\" height=\"71\" \/><\/p>\n<h1>ALL ME <span id=\"productTitle\" class=\"a-size-large product-title-word-break\"><span>ADILIFE<\/span><\/span><\/h1>\n<p>Haga ejercicio durante su clase de HIIT o lleve a los perros a su sendero favorito. Este sujetador deportivo adidas ofrece una sujeci\u00f3n ligera para todas las actividades que te gustan. La tecnolog\u00eda AEROREADY te mantiene seco. Las almohadillas extra\u00edbles permiten ajustar su cobertura. <span>Este sujetador deportivo de Adidas irradia un atractivo moderno y elegante. Este material c\u00f3modo es suave al tacto y ofrece un realce firme del busto y una cobertura discreta.<\/span><\/p>\n<ul>\n<li>Ajuste por compresi\u00f3n<\/li>\n<li><span>Escote en pico.<\/span><\/li>\n<li><span>Espalda en Y con tirantes finos.<\/span><\/li>\n<li><span>Dobladillo transpirable.<\/span><\/li>\n<li><span>Almohadillas extra\u00edbles.<\/span><\/li>\n<li><span>Malla transpirable.<\/span><\/li>\n<li><span>Absorbe la humedad.<\/span><\/li>\n<li><span>Estilo pullover de sujeci\u00f3n ligera.<\/span><\/li>\n<li><span>Exterior: 89 % poli\u00e9ster (reciclado), 11 % elastano. Forro: 80 % poli\u00e9ster (reciclado), 20 % elastano.<\/span><\/li>\n<li>Color: Blanco\/ Negro<\/li>\n<li><span>Modelo: GR8180<\/span><\/li>\n<\/ul>\n","protected":false},"excerpt":{"rendered":"<p>ALL ME ADILIFE Haga ejercicio durante su clase de HIIT o lleve a los perros a su sendero favorito. Este<\/p>\n","protected":false},"featured_media":70637,"comment_status":"open","ping_status":"closed","template":"","meta":{"nf_dc_page":""},"product_brand":[],"product_cat":[73],"product_tag":[],"class_list":{"0":"post-70635","1":"product","2":"type-product","3":"status-publish","4":"has-post-thumbnail","6":"product_cat-femenino","8":"first","9":"instock","10":"shipping-taxable","11":"purchasable","12":"product-type-simple"},"_links":{"self":[{"href":"https:\/\/brandss.com.py\/index\/wp-json\/wp\/v2\/product\/70635","targetHints":{"allow":["GET"]}}],"collection":[{"href":"https:\/\/brandss.com.py\/index\/wp-json\/wp\/v2\/product"}],"about":[{"href":"https:\/\/brandss.com.py\/index\/wp-json\/wp\/v2\/types\/product"}],"replies":[{"embeddable":true,"href":"https:\/\/brandss.com.py\/index\/wp-json\/wp\/v2\/comments?post=70635"}],"version-history":[{"count":1,"href":"https:\/\/brandss.com.py\/index\/wp-json\/wp\/v2\/product\/70635\/revisions"}],"predecessor-version":[{"id":70649,"href":"https:\/\/brandss.com.py\/index\/wp-json\/wp\/v2\/product\/70635\/revisions\/70649"}],"wp:featuredmedia":[{"embeddable":true,"href":"https:\/\/brandss.com.py\/index\/wp-json\/wp\/v2\/media\/70637"}],"wp:attachment":[{"href":"https:\/\/brandss.com.py\/index\/wp-json\/wp\/v2\/media?parent=70635"}],"wp:term":[{"taxonomy":"product_brand","embeddable":true,"href":"https:\/\/brandss.com.py\/index\/wp-json\/wp\/v2\/product_brand?post=70635"},{"taxonomy":"product_cat","embeddable":true,"href":"https:\/\/brandss.com.py\/index\/wp-json\/wp\/v2\/product_cat?post=70635"},{"taxonomy":"product_tag","embeddable":true,"href":"https:\/\/brandss.com.py\/index\/wp-json\/wp\/v2\/product_tag?post=70635"}],"curies":[{"name":"wp","href":"https:\/\/api.w.org\/{rel}","templated":true}]}}