{"id":70735,"date":"2025-02-10T18:19:39","date_gmt":"2025-02-10T18:19:39","guid":{"rendered":"https:\/\/brandss.com.py\/index\/?post_type=product&#038;p=70735"},"modified":"2025-02-10T18:20:23","modified_gmt":"2025-02-10T18:20:23","slug":"sujetador-deportivo-femenino-adidas-believe-this-reflective","status":"publish","type":"product","link":"https:\/\/brandss.com.py\/index\/producto\/sujetador-deportivo-femenino-adidas-believe-this-reflective\/","title":{"rendered":"SUJETADOR DEPORTIVO FEMENINO ADIDAS BELIEVE THIS REFLECTIVE"},"content":{"rendered":"<p><img loading=\"lazy\" decoding=\"async\" class=\"\" src=\"https:\/\/static.vecteezy.com\/system\/resources\/previews\/014\/414\/689\/non_2x\/adidas-new-logo-on-transparent-background-free-vector.jpg\" alt=\"nuevo logotipo de adidas sobre fondo transparente 14414689 Vector en  Vecteezy\" width=\"81\" height=\"81\" \/><\/p>\n<h1>BELIEVE THIS REFLECTIVE<\/h1>\n<h3 class=\"subtitle___9ljbp\">Un top deportivo de soporte medio con detalles reflectantes<\/h3>\n<p class=\"gl-vspace\">Pon tu bicicleta deportiva en modo de escalada y entrena al m\u00e1ximo. Este top deportivo adidas AEROREADY controla el sudor para mantenerte seca y c\u00f3moda en todo momento. Su dise\u00f1o sin cierres brinda un soporte medio mientras entrenas. Los estabilizadores en las tiras frontales minimizan el rebote. Los detalles reflectantes te hacen m\u00e1s visible en condiciones de poca luz. Este producto est\u00e1 hecho con Primegreen, una serie de materiales reciclados de alto desempe\u00f1o.<\/p>\n<div class=\"accordion__header-text___2o9Im\">\n<h2 class=\"accordion-title___2sTgR\">Caracter\u00edsticas<\/h2>\n<\/div>\n<div class=\"accordion__header-icon___2FuRa\"><\/div>\n<div class=\"accordion__content___29x9h\">\n<div class=\"content-padding___2kVWQ\">\n<div class=\"features-section___1pumR\">\n<div class=\"item___1X-1_\"><img decoding=\"async\" class=\"img_with_fallback___2aHBu feature-icon___3S9eQ\" src=\"https:\/\/brand.assets.adidas.com\/image\/upload\/support_medium_36d9aa7bf3.jpg\" alt=\"\" data-auto-id=\"image\" \/><\/p>\n<p class=\"feature-icon-text___3Owgv\">Soporte Medio<\/p>\n<\/div>\n<div class=\"item___1X-1_\"><img decoding=\"async\" class=\"img_with_fallback___2aHBu feature-icon___3S9eQ\" src=\"https:\/\/brand.assets.adidas.com\/image\/upload\/straps_non_detachable_e84b4539d9.jpg\" alt=\"\" data-auto-id=\"image\" \/><\/p>\n<p class=\"feature-icon-text___3Owgv\">Tiras no removibles<\/p>\n<\/div>\n<div class=\"item___1X-1_\"><img decoding=\"async\" class=\"img_with_fallback___2aHBu feature-icon___3S9eQ\" src=\"https:\/\/brand.assets.adidas.com\/image\/upload\/padding_removable_cf1ca6b7b1.jpg\" alt=\"\" data-auto-id=\"image\" \/><\/p>\n<p class=\"feature-icon-text___3Owgv\">Almohadillas removibles<\/p>\n<div class=\"accordion__header-text___2o9Im\">\n<h2 class=\"accordion-title___2sTgR\">Cuidados<\/h2>\n<\/div>\n<div class=\"accordion__header-icon___2FuRa\"><\/div>\n<div class=\"accordion__content___29x9h\">\n<div class=\"content-padding___2kVWQ\">\n<div class=\"care___2GwB4\" data-auto-id=\"pdp-content-care\">\n<div class=\"care-instructions___3scEd\">\n<h4 class=\"care-title___2YJe1 gl-no-margin-bottom\">Instrucciones de lavado<\/h4>\n<ul>\n<li class=\"gl-vspace-bpall-small\"><img loading=\"lazy\" decoding=\"async\" src=\"https:\/\/www.adidas.pe\/glass\/react\/21b7306\/assets\/img\/washing-instructions\/B1.svg\" alt=\"\" width=\"24\" height=\"24\" \/>No usar blanqueador<\/li>\n<li class=\"gl-vspace-bpall-small\"><img loading=\"lazy\" decoding=\"async\" src=\"https:\/\/www.adidas.pe\/glass\/react\/21b7306\/assets\/img\/washing-instructions\/C2.svg\" alt=\"\" width=\"24\" height=\"24\" \/>Secar a potencia baja<\/li>\n<li class=\"gl-vspace-bpall-small\"><img loading=\"lazy\" decoding=\"async\" src=\"https:\/\/www.adidas.pe\/glass\/react\/21b7306\/assets\/img\/washing-instructions\/E1.svg\" alt=\"\" width=\"24\" height=\"24\" \/>No lavar en seco<\/li>\n<li class=\"gl-vspace-bpall-small\"><img loading=\"lazy\" decoding=\"async\" src=\"https:\/\/www.adidas.pe\/glass\/react\/21b7306\/assets\/img\/washing-instructions\/D2.svg\" alt=\"\" width=\"24\" height=\"24\" \/>Retoque con plancha fria<\/li>\n<li class=\"gl-vspace-bpall-small\"><img loading=\"lazy\" decoding=\"async\" src=\"https:\/\/www.adidas.pe\/glass\/react\/21b7306\/assets\/img\/washing-instructions\/A4.svg\" alt=\"\" width=\"24\" height=\"24\" \/>Lavado a maquina agua fria ciclo delicado<\/li>\n<\/ul>\n<\/div>\n<div class=\"extra-instructions___2TR8b\">\n<h4 class=\"care-title___2YJe1 gl-no-margin-bottom\">Informaci\u00f3n adicional sobre el cuidado<\/h4>\n<ul class=\"gl-list margin___QweXS\">\n<li class=\"gl-vspace-bpall-small\">No usar suavizante<\/li>\n<li class=\"gl-vspace-bpall-small\">Usar \u00fanicamente detergente suave<\/li>\n<li class=\"gl-vspace-bpall-small\">Lavar por separado<\/li>\n<li class=\"gl-vspace-bpall-small\">Retirar r\u00e1pidamente despu\u00e9s de lavar<\/li>\n<li class=\"gl-vspace-bpall-small\">Remover almohadillas antes de lavar<\/li>\n<\/ul>\n<div class=\"accordion__header-text___2o9Im\">\n<h2 class=\"accordion-title___2sTgR\">Detalles<\/h2>\n<\/div>\n<div class=\"accordion__header-icon___2FuRa\"><\/div>\n<div class=\"accordion__content___29x9h\">\n<div class=\"content-padding___2kVWQ\">\n<div class=\"bullets___3bsSs\" data-auto-id=\"specifications-section\">\n<ul class=\"gl-list\">\n<li class=\"gl-vspace-bpall-small\">Ajuste ce\u00f1ido con soporte medio.<\/li>\n<li class=\"gl-vspace-bpall-small\">Cuello redondo.<\/li>\n<li class=\"gl-vspace-bpall-small\">Tejido entrelazado 89 % poli\u00e9ster reciclado, 11 % elastano.<\/li>\n<li class=\"gl-vspace-bpall-small\">Absorbente.<\/li>\n<li class=\"gl-vspace-bpall-small\">Almohadillas removibles.<\/li>\n<li class=\"gl-vspace-bpall-small\">Reflectancia.<\/li>\n<li class=\"gl-vspace-bpall-small\">Panel de malla power mesh.<\/li>\n<li class=\"gl-vspace-bpall-small\">Estabilizadores en las tiras frontales.<\/li>\n<li class=\"gl-vspace-bpall-small\">Primegreen.<\/li>\n<li class=\"gl-vspace-bpall-small\">Color: Orbit Violet \/ Black.<\/li>\n<li class=\"gl-vspace-bpall-small\">Modelo: GR8251.<\/li>\n<\/ul>\n<\/div>\n<\/div>\n<\/div>\n<\/div>\n<\/div>\n<\/div>\n<\/div>\n<\/div>\n<\/div>\n<\/div>\n<\/div>\n","protected":false},"excerpt":{"rendered":"<p>BELIEVE THIS REFLECTIVE Un top deportivo de soporte medio con detalles reflectantes Pon tu bicicleta deportiva en modo de escalada<\/p>\n","protected":false},"featured_media":70736,"comment_status":"open","ping_status":"closed","template":"","meta":{"nf_dc_page":""},"product_brand":[],"product_cat":[73],"product_tag":[],"class_list":{"0":"post-70735","1":"product","2":"type-product","3":"status-publish","4":"has-post-thumbnail","6":"product_cat-femenino","8":"first","9":"instock","10":"shipping-taxable","11":"purchasable","12":"product-type-simple"},"_links":{"self":[{"href":"https:\/\/brandss.com.py\/index\/wp-json\/wp\/v2\/product\/70735","targetHints":{"allow":["GET"]}}],"collection":[{"href":"https:\/\/brandss.com.py\/index\/wp-json\/wp\/v2\/product"}],"about":[{"href":"https:\/\/brandss.com.py\/index\/wp-json\/wp\/v2\/types\/product"}],"replies":[{"embeddable":true,"href":"https:\/\/brandss.com.py\/index\/wp-json\/wp\/v2\/comments?post=70735"}],"version-history":[{"count":1,"href":"https:\/\/brandss.com.py\/index\/wp-json\/wp\/v2\/product\/70735\/revisions"}],"predecessor-version":[{"id":70743,"href":"https:\/\/brandss.com.py\/index\/wp-json\/wp\/v2\/product\/70735\/revisions\/70743"}],"wp:featuredmedia":[{"embeddable":true,"href":"https:\/\/brandss.com.py\/index\/wp-json\/wp\/v2\/media\/70736"}],"wp:attachment":[{"href":"https:\/\/brandss.com.py\/index\/wp-json\/wp\/v2\/media?parent=70735"}],"wp:term":[{"taxonomy":"product_brand","embeddable":true,"href":"https:\/\/brandss.com.py\/index\/wp-json\/wp\/v2\/product_brand?post=70735"},{"taxonomy":"product_cat","embeddable":true,"href":"https:\/\/brandss.com.py\/index\/wp-json\/wp\/v2\/product_cat?post=70735"},{"taxonomy":"product_tag","embeddable":true,"href":"https:\/\/brandss.com.py\/index\/wp-json\/wp\/v2\/product_tag?post=70735"}],"curies":[{"name":"wp","href":"https:\/\/api.w.org\/{rel}","templated":true}]}}

<p><img loading="lazy" decoding="async" class="" src="https://static.vecteezy.com/system/resources/previews/014/414/689/non_2x/adidas-new-logo-on-transparent-background-free-vector.jpg" alt="nuevo logotipo de adidas sobre fondo transparente 14414689 Vector en  Vecteezy" width="81" height="81" /></p>
<h1>BELIEVE THIS REFLECTIVE</h1>
<h3 class="subtitle___9ljbp">Un top deportivo de soporte medio con detalles reflectantes</h3>
<p class="gl-vspace">Pon tu bicicleta deportiva en modo de escalada y entrena al máximo. Este top deportivo adidas AEROREADY controla el sudor para mantenerte seca y cómoda en todo momento. Su diseño sin cierres brinda un soporte medio mientras entrenas. Los estabilizadores en las tiras frontales minimizan el rebote. Los detalles reflectantes te hacen más visible en condiciones de poca luz. Este producto está hecho con Primegreen, una serie de materiales reciclados de alto desempeño.</p>
<div class="accordion__header-text___2o9Im">
<h2 class="accordion-title___2sTgR">Características</h2>
</div>
<div class="accordion__header-icon___2FuRa"></div>
<div class="accordion__content___29x9h">
<div class="content-padding___2kVWQ">
<div class="features-section___1pumR">
<div class="item___1X-1_"><img decoding="async" class="img_with_fallback___2aHBu feature-icon___3S9eQ" src="https://brand.assets.adidas.com/image/upload/support_medium_36d9aa7bf3.jpg" alt="" data-auto-id="image" /></p>
<p class="feature-icon-text___3Owgv">Soporte Medio</p>
</div>
<div class="item___1X-1_"><img decoding="async" class="img_with_fallback___2aHBu feature-icon___3S9eQ" src="https://brand.assets.adidas.com/image/upload/straps_non_detachable_e84b4539d9.jpg" alt="" data-auto-id="image" /></p>
<p class="feature-icon-text___3Owgv">Tiras no removibles</p>
</div>
<div class="item___1X-1_"><img decoding="async" class="img_with_fallback___2aHBu feature-icon___3S9eQ" src="https://brand.assets.adidas.com/image/upload/padding_removable_cf1ca6b7b1.jpg" alt="" data-auto-id="image" /></p>
<p class="feature-icon-text___3Owgv">Almohadillas removibles</p>
<div class="accordion__header-text___2o9Im">
<h2 class="accordion-title___2sTgR">Cuidados</h2>
</div>
<div class="accordion__header-icon___2FuRa"></div>
<div class="accordion__content___29x9h">
<div class="content-padding___2kVWQ">
<div class="care___2GwB4" data-auto-id="pdp-content-care">
<div class="care-instructions___3scEd">
<h4 class="care-title___2YJe1 gl-no-margin-bottom">Instrucciones de lavado</h4>
<ul>
<li class="gl-vspace-bpall-small"><img loading="lazy" decoding="async" src="https://www.adidas.pe/glass/react/21b7306/assets/img/washing-instructions/B1.svg" alt="" width="24" height="24" />No usar blanqueador</li>
<li class="gl-vspace-bpall-small"><img loading="lazy" decoding="async" src="https://www.adidas.pe/glass/react/21b7306/assets/img/washing-instructions/C2.svg" alt="" width="24" height="24" />Secar a potencia baja</li>
<li class="gl-vspace-bpall-small"><img loading="lazy" decoding="async" src="https://www.adidas.pe/glass/react/21b7306/assets/img/washing-instructions/E1.svg" alt="" width="24" height="24" />No lavar en seco</li>
<li class="gl-vspace-bpall-small"><img loading="lazy" decoding="async" src="https://www.adidas.pe/glass/react/21b7306/assets/img/washing-instructions/D2.svg" alt="" width="24" height="24" />Retoque con plancha fria</li>
<li class="gl-vspace-bpall-small"><img loading="lazy" decoding="async" src="https://www.adidas.pe/glass/react/21b7306/assets/img/washing-instructions/A4.svg" alt="" width="24" height="24" />Lavado a maquina agua fria ciclo delicado</li>
</ul>
</div>
<div class="extra-instructions___2TR8b">
<h4 class="care-title___2YJe1 gl-no-margin-bottom">Información adicional sobre el cuidado</h4>
<ul class="gl-list margin___QweXS">
<li class="gl-vspace-bpall-small">No usar suavizante</li>
<li class="gl-vspace-bpall-small">Usar únicamente detergente suave</li>
<li class="gl-vspace-bpall-small">Lavar por separado</li>
<li class="gl-vspace-bpall-small">Retirar rápidamente después de lavar</li>
<li class="gl-vspace-bpall-small">Remover almohadillas antes de lavar</li>
</ul>
<div class="accordion__header-text___2o9Im">
<h2 class="accordion-title___2sTgR">Detalles</h2>
</div>
<div class="accordion__header-icon___2FuRa"></div>
<div class="accordion__content___29x9h">
<div class="content-padding___2kVWQ">
<div class="bullets___3bsSs" data-auto-id="specifications-section">
<ul class="gl-list">
<li class="gl-vspace-bpall-small">Ajuste ceñido con soporte medio.</li>
<li class="gl-vspace-bpall-small">Cuello redondo.</li>
<li class="gl-vspace-bpall-small">Tejido entrelazado 89 % poliéster reciclado, 11 % elastano.</li>
<li class="gl-vspace-bpall-small">Absorbente.</li>
<li class="gl-vspace-bpall-small">Almohadillas removibles.</li>
<li class="gl-vspace-bpall-small">Reflectancia.</li>
<li class="gl-vspace-bpall-small">Panel de malla power mesh.</li>
<li class="gl-vspace-bpall-small">Estabilizadores en las tiras frontales.</li>
<li class="gl-vspace-bpall-small">Primegreen.</li>
<li class="gl-vspace-bpall-small">Color: Orbit Violet / Black.</li>
<li class="gl-vspace-bpall-small">Modelo: GR8251.</li>
</ul>
</div>
</div>
</div>
</div>
</div>
</div>
</div>
</div>
</div>
</div>
</div>
