{"id":70775,"date":"2025-02-10T18:47:35","date_gmt":"2025-02-10T18:47:35","guid":{"rendered":"https:\/\/brandss.com.py\/index\/?post_type=product&#038;p=70775"},"modified":"2025-10-16T19:17:04","modified_gmt":"2025-10-16T19:17:04","slug":"bolso-de-mano-femenino-adidas-by-stella-mccartney","status":"publish","type":"product","link":"https:\/\/brandss.com.py\/index\/producto\/bolso-de-mano-femenino-adidas-by-stella-mccartney\/","title":{"rendered":"BOLSO DE MANO FEMENINO ADIDAS BY STELLA McCARTNEY"},"content":{"rendered":"<p><img loading=\"lazy\" decoding=\"async\" class=\"\" src=\"https:\/\/static.vecteezy.com\/system\/resources\/previews\/014\/414\/689\/non_2x\/adidas-new-logo-on-transparent-background-free-vector.jpg\" alt=\"nuevo logotipo de adidas sobre fondo transparente 14414689 Vector en  Vecteezy\" width=\"97\" height=\"97\" \/><\/p>\n<h1>BY STELLA McCARTNEY<\/h1>\n<h3 class=\"subtitle___9ljbp\"><span>Una bolsa de mano multiusos elaborada con materiales reciclados.<\/span><\/h3>\n<p class=\"gl-vspace\"><span>El bolso tote de adidas by Stella McCartney lo tiene todo, porque t\u00fa lo tienes todo. Su silueta vers\u00e1til es c\u00f3moda, para que puedas pasar el d\u00eda con la confianza de que tienes todo lo que necesitas. Tiene espacio para todo. Ya sea que tengas una agenda ca\u00f3tica o viajes de fin de semana, estar\u00e1s preparada. Este producto est\u00e1 fabricado con Primegreen, una serie de materiales reciclados de alto rendimiento.<\/span><\/p>\n<div class=\"accordion__header-text___2o9Im\">\n<h2 class=\"accordion-title___2sTgR\"><span>Cuidado<\/span><\/h2>\n<\/div>\n<div class=\"accordion__header-icon___2FuRa\"><\/div>\n<div class=\"accordion__content___29x9h\">\n<div class=\"content-padding___2kVWQ\">\n<div class=\"care___2GwB4\" data-auto-id=\"pdp-content-care\">\n<div class=\"care-instructions___3scEd\">\n<h4 class=\"care-title___2YJe1 gl-no-margin-bottom\">Instrucciones de lavado<\/h4>\n<ul>\n<li class=\"gl-vspace-bpall-small\"><img loading=\"lazy\" decoding=\"async\" src=\"https:\/\/www.adidas.com.my\/glass\/react\/21b7306\/assets\/img\/washing-instructions\/B1.svg\" alt=\"\" width=\"24\" height=\"24\" \/>No usa blanqueador<\/li>\n<li class=\"gl-vspace-bpall-small\"><img loading=\"lazy\" decoding=\"async\" src=\"https:\/\/www.adidas.com.my\/glass\/react\/21b7306\/assets\/img\/washing-instructions\/C1.svg\" alt=\"\" width=\"24\" height=\"24\" \/>No secar en secadora<\/li>\n<li class=\"gl-vspace-bpall-small\"><img loading=\"lazy\" decoding=\"async\" src=\"https:\/\/www.adidas.com.my\/glass\/react\/21b7306\/assets\/img\/washing-instructions\/E1.svg\" alt=\"\" width=\"24\" height=\"24\" \/>No lavar en seco<\/li>\n<li class=\"gl-vspace-bpall-small\"><img loading=\"lazy\" decoding=\"async\" src=\"https:\/\/www.adidas.com.my\/glass\/react\/21b7306\/assets\/img\/washing-instructions\/D1.svg\" alt=\"\" width=\"24\" height=\"24\" \/>No planchar<\/li>\n<li class=\"gl-vspace-bpall-small\"><img loading=\"lazy\" decoding=\"async\" src=\"https:\/\/www.adidas.com.my\/glass\/react\/21b7306\/assets\/img\/washing-instructions\/A1.svg\" alt=\"\" width=\"24\" height=\"24\" \/>No lavar<\/li>\n<\/ul>\n<\/div>\n<div class=\"extra-instructions___2TR8b\">\n<h4 class=\"care-title___2YJe1 gl-no-margin-bottom\">Informaci\u00f3n de cuidados adicionales<\/h4>\n<ul class=\"gl-list margin___QweXS\">\n<li class=\"gl-vspace-bpall-small\">Limpiar \u00fanicamente con un pa\u00f1o h\u00famedo.<\/li>\n<li class=\"gl-vspace-bpall-small\">PESO M\u00c1XIMO DE TRANSPORTE 4 KG<\/li>\n<\/ul>\n<div class=\"accordion__header-text___2o9Im\">\n<h2 class=\"accordion-title___2sTgR\"><span>Detalles<\/span><\/h2>\n<\/div>\n<div class=\"accordion__header-icon___2FuRa\"><\/div>\n<div class=\"accordion__content___29x9h\">\n<div class=\"content-padding___2kVWQ\">\n<div class=\"bullets___3bsSs\" data-auto-id=\"specifications-section\">\n<ul class=\"gl-list\">\n<li class=\"gl-vspace-bpall-small\"><span>Dimensiones: 60 cm x 41 cm x 25 cm.<\/span><\/li>\n<li class=\"gl-vspace-bpall-small\"><span>Volumen: 46 L.<\/span><\/li>\n<li class=\"gl-vspace-bpall-small\"><span>Tejido liso 100% poli\u00e9ster reciclado.<\/span><\/li>\n<li class=\"gl-vspace-bpall-small\"><span>Bolsillo frontal con cremallera.<\/span><\/li>\n<li class=\"gl-vspace-bpall-small\"><span>Correas de transporte.<\/span><\/li>\n<li class=\"gl-vspace-bpall-small\"><span>Logotipo de adidas de Stella McCartney.<\/span><\/li>\n<li class=\"gl-vspace-bpall-small\"><span>Tejido liso, no tejido.<\/span><\/li>\n<li class=\"gl-vspace-bpall-small\"><span>Verde primario.<\/span><\/li>\n<li class=\"gl-vspace-bpall-small\"><span>Color: Negro \/ Blanco.<\/span><\/li>\n<li class=\"gl-vspace-bpall-small\"><span>Modelo: GS2646.<\/span><\/li>\n<\/ul>\n<\/div>\n<\/div>\n<\/div>\n<\/div>\n<\/div>\n<\/div>\n<\/div>\n","protected":false},"excerpt":{"rendered":"<p>BY STELLA McCARTNEY Una bolsa de mano multiusos elaborada con materiales reciclados. El bolso tote de adidas by Stella McCartney<\/p>\n","protected":false},"featured_media":70781,"comment_status":"open","ping_status":"closed","template":"","meta":{"nf_dc_page":""},"product_brand":[],"product_cat":[74],"product_tag":[],"class_list":{"0":"post-70775","1":"product","2":"type-product","3":"status-publish","4":"has-post-thumbnail","6":"product_cat-accesorios-fem","8":"first","9":"instock","10":"shipping-taxable","11":"purchasable","12":"product-type-simple"},"_links":{"self":[{"href":"https:\/\/brandss.com.py\/index\/wp-json\/wp\/v2\/product\/70775","targetHints":{"allow":["GET"]}}],"collection":[{"href":"https:\/\/brandss.com.py\/index\/wp-json\/wp\/v2\/product"}],"about":[{"href":"https:\/\/brandss.com.py\/index\/wp-json\/wp\/v2\/types\/product"}],"replies":[{"embeddable":true,"href":"https:\/\/brandss.com.py\/index\/wp-json\/wp\/v2\/comments?post=70775"}],"version-history":[{"count":1,"href":"https:\/\/brandss.com.py\/index\/wp-json\/wp\/v2\/product\/70775\/revisions"}],"predecessor-version":[{"id":70788,"href":"https:\/\/brandss.com.py\/index\/wp-json\/wp\/v2\/product\/70775\/revisions\/70788"}],"wp:featuredmedia":[{"embeddable":true,"href":"https:\/\/brandss.com.py\/index\/wp-json\/wp\/v2\/media\/70781"}],"wp:attachment":[{"href":"https:\/\/brandss.com.py\/index\/wp-json\/wp\/v2\/media?parent=70775"}],"wp:term":[{"taxonomy":"product_brand","embeddable":true,"href":"https:\/\/brandss.com.py\/index\/wp-json\/wp\/v2\/product_brand?post=70775"},{"taxonomy":"product_cat","embeddable":true,"href":"https:\/\/brandss.com.py\/index\/wp-json\/wp\/v2\/product_cat?post=70775"},{"taxonomy":"product_tag","embeddable":true,"href":"https:\/\/brandss.com.py\/index\/wp-json\/wp\/v2\/product_tag?post=70775"}],"curies":[{"name":"wp","href":"https:\/\/api.w.org\/{rel}","templated":true}]}}