{"id":70802,"date":"2025-02-11T11:36:47","date_gmt":"2025-02-11T11:36:47","guid":{"rendered":"https:\/\/brandss.com.py\/index\/?post_type=product&#038;p=70802"},"modified":"2026-04-11T13:21:32","modified_gmt":"2026-04-11T13:21:32","slug":"sujetador-deportivo-femenino-adidas-aeroready-designed-to-move-3-stripes","status":"publish","type":"product","link":"https:\/\/brandss.com.py\/index\/producto\/sujetador-deportivo-femenino-adidas-aeroready-designed-to-move-3-stripes\/","title":{"rendered":"SUJETADOR DEPORTIVO FEMENINO ADIDAS AEROREADY DESIGNED TO MOVE 3 STRIPES"},"content":{"rendered":"<p><img loading=\"lazy\" decoding=\"async\" class=\"\" src=\"https:\/\/static.vecteezy.com\/system\/resources\/previews\/014\/414\/689\/non_2x\/adidas-new-logo-on-transparent-background-free-vector.jpg\" alt=\"nuevo logotipo de adidas sobre fondo transparente 14414689 Vector en  Vecteezy\" width=\"164\" height=\"164\" \/><\/p>\n<h1>AEROREADY DESIGNED TO MOVE 3 STRIPES<\/h1>\n<h5 class=\"heading___IO3QX\"><span>SUJETADOR AEROREADY DISE\u00d1ADO PARA MOVERSE DEPORTIVO ACOLCHADO CON 3 RAYAS<\/span><\/h5>\n<h5 class=\"gl-heading--italic gl-heading--s heading___IO3QX\"><span>ESTILO Y COMODIDAD CON VERSATILIDAD<\/span><\/h5>\n<p>Desde tu clase de yoga matutina hasta tu paseo vespertino por el parque, siempre est\u00e1s en movimiento. Prep\u00e1rate para cualquier cosa con este crop top adidas. Ll\u00e9valo con leggings para una total libertad de movimiento, o bajo una camiseta de tirantes para un estilo casual. El tejido AEROREADY, que absorbe el sudor, te mantiene c\u00f3modamente seco. Este producto est\u00e1 fabricado con Primegreen, una serie de materiales reciclados de alto rendimiento.<\/p>\n<ul>\n<li>Ajuste de la forma.<\/li>\n<li><span>Ajuste ce\u00f1ido<\/span><\/li>\n<li><span>Cuello redondo<\/span><\/li>\n<li><span>Tejido de punto interlock 89 % poli\u00e9ster reciclado, 11 % elastano<\/span><\/li>\n<li><span>Panel de malla transpirable en la espalda.<\/span><\/li>\n<li><span>Tejido antisudor<\/span><\/li>\n<li><span>La espalda del nadador<\/span><\/li>\n<li><span>Malla estabilizadora<\/span><\/li>\n<li><span>Copas extra\u00edbles<\/span><\/li>\n<li><span>entrelazar<\/span><\/li>\n<li><span>Primegreen<\/span><\/li>\n<li><span>Color: negro\/blanco<\/span><\/li>\n<li><span>Modelo: GS8774<\/span><\/li>\n<\/ul>\n","protected":false},"excerpt":{"rendered":"<p>AEROREADY DESIGNED TO MOVE 3 STRIPES SUJETADOR AEROREADY DISE\u00d1ADO PARA MOVERSE DEPORTIVO ACOLCHADO CON 3 RAYAS ESTILO Y COMODIDAD CON<\/p>\n","protected":false},"featured_media":70803,"comment_status":"open","ping_status":"closed","template":"","meta":{"nf_dc_page":""},"product_brand":[],"product_cat":[73],"product_tag":[],"class_list":{"0":"post-70802","1":"product","2":"type-product","3":"status-publish","4":"has-post-thumbnail","6":"product_cat-femenino","8":"first","9":"outofstock","10":"shipping-taxable","11":"purchasable","12":"product-type-simple"},"_links":{"self":[{"href":"https:\/\/brandss.com.py\/index\/wp-json\/wp\/v2\/product\/70802","targetHints":{"allow":["GET"]}}],"collection":[{"href":"https:\/\/brandss.com.py\/index\/wp-json\/wp\/v2\/product"}],"about":[{"href":"https:\/\/brandss.com.py\/index\/wp-json\/wp\/v2\/types\/product"}],"replies":[{"embeddable":true,"href":"https:\/\/brandss.com.py\/index\/wp-json\/wp\/v2\/comments?post=70802"}],"version-history":[{"count":1,"href":"https:\/\/brandss.com.py\/index\/wp-json\/wp\/v2\/product\/70802\/revisions"}],"predecessor-version":[{"id":70810,"href":"https:\/\/brandss.com.py\/index\/wp-json\/wp\/v2\/product\/70802\/revisions\/70810"}],"wp:featuredmedia":[{"embeddable":true,"href":"https:\/\/brandss.com.py\/index\/wp-json\/wp\/v2\/media\/70803"}],"wp:attachment":[{"href":"https:\/\/brandss.com.py\/index\/wp-json\/wp\/v2\/media?parent=70802"}],"wp:term":[{"taxonomy":"product_brand","embeddable":true,"href":"https:\/\/brandss.com.py\/index\/wp-json\/wp\/v2\/product_brand?post=70802"},{"taxonomy":"product_cat","embeddable":true,"href":"https:\/\/brandss.com.py\/index\/wp-json\/wp\/v2\/product_cat?post=70802"},{"taxonomy":"product_tag","embeddable":true,"href":"https:\/\/brandss.com.py\/index\/wp-json\/wp\/v2\/product_tag?post=70802"}],"curies":[{"name":"wp","href":"https:\/\/api.w.org\/{rel}","templated":true}]}}