{"id":70811,"date":"2025-02-11T12:02:06","date_gmt":"2025-02-11T12:02:06","guid":{"rendered":"https:\/\/brandss.com.py\/index\/?post_type=product&#038;p=70811"},"modified":"2025-02-11T12:02:25","modified_gmt":"2025-02-11T12:02:25","slug":"sujetador-deportivo-femenino-adidas-believe-this-2","status":"publish","type":"product","link":"https:\/\/brandss.com.py\/index\/producto\/sujetador-deportivo-femenino-adidas-believe-this-2\/","title":{"rendered":"SUJETADOR DEPORTIVO FEMENINO ADIDAS BELIEVE THIS"},"content":{"rendered":"<p><img decoding=\"async\" src=\"https:\/\/encrypted-tbn0.gstatic.com\/images?q=tbn:ANd9GcSGLJC-hmcfN9t5pvZRmFrTBktTfr4lpdWKTA&amp;s\" alt=\"Archivo:Adidas Logo.svg - Wikipedia, la enciclopedia libre\" \/><\/p>\n<h1>GU7002<\/h1>\n<p>Objetivos de entrenamiento en circuito. Los tienes. Este sujetador deportivo adidas est\u00e1 dise\u00f1ado para ayudarte a alcanzarlos. Confeccionada para una sujeci\u00f3n media, cuenta con un tejido ligero con HEAT. Tecnolog\u00eda RDY para mantenerte fresco incluso cuando aumentas tus repeticiones. Las inserciones acanaladas y las zonas de compresi\u00f3n personalizadas ofrecen una sensaci\u00f3n personalizada. El dise\u00f1o de espalda cruzada permite un rango completo de movimiento para que puedas llegar a donde quieras ir.<\/p>\n<div class=\"care-instructions___3scEd\">\n<h4 class=\"care-title___2YJe1 gl-no-margin-bottom\">Instrucciones de lavado<\/h4>\n<ul>\n<li class=\"gl-vspace-bpall-small\"><img loading=\"lazy\" decoding=\"async\" src=\"https:\/\/www.adidas.com\/glass\/react\/21b7306\/assets\/img\/washing-instructions\/B1.svg\" alt=\"\" width=\"24\" height=\"24\" \/><span>No usar lej\u00eda<\/span><\/li>\n<li class=\"gl-vspace-bpall-small\"><img loading=\"lazy\" decoding=\"async\" src=\"https:\/\/www.adidas.com\/glass\/react\/21b7306\/assets\/img\/washing-instructions\/C1.svg\" alt=\"\" width=\"24\" height=\"24\" \/><span>No secar en secadora<\/span><\/li>\n<li class=\"gl-vspace-bpall-small\"><img loading=\"lazy\" decoding=\"async\" src=\"https:\/\/www.adidas.com\/glass\/react\/21b7306\/assets\/img\/washing-instructions\/E1.svg\" alt=\"\" width=\"24\" height=\"24\" \/><span>No lavar en seco<\/span><\/li>\n<li class=\"gl-vspace-bpall-small\"><img loading=\"lazy\" decoding=\"async\" src=\"https:\/\/www.adidas.com\/glass\/react\/21b7306\/assets\/img\/washing-instructions\/D1.svg\" alt=\"\" width=\"24\" height=\"24\" \/><span>No planchar<\/span><\/li>\n<li class=\"gl-vspace-bpall-small\"><img loading=\"lazy\" decoding=\"async\" src=\"https:\/\/www.adidas.com\/glass\/react\/21b7306\/assets\/img\/washing-instructions\/A4.svg\" alt=\"\" width=\"24\" height=\"24\" \/><span>Lavar a m\u00e1quina en fr\u00edo ciclo delicado<\/span><\/li>\n<\/ul>\n<\/div>\n<div class=\"extra-instructions___2TR8b\">\n<h4 class=\"care-title___2YJe1 gl-no-margin-bottom\">Informaci\u00f3n adicional sobre el cuidado<\/h4>\n<ul class=\"gl-list margin___QweXS\">\n<li class=\"gl-vspace-bpall-small\">No use suavizante de telas<\/li>\n<li class=\"gl-vspace-bpall-small\">Use solo detergente suave<\/li>\n<li class=\"gl-vspace-bpall-small\">Lavar por separado<\/li>\n<li class=\"gl-vspace-bpall-small\">Qu\u00edtese las almohadillas del sost\u00e9n antes de lavarlas<\/li>\n<li>\n<section class=\"content-item___3yeDy content-visibility-auto full-width-never___3eH3H overflow___16dqW visible accordion-content-item___27JBt\">\n<div id=\"navigation-target-specifications\">\n<div class=\"accordion___14pj8 accordion--open___14Ep0\" data-testid=\"accordion\">\n<div class=\"accordion__content___29x9h\">\n<div class=\"content-padding___2kVWQ\">\n<div class=\"bullets___3bsSs\" data-auto-id=\"specifications-section\">\n<ul class=\"gl-list\">\n<li class=\"gl-vspace-bpall-small\">Ajuste ce\u00f1ido con sujeci\u00f3n media<\/li>\n<li class=\"gl-vspace-bpall-small\">Escote en forma de V<\/li>\n<li class=\"gl-vspace-bpall-small\">79 % poli\u00e9ster reciclado, 21 % elastano interlock<\/li>\n<li class=\"gl-vspace-bpall-small\">Suave tejido melocot\u00f3n<\/li>\n<li class=\"gl-vspace-bpall-small\">Banda de dobladillo transpirable<\/li>\n<li class=\"gl-vspace-bpall-small\">Capa interior de malla de potencia<\/li>\n<li class=\"gl-vspace-bpall-small\">Defensa central de malla de potencia<\/li>\n<\/ul>\n<ul class=\"gl-list\">\n<li class=\"gl-vspace-bpall-small\">Acolchado extra\u00edble<\/li>\n<li class=\"gl-vspace-bpall-small\">Espalda de corredor<\/li>\n<li class=\"gl-vspace-bpall-small\">Primegreen (Verde de la Paz)<\/li>\n<li class=\"gl-vspace-bpall-small\">Importado<\/li>\n<li class=\"gl-vspace-bpall-small\">Color del producto: Blanco \/ Negro<\/li>\n<li class=\"gl-vspace-bpall-small\">C\u00f3digo de producto: GU7002<\/li>\n<\/ul>\n<\/div>\n<\/div>\n<\/div>\n<\/div>\n<\/div>\n<\/section>\n<section class=\"content-item___3yeDy content-visibility-auto full-width-never___3eH3H overflow___16dqW visible accordion-content-item___27JBt\">\n<div id=\"navigation-target-features\">\n<div class=\"accordion___14pj8\" data-testid=\"accordion\">\n<div class=\"accordion__header-text___2o9Im\">\n<h2 class=\"accordion-title___2sTgR\">Funciones<\/h2>\n<div class=\"item___1X-1_\"><img decoding=\"async\" class=\"img_with_fallback___2aHBu feature-icon___3S9eQ\" src=\"https:\/\/brand.assets.adidas.com\/image\/upload\/support_medium_36d9aa7bf3.jpg\" alt=\"\" data-auto-id=\"image\" \/><\/p>\n<p class=\"feature-icon-text___3Owgv\">Soporte medio<\/p>\n<\/div>\n<div class=\"item___1X-1_\"><img decoding=\"async\" class=\"img_with_fallback___2aHBu feature-icon___3S9eQ\" src=\"https:\/\/brand.assets.adidas.com\/image\/upload\/straps_non_detachable_e84b4539d9.jpg\" alt=\"\" data-auto-id=\"image\" \/><\/p>\n<p class=\"feature-icon-text___3Owgv\">Correas no desmontables<\/p>\n<\/div>\n<div class=\"item___1X-1_\"><img decoding=\"async\" class=\"img_with_fallback___2aHBu feature-icon___3S9eQ\" src=\"https:\/\/brand.assets.adidas.com\/image\/upload\/padding_removable_cf1ca6b7b1.jpg\" alt=\"\" data-auto-id=\"image\" \/><\/p>\n<p class=\"feature-icon-text___3Owgv\">Acolchado extra\u00edble<\/p>\n<\/div>\n<\/div>\n<\/div>\n<\/div>\n<\/section>\n<\/li>\n<\/ul>\n<\/div>\n<p>&nbsp;<\/p>\n","protected":false},"excerpt":{"rendered":"<p>GU7002 Objetivos de entrenamiento en circuito. Los tienes. Este sujetador deportivo adidas est\u00e1 dise\u00f1ado para ayudarte a alcanzarlos. Confeccionada para<\/p>\n","protected":false},"featured_media":70812,"comment_status":"open","ping_status":"closed","template":"","meta":{"nf_dc_page":""},"product_brand":[],"product_cat":[73],"product_tag":[],"class_list":{"0":"post-70811","1":"product","2":"type-product","3":"status-publish","4":"has-post-thumbnail","6":"product_cat-femenino","8":"first","9":"instock","10":"shipping-taxable","11":"purchasable","12":"product-type-simple"},"_links":{"self":[{"href":"https:\/\/brandss.com.py\/index\/wp-json\/wp\/v2\/product\/70811","targetHints":{"allow":["GET"]}}],"collection":[{"href":"https:\/\/brandss.com.py\/index\/wp-json\/wp\/v2\/product"}],"about":[{"href":"https:\/\/brandss.com.py\/index\/wp-json\/wp\/v2\/types\/product"}],"replies":[{"embeddable":true,"href":"https:\/\/brandss.com.py\/index\/wp-json\/wp\/v2\/comments?post=70811"}],"version-history":[{"count":1,"href":"https:\/\/brandss.com.py\/index\/wp-json\/wp\/v2\/product\/70811\/revisions"}],"predecessor-version":[{"id":70816,"href":"https:\/\/brandss.com.py\/index\/wp-json\/wp\/v2\/product\/70811\/revisions\/70816"}],"wp:featuredmedia":[{"embeddable":true,"href":"https:\/\/brandss.com.py\/index\/wp-json\/wp\/v2\/media\/70812"}],"wp:attachment":[{"href":"https:\/\/brandss.com.py\/index\/wp-json\/wp\/v2\/media?parent=70811"}],"wp:term":[{"taxonomy":"product_brand","embeddable":true,"href":"https:\/\/brandss.com.py\/index\/wp-json\/wp\/v2\/product_brand?post=70811"},{"taxonomy":"product_cat","embeddable":true,"href":"https:\/\/brandss.com.py\/index\/wp-json\/wp\/v2\/product_cat?post=70811"},{"taxonomy":"product_tag","embeddable":true,"href":"https:\/\/brandss.com.py\/index\/wp-json\/wp\/v2\/product_tag?post=70811"}],"curies":[{"name":"wp","href":"https:\/\/api.w.org\/{rel}","templated":true}]}}

<p><img decoding="async" src="https://encrypted-tbn0.gstatic.com/images?q=tbn:ANd9GcSGLJC-hmcfN9t5pvZRmFrTBktTfr4lpdWKTA&amp;s" alt="Archivo:Adidas Logo.svg - Wikipedia, la enciclopedia libre" /></p>
<h1>GU7002</h1>
<p>Objetivos de entrenamiento en circuito. Los tienes. Este sujetador deportivo adidas está diseñado para ayudarte a alcanzarlos. Confeccionada para una sujeción media, cuenta con un tejido ligero con HEAT. Tecnología RDY para mantenerte fresco incluso cuando aumentas tus repeticiones. Las inserciones acanaladas y las zonas de compresión personalizadas ofrecen una sensación personalizada. El diseño de espalda cruzada permite un rango completo de movimiento para que puedas llegar a donde quieras ir.</p>
<div class="care-instructions___3scEd">
<h4 class="care-title___2YJe1 gl-no-margin-bottom">Instrucciones de lavado</h4>
<ul>
<li class="gl-vspace-bpall-small"><img loading="lazy" decoding="async" src="https://www.adidas.com/glass/react/21b7306/assets/img/washing-instructions/B1.svg" alt="" width="24" height="24" /><span>No usar lejía</span></li>
<li class="gl-vspace-bpall-small"><img loading="lazy" decoding="async" src="https://www.adidas.com/glass/react/21b7306/assets/img/washing-instructions/C1.svg" alt="" width="24" height="24" /><span>No secar en secadora</span></li>
<li class="gl-vspace-bpall-small"><img loading="lazy" decoding="async" src="https://www.adidas.com/glass/react/21b7306/assets/img/washing-instructions/E1.svg" alt="" width="24" height="24" /><span>No lavar en seco</span></li>
<li class="gl-vspace-bpall-small"><img loading="lazy" decoding="async" src="https://www.adidas.com/glass/react/21b7306/assets/img/washing-instructions/D1.svg" alt="" width="24" height="24" /><span>No planchar</span></li>
<li class="gl-vspace-bpall-small"><img loading="lazy" decoding="async" src="https://www.adidas.com/glass/react/21b7306/assets/img/washing-instructions/A4.svg" alt="" width="24" height="24" /><span>Lavar a máquina en frío ciclo delicado</span></li>
</ul>
</div>
<div class="extra-instructions___2TR8b">
<h4 class="care-title___2YJe1 gl-no-margin-bottom">Información adicional sobre el cuidado</h4>
<ul class="gl-list margin___QweXS">
<li class="gl-vspace-bpall-small">No use suavizante de telas</li>
<li class="gl-vspace-bpall-small">Use solo detergente suave</li>
<li class="gl-vspace-bpall-small">Lavar por separado</li>
<li class="gl-vspace-bpall-small">Quítese las almohadillas del sostén antes de lavarlas</li>
<li>
<section class="content-item___3yeDy content-visibility-auto full-width-never___3eH3H overflow___16dqW visible accordion-content-item___27JBt">
<div id="navigation-target-specifications">
<div class="accordion___14pj8 accordion--open___14Ep0" data-testid="accordion">
<div class="accordion__content___29x9h">
<div class="content-padding___2kVWQ">
<div class="bullets___3bsSs" data-auto-id="specifications-section">
<ul class="gl-list">
<li class="gl-vspace-bpall-small">Ajuste ceñido con sujeción media</li>
<li class="gl-vspace-bpall-small">Escote en forma de V</li>
<li class="gl-vspace-bpall-small">79 % poliéster reciclado, 21 % elastano interlock</li>
<li class="gl-vspace-bpall-small">Suave tejido melocotón</li>
<li class="gl-vspace-bpall-small">Banda de dobladillo transpirable</li>
<li class="gl-vspace-bpall-small">Capa interior de malla de potencia</li>
<li class="gl-vspace-bpall-small">Defensa central de malla de potencia</li>
</ul>
<ul class="gl-list">
<li class="gl-vspace-bpall-small">Acolchado extraíble</li>
<li class="gl-vspace-bpall-small">Espalda de corredor</li>
<li class="gl-vspace-bpall-small">Primegreen (Verde de la Paz)</li>
<li class="gl-vspace-bpall-small">Importado</li>
<li class="gl-vspace-bpall-small">Color del producto: Blanco / Negro</li>
<li class="gl-vspace-bpall-small">Código de producto: GU7002</li>
</ul>
</div>
</div>
</div>
</div>
</div>
</section>
<section class="content-item___3yeDy content-visibility-auto full-width-never___3eH3H overflow___16dqW visible accordion-content-item___27JBt">
<div id="navigation-target-features">
<div class="accordion___14pj8" data-testid="accordion">
<div class="accordion__header-text___2o9Im">
<h2 class="accordion-title___2sTgR">Funciones</h2>
<div class="item___1X-1_"><img decoding="async" class="img_with_fallback___2aHBu feature-icon___3S9eQ" src="https://brand.assets.adidas.com/image/upload/support_medium_36d9aa7bf3.jpg" alt="" data-auto-id="image" /></p>
<p class="feature-icon-text___3Owgv">Soporte medio</p>
</div>
<div class="item___1X-1_"><img decoding="async" class="img_with_fallback___2aHBu feature-icon___3S9eQ" src="https://brand.assets.adidas.com/image/upload/straps_non_detachable_e84b4539d9.jpg" alt="" data-auto-id="image" /></p>
<p class="feature-icon-text___3Owgv">Correas no desmontables</p>
</div>
<div class="item___1X-1_"><img decoding="async" class="img_with_fallback___2aHBu feature-icon___3S9eQ" src="https://brand.assets.adidas.com/image/upload/padding_removable_cf1ca6b7b1.jpg" alt="" data-auto-id="image" /></p>
<p class="feature-icon-text___3Owgv">Acolchado extraíble</p>
</div>
</div>
</div>
</div>
</section>
</li>
</ul>
</div>
<p>&nbsp;</p>

<p>GU7002 Objetivos de entrenamiento en circuito. Los tienes. Este sujetador deportivo adidas está diseñado para ayudarte a alcanzarlos. Confeccionada para</p>
