{"id":70817,"date":"2025-02-11T12:11:58","date_gmt":"2025-02-11T12:11:58","guid":{"rendered":"https:\/\/brandss.com.py\/index\/?post_type=product&#038;p=70817"},"modified":"2025-02-11T12:12:22","modified_gmt":"2025-02-11T12:12:22","slug":"short-deportivo-femenino-adidas-primeblue-designed-2-move-3-stripes-2","status":"publish","type":"product","link":"https:\/\/brandss.com.py\/index\/producto\/short-deportivo-femenino-adidas-primeblue-designed-2-move-3-stripes-2\/","title":{"rendered":"SHORT DEPORTIVO FEMENINO ADIDAS PRIMEBLUE DESIGNED 2 MOVE 3 STRIPES"},"content":{"rendered":"<p><img loading=\"lazy\" decoding=\"async\" class=\"\" src=\"https:\/\/static.vecteezy.com\/system\/resources\/previews\/014\/414\/689\/non_2x\/adidas-new-logo-on-transparent-background-free-vector.jpg\" alt=\"nuevo logotipo de adidas sobre fondo transparente 14414689 Vector en  Vecteezy\" width=\"89\" height=\"89\" \/><\/p>\n<h1>PRIMEBLUE DESIGNED 2 MOVE 3 STRIPES<\/h1>\n<p><span>Un short deportivo cl\u00e1sico apto para todo tipo de entrenamiento. Ultra transpirable, con aberturas laterales para mayor libertad de movimiento. Cuenta con tecnolog\u00eda AEROREADY que absorbe el sudor para mantenerte seco. Es perfecto para una clase de HIIT o para fortalecer en las m\u00e1quinas de pesas. Este producto est\u00e1 fabricado con Primeblue, un material reciclado de alto rendimiento fabricado en parte a partir de Parley Ocean Plastic.<\/span><\/p>\n<ul>\n<li><span>Ajuste est\u00e1ndar.<\/span><\/li>\n<li>Corte cl\u00e1sico.<\/li>\n<li>Cintura el\u00e1stica con cord\u00f3n de ajuste.<\/li>\n<li>Tejido plano 100 % poli\u00e9ster reciclado.<\/li>\n<li>Dise\u00f1o transpirable.<\/li>\n<li>Bolsillos laterales.<\/li>\n<li>Primeblue.<\/li>\n<li>Color: Burdeos\/ Blanco.<\/li>\n<li>Modelo: GT0186.<\/li>\n<\/ul>\n","protected":false},"excerpt":{"rendered":"<p>PRIMEBLUE DESIGNED 2 MOVE 3 STRIPES Un short deportivo cl\u00e1sico apto para todo tipo de entrenamiento. Ultra transpirable, con aberturas<\/p>\n","protected":false},"featured_media":70818,"comment_status":"open","ping_status":"closed","template":"","meta":{"nf_dc_page":""},"product_brand":[],"product_cat":[73],"product_tag":[],"class_list":{"0":"post-70817","1":"product","2":"type-product","3":"status-publish","4":"has-post-thumbnail","6":"product_cat-femenino","8":"first","9":"instock","10":"shipping-taxable","11":"purchasable","12":"product-type-simple"},"_links":{"self":[{"href":"https:\/\/brandss.com.py\/index\/wp-json\/wp\/v2\/product\/70817","targetHints":{"allow":["GET"]}}],"collection":[{"href":"https:\/\/brandss.com.py\/index\/wp-json\/wp\/v2\/product"}],"about":[{"href":"https:\/\/brandss.com.py\/index\/wp-json\/wp\/v2\/types\/product"}],"replies":[{"embeddable":true,"href":"https:\/\/brandss.com.py\/index\/wp-json\/wp\/v2\/comments?post=70817"}],"version-history":[{"count":1,"href":"https:\/\/brandss.com.py\/index\/wp-json\/wp\/v2\/product\/70817\/revisions"}],"predecessor-version":[{"id":70825,"href":"https:\/\/brandss.com.py\/index\/wp-json\/wp\/v2\/product\/70817\/revisions\/70825"}],"wp:featuredmedia":[{"embeddable":true,"href":"https:\/\/brandss.com.py\/index\/wp-json\/wp\/v2\/media\/70818"}],"wp:attachment":[{"href":"https:\/\/brandss.com.py\/index\/wp-json\/wp\/v2\/media?parent=70817"}],"wp:term":[{"taxonomy":"product_brand","embeddable":true,"href":"https:\/\/brandss.com.py\/index\/wp-json\/wp\/v2\/product_brand?post=70817"},{"taxonomy":"product_cat","embeddable":true,"href":"https:\/\/brandss.com.py\/index\/wp-json\/wp\/v2\/product_cat?post=70817"},{"taxonomy":"product_tag","embeddable":true,"href":"https:\/\/brandss.com.py\/index\/wp-json\/wp\/v2\/product_tag?post=70817"}],"curies":[{"name":"wp","href":"https:\/\/api.w.org\/{rel}","templated":true}]}}