{"id":70820,"date":"2025-02-11T12:13:19","date_gmt":"2025-02-11T12:13:19","guid":{"rendered":"https:\/\/brandss.com.py\/index\/?post_type=product&#038;p=70820"},"modified":"2025-02-11T12:17:54","modified_gmt":"2025-02-11T12:17:54","slug":"__trashed-11","status":"publish","type":"product","link":"https:\/\/brandss.com.py\/index\/producto\/__trashed-11\/","title":{"rendered":"SUJETADOR DEPORTIVO FEMENINO ADIDAS ALL ME 3-STRIPES"},"content":{"rendered":"<p>&nbsp;<\/p>\n<p><img decoding=\"async\" src=\"https:\/\/encrypted-tbn0.gstatic.com\/images?q=tbn:ANd9GcSGLJC-hmcfN9t5pvZRmFrTBktTfr4lpdWKTA&amp;s\" alt=\"Archivo:Adidas Logo.svg - Wikipedia, la enciclopedia libre\" \/><\/p>\n<h1>GU7060<\/h1>\n<p>Un sujetador deportivo de la colecci\u00f3n adidas Performance. El modelo est\u00e1 hecho de material c\u00f3modo.<br \/>\n&#8211; El modelo est\u00e1 rematado con una tira el\u00e1stica.<br \/>\n&#8211; Equipado con AEROREADY para absorber la humedad.<br \/>\n&#8211; Correas ajustables.<br \/>\n&#8211; Copa ligeramente acolchada.<br \/>\n&#8211; Inserciones decorativas.<\/p>\n<p>Materia\u0142 zasadniczy: 79 % Poliester z recyklingu, 21 % Spandex, Wstawki: 80 % Poliester z recyklingu, 20 % Elastan.<\/p>\n","protected":false},"excerpt":{"rendered":"<p>&nbsp; GU7060 Un sujetador deportivo de la colecci\u00f3n adidas Performance. El modelo est\u00e1 hecho de material c\u00f3modo. &#8211; El modelo<\/p>\n","protected":false},"featured_media":70829,"comment_status":"open","ping_status":"closed","template":"","meta":{"nf_dc_page":""},"product_brand":[],"product_cat":[73],"product_tag":[],"class_list":{"0":"post-70820","1":"product","2":"type-product","3":"status-publish","4":"has-post-thumbnail","6":"product_cat-femenino","8":"first","9":"instock","10":"shipping-taxable","11":"purchasable","12":"product-type-simple"},"_links":{"self":[{"href":"https:\/\/brandss.com.py\/index\/wp-json\/wp\/v2\/product\/70820","targetHints":{"allow":["GET"]}}],"collection":[{"href":"https:\/\/brandss.com.py\/index\/wp-json\/wp\/v2\/product"}],"about":[{"href":"https:\/\/brandss.com.py\/index\/wp-json\/wp\/v2\/types\/product"}],"replies":[{"embeddable":true,"href":"https:\/\/brandss.com.py\/index\/wp-json\/wp\/v2\/comments?post=70820"}],"version-history":[{"count":2,"href":"https:\/\/brandss.com.py\/index\/wp-json\/wp\/v2\/product\/70820\/revisions"}],"predecessor-version":[{"id":70834,"href":"https:\/\/brandss.com.py\/index\/wp-json\/wp\/v2\/product\/70820\/revisions\/70834"}],"wp:featuredmedia":[{"embeddable":true,"href":"https:\/\/brandss.com.py\/index\/wp-json\/wp\/v2\/media\/70829"}],"wp:attachment":[{"href":"https:\/\/brandss.com.py\/index\/wp-json\/wp\/v2\/media?parent=70820"}],"wp:term":[{"taxonomy":"product_brand","embeddable":true,"href":"https:\/\/brandss.com.py\/index\/wp-json\/wp\/v2\/product_brand?post=70820"},{"taxonomy":"product_cat","embeddable":true,"href":"https:\/\/brandss.com.py\/index\/wp-json\/wp\/v2\/product_cat?post=70820"},{"taxonomy":"product_tag","embeddable":true,"href":"https:\/\/brandss.com.py\/index\/wp-json\/wp\/v2\/product_tag?post=70820"}],"curies":[{"name":"wp","href":"https:\/\/api.w.org\/{rel}","templated":true}]}}