{"id":70948,"date":"2025-02-11T14:44:38","date_gmt":"2025-02-11T14:44:38","guid":{"rendered":"https:\/\/brandss.com.py\/index\/?post_type=product&#038;p=70948"},"modified":"2025-02-11T14:45:14","modified_gmt":"2025-02-11T14:45:14","slug":"sujetador-deportivo-femenino-adidas-aeroknit-2","status":"publish","type":"product","link":"https:\/\/brandss.com.py\/index\/producto\/sujetador-deportivo-femenino-adidas-aeroknit-2\/","title":{"rendered":"SUJETADOR DEPORTIVO FEMENINO ADIDAS AEROKNIT"},"content":{"rendered":"<p><img loading=\"lazy\" decoding=\"async\" class=\"\" src=\"https:\/\/static.vecteezy.com\/system\/resources\/previews\/014\/414\/689\/non_2x\/adidas-new-logo-on-transparent-background-free-vector.jpg\" alt=\"nuevo logotipo de adidas sobre fondo transparente 14414689 Vector en  Vecteezy\" width=\"85\" height=\"85\" \/><\/p>\n<h1>AEROKNIT<\/h1>\n<p>Ponte este sujetador deportivo adidas y esfu\u00e9rzate al m\u00e1ximo con comodidad. El material Aeroknit de adidas regula la temperatura para mantenerte seca y concentrada en lo que realmente importa. La \u00faltima repetici\u00f3n, la \u00faltima vuelta y el planeta, ya que tu sujetador es parte del compromiso de adidas de luchar contra los residuos pl\u00e1sticos. <span>El adidas AEROKNIT es un sujetador deportivo para mujer que te proporciona un soporte \u00f3ptimo durante el ejercicio. <\/span><span>La compresi\u00f3n ligera proporciona apoyo y una sensaci\u00f3n de seguridad durante los movimientos activos. Este sujetador deportivo es la elecci\u00f3n correcta para todas aquellas personas que aman y llevan un estilo de vida activo y deportivo. La tecnolog\u00eda AEROREADY te brinda apoyo real durante los desaf\u00edos m\u00e1s exigentes. El secado r\u00e1pido facilita cada movimiento y el material tejido y de poli\u00e9ster garantiza una circulaci\u00f3n del aire \u00f3ptima. Los materiales Primegreen y la tecnolog\u00eda Primeblue son la elecci\u00f3n de adidas para proteger nuestro planeta. adidas te garantiza la mejor calidad posible.<\/span><\/p>\n<p><strong>Caracter\u00edsticas:<\/strong><\/p>\n<ul>\n<li><span>La tecnolog\u00eda AEROREADY regula la humedad y proporciona una sensaci\u00f3n de sequedad duradera.<\/span><\/li>\n<li><span>Tirantes cruzados en la espalda<\/span><\/li>\n<li><span>Material principal: 88% poli\u00e9ster reciclado, 12% elastano.<\/span><\/li>\n<li><span>Soporte ligero y ajuste ce\u00f1ido.<\/span><\/li>\n<li>Color: Orbita violeta<\/li>\n<li>Modelo: GU4593<\/li>\n<\/ul>\n","protected":false},"excerpt":{"rendered":"<p>AEROKNIT Ponte este sujetador deportivo adidas y esfu\u00e9rzate al m\u00e1ximo con comodidad. El material Aeroknit de adidas regula la temperatura<\/p>\n","protected":false},"featured_media":70949,"comment_status":"open","ping_status":"closed","template":"","meta":{"nf_dc_page":""},"product_brand":[],"product_cat":[73],"product_tag":[],"class_list":{"0":"post-70948","1":"product","2":"type-product","3":"status-publish","4":"has-post-thumbnail","6":"product_cat-femenino","8":"first","9":"instock","10":"shipping-taxable","11":"purchasable","12":"product-type-simple"},"_links":{"self":[{"href":"https:\/\/brandss.com.py\/index\/wp-json\/wp\/v2\/product\/70948","targetHints":{"allow":["GET"]}}],"collection":[{"href":"https:\/\/brandss.com.py\/index\/wp-json\/wp\/v2\/product"}],"about":[{"href":"https:\/\/brandss.com.py\/index\/wp-json\/wp\/v2\/types\/product"}],"replies":[{"embeddable":true,"href":"https:\/\/brandss.com.py\/index\/wp-json\/wp\/v2\/comments?post=70948"}],"version-history":[{"count":1,"href":"https:\/\/brandss.com.py\/index\/wp-json\/wp\/v2\/product\/70948\/revisions"}],"predecessor-version":[{"id":70955,"href":"https:\/\/brandss.com.py\/index\/wp-json\/wp\/v2\/product\/70948\/revisions\/70955"}],"wp:featuredmedia":[{"embeddable":true,"href":"https:\/\/brandss.com.py\/index\/wp-json\/wp\/v2\/media\/70949"}],"wp:attachment":[{"href":"https:\/\/brandss.com.py\/index\/wp-json\/wp\/v2\/media?parent=70948"}],"wp:term":[{"taxonomy":"product_brand","embeddable":true,"href":"https:\/\/brandss.com.py\/index\/wp-json\/wp\/v2\/product_brand?post=70948"},{"taxonomy":"product_cat","embeddable":true,"href":"https:\/\/brandss.com.py\/index\/wp-json\/wp\/v2\/product_cat?post=70948"},{"taxonomy":"product_tag","embeddable":true,"href":"https:\/\/brandss.com.py\/index\/wp-json\/wp\/v2\/product_tag?post=70948"}],"curies":[{"name":"wp","href":"https:\/\/api.w.org\/{rel}","templated":true}]}}