{"id":70988,"date":"2025-02-11T17:35:52","date_gmt":"2025-02-11T17:35:52","guid":{"rendered":"https:\/\/brandss.com.py\/index\/?post_type=product&#038;p=70988"},"modified":"2025-02-11T17:36:29","modified_gmt":"2025-02-11T17:36:29","slug":"calzado-deportivo-femenino-adidas-forum-bold","status":"publish","type":"product","link":"https:\/\/brandss.com.py\/index\/producto\/calzado-deportivo-femenino-adidas-forum-bold\/","title":{"rendered":"CALZADO DEPORTIVO FEMENINO ADIDAS FORUM BOLD"},"content":{"rendered":"<p><img loading=\"lazy\" decoding=\"async\" class=\"\" src=\"https:\/\/static.vecteezy.com\/system\/resources\/previews\/014\/414\/689\/non_2x\/adidas-new-logo-on-transparent-background-free-vector.jpg\" alt=\"nuevo logotipo de adidas sobre fondo transparente 14414689 Vector en  Vecteezy\" width=\"107\" height=\"107\" \/><\/p>\n<h1>FORUM BOLD<\/h1>\n<h3 class=\"subtitle___9ljbp\"><span>Una versi\u00f3n mejorada de los zapatos cl\u00e1sicos, confeccionada en parte con materiales reciclados.<\/span><\/h3>\n<p class=\"gl-vspace\"><span>Un modelo innovador desde el primer d\u00eda, el adidas Forum ha dominado la cancha y ha bailado en todos los escenarios. Esta versi\u00f3n de las zapatillas tiene una suela de plataforma exagerada que eleva el estilo legendario a nuevas alturas. As\u00ed que puedes subirte y disfrutar de la vista. Fabricada con una serie de materiales reciclados, esta parte superior presenta al menos un 50 % de contenido reciclado. Este producto representa solo una de nuestras soluciones para ayudar a terminar con los desechos pl\u00e1sticos.<\/span><\/p>\n<div class=\"accordion__header-text___2o9Im\">\n<h2 class=\"accordion-title___2sTgR\"><span>Detalles<\/span><\/h2>\n<\/div>\n<div class=\"accordion__header-icon___2FuRa\"><\/div>\n<div class=\"accordion__content___29x9h\">\n<div class=\"content-padding___2kVWQ\">\n<div class=\"bullets___3bsSs\" data-auto-id=\"specifications-section\" data-testid=\"specifications-section\">\n<ul class=\"gl-list\">\n<li class=\"gl-vspace-bpall-small\"><span>Ajuste regular.<\/span><\/li>\n<li class=\"gl-vspace-bpall-small\"><span>Cierre de encaje.<\/span><\/li>\n<li class=\"gl-vspace-bpall-small\"><span>Parte superior de cuero revestido.<\/span><\/li>\n<li class=\"gl-vspace-bpall-small\"><span>Forro de piel sint\u00e9tica.<\/span><\/li>\n<li class=\"gl-vspace-bpall-small\"><span>Plantilla de malla.<\/span><\/li>\n<li class=\"gl-vspace-bpall-small\"><span>Suela de goma.<\/span><\/li>\n<li class=\"gl-vspace-bpall-small\"><span>La parte superior contiene un m\u00ednimo de 50% de contenido reciclado.<\/span><\/li>\n<li class=\"gl-vspace-bpall-small\"><span>Color: Blanco nube \/ Blanco nube \/ Negro n\u00facleo.<\/span><\/li>\n<li class=\"gl-vspace-bpall-small\"><span>Modelo: GW3878.<\/span><\/li>\n<\/ul>\n<\/div>\n<\/div>\n<\/div>\n","protected":false},"excerpt":{"rendered":"<p>FORUM BOLD Una versi\u00f3n mejorada de los zapatos cl\u00e1sicos, confeccionada en parte con materiales reciclados. Un modelo innovador desde el<\/p>\n","protected":false},"featured_media":70989,"comment_status":"open","ping_status":"closed","template":"","meta":{"nf_dc_page":""},"product_brand":[],"product_cat":[73],"product_tag":[],"class_list":{"0":"post-70988","1":"product","2":"type-product","3":"status-publish","4":"has-post-thumbnail","6":"product_cat-femenino","8":"first","9":"instock","10":"shipping-taxable","11":"purchasable","12":"product-type-simple"},"_links":{"self":[{"href":"https:\/\/brandss.com.py\/index\/wp-json\/wp\/v2\/product\/70988","targetHints":{"allow":["GET"]}}],"collection":[{"href":"https:\/\/brandss.com.py\/index\/wp-json\/wp\/v2\/product"}],"about":[{"href":"https:\/\/brandss.com.py\/index\/wp-json\/wp\/v2\/types\/product"}],"replies":[{"embeddable":true,"href":"https:\/\/brandss.com.py\/index\/wp-json\/wp\/v2\/comments?post=70988"}],"version-history":[{"count":1,"href":"https:\/\/brandss.com.py\/index\/wp-json\/wp\/v2\/product\/70988\/revisions"}],"predecessor-version":[{"id":70998,"href":"https:\/\/brandss.com.py\/index\/wp-json\/wp\/v2\/product\/70988\/revisions\/70998"}],"wp:featuredmedia":[{"embeddable":true,"href":"https:\/\/brandss.com.py\/index\/wp-json\/wp\/v2\/media\/70989"}],"wp:attachment":[{"href":"https:\/\/brandss.com.py\/index\/wp-json\/wp\/v2\/media?parent=70988"}],"wp:term":[{"taxonomy":"product_brand","embeddable":true,"href":"https:\/\/brandss.com.py\/index\/wp-json\/wp\/v2\/product_brand?post=70988"},{"taxonomy":"product_cat","embeddable":true,"href":"https:\/\/brandss.com.py\/index\/wp-json\/wp\/v2\/product_cat?post=70988"},{"taxonomy":"product_tag","embeddable":true,"href":"https:\/\/brandss.com.py\/index\/wp-json\/wp\/v2\/product_tag?post=70988"}],"curies":[{"name":"wp","href":"https:\/\/api.w.org\/{rel}","templated":true}]}}