{"id":71081,"date":"2025-02-12T11:54:15","date_gmt":"2025-02-12T11:54:15","guid":{"rendered":"https:\/\/brandss.com.py\/index\/?post_type=product&#038;p=71081"},"modified":"2025-05-26T12:43:57","modified_gmt":"2025-05-26T12:43:57","slug":"calzado-deportivo-masculino-adidas-x-speedflow-3-pasto-sintetico","status":"publish","type":"product","link":"https:\/\/brandss.com.py\/index\/producto\/calzado-deportivo-masculino-adidas-x-speedflow-3-pasto-sintetico\/","title":{"rendered":"CALZADO DEPORTIVO MASCULINO ADIDAS X SPEEDFLOW.3 PASTO SINT\u00c9TICO"},"content":{"rendered":"<p><img loading=\"lazy\" decoding=\"async\" class=\"\" src=\"https:\/\/encrypted-tbn0.gstatic.com\/images?q=tbn:ANd9GcQIO9HvRepmQOPQJtDj-jBhpxzG3DGQDZuYWA&amp;s\" alt=\"Logotipo de Adidas PNG transparente - StickPNG\" width=\"160\" height=\"100\" \/><\/p>\n<h1>X SPEEDFLOW.3<\/h1>\n<h3 class=\"subtitle___9ljbp\">Juega con comodidad en pasto sint\u00e9tico con estos guayos livianos<\/h3>\n<p class=\"gl-vspace\">La cancha tiene sus propias reglas. La intuici\u00f3n domina la t\u00e1ctica. As\u00ed que cuando ya es demasiado tarde, encuentra tu ritmo con los adidas X. Estos guayos mantienen la ligereza y la comodidad con su exterior Speedskin suave y minimalista. En el interior, incorporan una estructura el\u00e1stica tipo media que sujeta el pie. Debajo, una suela con taches mantiene la estabilidad en pasto sint\u00e9tico para que siempre est\u00e9s un paso adelante.<\/p>\n<div class=\"accordion__header-text___2o9Im\">\n<h2 class=\"accordion-title___2sTgR\">Detalles<\/h2>\n<\/div>\n<div class=\"accordion__header-icon___2FuRa\"><\/div>\n<div class=\"accordion__content___29x9h\">\n<div class=\"content-padding___2kVWQ\">\n<div class=\"bullets___3bsSs\" data-auto-id=\"specifications-section\" data-testid=\"specifications-section\">\n<ul class=\"gl-list\">\n<li class=\"gl-vspace-bpall-small\">Horma cl\u00e1sica.<\/li>\n<li class=\"gl-vspace-bpall-small\">Sistema de amarre de cordones.<\/li>\n<li class=\"gl-vspace-bpall-small\">Exterior textil Speedskin.<\/li>\n<li class=\"gl-vspace-bpall-small\">Mediasuela de EVA.<\/li>\n<li class=\"gl-vspace-bpall-small\">Suela de caucho liviana con dise\u00f1o espec\u00edfico para canchas de pasto sint\u00e9tico.<\/li>\n<li class=\"gl-vspace-bpall-small\">Color: Sky Rush \/ Team Shock Pink \/ Cloud White.<\/li>\n<li class=\"gl-vspace-bpall-small\">Modelo: GW7508.<\/li>\n<\/ul>\n<\/div>\n<\/div>\n<\/div>\n","protected":false},"excerpt":{"rendered":"<p>X SPEEDFLOW.3 Juega con comodidad en pasto sint\u00e9tico con estos guayos livianos La cancha tiene sus propias reglas. La intuici\u00f3n<\/p>\n","protected":false},"featured_media":71082,"comment_status":"open","ping_status":"closed","template":"","meta":{"nf_dc_page":""},"product_brand":[],"product_cat":[76],"product_tag":[],"class_list":{"0":"post-71081","1":"product","2":"type-product","3":"status-publish","4":"has-post-thumbnail","6":"product_cat-masculino","8":"first","9":"instock","10":"shipping-taxable","11":"purchasable","12":"product-type-simple"},"_links":{"self":[{"href":"https:\/\/brandss.com.py\/index\/wp-json\/wp\/v2\/product\/71081","targetHints":{"allow":["GET"]}}],"collection":[{"href":"https:\/\/brandss.com.py\/index\/wp-json\/wp\/v2\/product"}],"about":[{"href":"https:\/\/brandss.com.py\/index\/wp-json\/wp\/v2\/types\/product"}],"replies":[{"embeddable":true,"href":"https:\/\/brandss.com.py\/index\/wp-json\/wp\/v2\/comments?post=71081"}],"version-history":[{"count":1,"href":"https:\/\/brandss.com.py\/index\/wp-json\/wp\/v2\/product\/71081\/revisions"}],"predecessor-version":[{"id":71091,"href":"https:\/\/brandss.com.py\/index\/wp-json\/wp\/v2\/product\/71081\/revisions\/71091"}],"wp:featuredmedia":[{"embeddable":true,"href":"https:\/\/brandss.com.py\/index\/wp-json\/wp\/v2\/media\/71082"}],"wp:attachment":[{"href":"https:\/\/brandss.com.py\/index\/wp-json\/wp\/v2\/media?parent=71081"}],"wp:term":[{"taxonomy":"product_brand","embeddable":true,"href":"https:\/\/brandss.com.py\/index\/wp-json\/wp\/v2\/product_brand?post=71081"},{"taxonomy":"product_cat","embeddable":true,"href":"https:\/\/brandss.com.py\/index\/wp-json\/wp\/v2\/product_cat?post=71081"},{"taxonomy":"product_tag","embeddable":true,"href":"https:\/\/brandss.com.py\/index\/wp-json\/wp\/v2\/product_tag?post=71081"}],"curies":[{"name":"wp","href":"https:\/\/api.w.org\/{rel}","templated":true}]}}