{"id":71157,"date":"2025-02-12T17:06:54","date_gmt":"2025-02-12T17:06:54","guid":{"rendered":"https:\/\/brandss.com.py\/index\/?post_type=product&#038;p=71157"},"modified":"2025-02-12T17:07:30","modified_gmt":"2025-02-12T17:07:30","slug":"calzado-deportivo-masculino-adidas-supernova-4","status":"publish","type":"product","link":"https:\/\/brandss.com.py\/index\/producto\/calzado-deportivo-masculino-adidas-supernova-4\/","title":{"rendered":"CALZADO DEPORTIVO MASCULINO ADIDAS SUPERNOVA+"},"content":{"rendered":"<p><img loading=\"lazy\" decoding=\"async\" class=\"\" src=\"https:\/\/encrypted-tbn0.gstatic.com\/images?q=tbn:ANd9GcQIO9HvRepmQOPQJtDj-jBhpxzG3DGQDZuYWA&amp;s\" alt=\"Logotipo de Adidas PNG transparente - StickPNG\" width=\"86\" height=\"54\" \/><\/p>\n<h1>SUPERNOVA+<\/h1>\n<h4 class=\"gl-heading--italic\">Ponte c\u00f3modo corriendo con Supernova+.<\/h4>\n<p>La energ\u00eda se combina con la comodidad con Adidas Supernova+. Por muy lejos o r\u00e1pido que entrenes, la Supernova+ te mantiene empujando hacia tus objetivos. Al igual que las Supernova, estas zapatillas Adidas montan en una combinaci\u00f3n de Boost y Bounce. La ventaja en el nombre se refiere al Boost a\u00f1adido en el antepi\u00e9 en comparaci\u00f3n con Supernova, que ofrece un mayor retorno de energ\u00eda y comodidad en cada paso. Experimenta la energ\u00eda de una carrera c\u00f3moda.<\/p>\n<div class=\"highlight___3POIs\">\n<h5>ENTRESUELA H\u00cdBRIDA<\/h5>\n<p>La mezcla equilibrada con precisi\u00f3n de Bounce y Boost ofrece comodidad y retorno de energ\u00eda con cada zancada.<\/p>\n<\/div>\n<div class=\"highlight___3POIs\">\n<h5>Parte superior de malla de ingenier\u00eda<\/h5>\n<p>La parte superior de malla mono y la construcci\u00f3n de leng\u00fceta acolchada crean comodidad.<\/p>\n<\/div>\n<div class=\"highlight___3POIs\">\n<h5>REFUERZO MEJORADO<\/h5>\n<p>El refuerzo adicional del antepi\u00e9 en comparaci\u00f3n con Supernova proporciona un mayor retorno de energ\u00eda y comodidad.<\/p>\n<h3>Detalles<\/h3>\n<ul>\n<li class=\"gl-vspace-bpall-small\">Cierre de encaje.<\/li>\n<li class=\"gl-vspace-bpall-small\">Parte superior de malla de ingenier\u00eda con parche reflectante en el tal\u00f3n.<\/li>\n<li class=\"gl-vspace-bpall-small\">BOOST tal\u00f3n y antepi\u00e9.<\/li>\n<li class=\"gl-vspace-bpall-small\">Amortiguaci\u00f3n de rebote<\/li>\n<li class=\"gl-vspace-bpall-small\">Peso 11,2 onzas (talla 9).<\/li>\n<li class=\"gl-vspace-bpall-small\">Ca\u00edda de la entresuela: 10 mm (tal\u00f3n: 32 mm \/ antepi\u00e9: 22 mm).<\/li>\n<li class=\"gl-vspace-bpall-small\">Suela de goma.<\/li>\n<li class=\"gl-vspace-bpall-small\">El hilo en la parte superior contiene al menos 50% de pl\u00e1stico Parley Ocean y 50% poli\u00e9ster reciclado.<\/li>\n<li class=\"gl-vspace-bpall-small\">\u00a0Importado.<\/li>\n<li class=\"gl-vspace-bpall-small\">Color: Grey Four \/ Core Black \/ Flash Orange.<\/li>\n<li class=\"gl-vspace-bpall-small\">Modelo: GX2952.<\/li>\n<\/ul>\n<\/div>\n","protected":false},"excerpt":{"rendered":"<p>SUPERNOVA+ Ponte c\u00f3modo corriendo con Supernova+. La energ\u00eda se combina con la comodidad con Adidas Supernova+. Por muy lejos o<\/p>\n","protected":false},"featured_media":71158,"comment_status":"open","ping_status":"closed","template":"","meta":{"nf_dc_page":""},"product_brand":[],"product_cat":[76],"product_tag":[],"class_list":{"0":"post-71157","1":"product","2":"type-product","3":"status-publish","4":"has-post-thumbnail","6":"product_cat-masculino","8":"first","9":"instock","10":"shipping-taxable","11":"purchasable","12":"product-type-simple"},"_links":{"self":[{"href":"https:\/\/brandss.com.py\/index\/wp-json\/wp\/v2\/product\/71157","targetHints":{"allow":["GET"]}}],"collection":[{"href":"https:\/\/brandss.com.py\/index\/wp-json\/wp\/v2\/product"}],"about":[{"href":"https:\/\/brandss.com.py\/index\/wp-json\/wp\/v2\/types\/product"}],"replies":[{"embeddable":true,"href":"https:\/\/brandss.com.py\/index\/wp-json\/wp\/v2\/comments?post=71157"}],"version-history":[{"count":1,"href":"https:\/\/brandss.com.py\/index\/wp-json\/wp\/v2\/product\/71157\/revisions"}],"predecessor-version":[{"id":71167,"href":"https:\/\/brandss.com.py\/index\/wp-json\/wp\/v2\/product\/71157\/revisions\/71167"}],"wp:featuredmedia":[{"embeddable":true,"href":"https:\/\/brandss.com.py\/index\/wp-json\/wp\/v2\/media\/71158"}],"wp:attachment":[{"href":"https:\/\/brandss.com.py\/index\/wp-json\/wp\/v2\/media?parent=71157"}],"wp:term":[{"taxonomy":"product_brand","embeddable":true,"href":"https:\/\/brandss.com.py\/index\/wp-json\/wp\/v2\/product_brand?post=71157"},{"taxonomy":"product_cat","embeddable":true,"href":"https:\/\/brandss.com.py\/index\/wp-json\/wp\/v2\/product_cat?post=71157"},{"taxonomy":"product_tag","embeddable":true,"href":"https:\/\/brandss.com.py\/index\/wp-json\/wp\/v2\/product_tag?post=71157"}],"curies":[{"name":"wp","href":"https:\/\/api.w.org\/{rel}","templated":true}]}}