{"id":71334,"date":"2025-02-13T16:26:01","date_gmt":"2025-02-13T16:26:01","guid":{"rendered":"https:\/\/brandss.com.py\/index\/?post_type=product&#038;p=71334"},"modified":"2025-02-13T16:28:54","modified_gmt":"2025-02-13T16:28:54","slug":"calzado-deportivo-femenino-adidas-ultraboost-22-3","status":"publish","type":"product","link":"https:\/\/brandss.com.py\/index\/producto\/calzado-deportivo-femenino-adidas-ultraboost-22-3\/","title":{"rendered":"CALZADO DEPORTIVO FEMENINO ADIDAS ULTRABOOST 22"},"content":{"rendered":"<p><img decoding=\"async\" src=\"https:\/\/encrypted-tbn0.gstatic.com\/images?q=tbn:ANd9GcSGLJC-hmcfN9t5pvZRmFrTBktTfr4lpdWKTA&amp;s\" alt=\"Archivo:Adidas Logo.svg - Wikipedia, la enciclopedia libre\" \/><\/p>\n<h1><\/h1>\n<h1>GX5589<\/h1>\n<p>&nbsp;<\/p>\n<p><img decoding=\"async\" class=\"img_with_fallback___2aHBu feature-icon___3S9eQ\" src=\"https:\/\/brand.assets.adidas.com\/image\/upload\/neutral_16b16d1637.png\" alt=\"\" data-auto-id=\"image\" \/><\/p>\n<div class=\"features-section___1pumR\">\n<div class=\"item___1X-1_\">\n<p class=\"feature-icon-text___3Owgv\">Neutro<\/p>\n<\/div>\n<div class=\"item___1X-1_\">\n<p><img decoding=\"async\" class=\"img_with_fallback___2aHBu feature-icon___3S9eQ\" src=\"https:\/\/brand.assets.adidas.com\/image\/upload\/regular_a176d1f2d6.png\" alt=\"\" data-auto-id=\"image\" \/><\/p>\n<p class=\"feature-icon-text___3Owgv\">Horma cl\u00e1sica Mujer<\/p>\n<\/div>\n<div class=\"special-item___2Ohsx\">\n<p class=\"feature-icon-title___v-KQG\">9mm<\/p>\n<p class=\"feature-icon-summary-small___31Rc0\">Ca\u00edda del tal\u00f3n a la punta<\/p>\n<p class=\"feature-icon-summary-small___31Rc0\">24mm \/ 15mm<\/p>\n<\/div>\n<div class=\"special-item___2Ohsx\">\n<p class=\"feature-icon-title___v-KQG\">283g<\/p>\n<p class=\"feature-icon-summary-small___31Rc0\">Talla UK 5.5<\/p>\n<p class=\"feature-icon-summary-small___31Rc0\">\n<\/div>\n<\/div>\n<div class=\"bullets___3bsSs\" data-auto-id=\"specifications-section\" data-testid=\"specifications-section\">\n<ul class=\"gl-list\">\n<li class=\"gl-vspace-bpall-small\">Ajuste cl\u00e1sico<\/li>\n<li class=\"gl-vspace-bpall-small\">Sistema de amarre de cordones<\/li>\n<li class=\"gl-vspace-bpall-small\">Exterior de tejido adidas Primeknit<\/li>\n<li class=\"gl-vspace-bpall-small\">Ajuste suave en el tal\u00f3n<\/li>\n<li class=\"gl-vspace-bpall-small\">Sistema Linear Energy Push<\/li>\n<li class=\"gl-vspace-bpall-small\">Mediasuela BOOST<\/li>\n<\/ul>\n<ul class=\"gl-list\">\n<li class=\"gl-vspace-bpall-small\">Peso: 289 gramos (talla MX 4)<\/li>\n<li class=\"gl-vspace-bpall-small\">Suela Stretchweb con caucho Continental\u2122 Better Rubber<\/li>\n<li class=\"gl-vspace-bpall-small\">El hilo del exterior contiene al menos 50% de Parley Ocean Plastic y 50% de poli\u00e9ster reciclado<\/li>\n<li class=\"gl-vspace-bpall-small\">Color del art\u00edculo: Crystal White \/ Turbo \/ Legacy Indigo<\/li>\n<\/ul>\n<\/div>\n<div class=\"highlight___3fa4r\">\n<div class=\"highlight-text___lgoJI\">\n<h3 class=\"highlight-text__headline___25B2G\">Comodidad para el pie femenino<\/h3>\n<p>El dise\u00f1o con un ajuste mejorado en el tal\u00f3n y una curva del empeine m\u00e1s baja, ofrece mayor comodidad y ayuda a evitar rozaduras y ampollas.<\/p>\n<\/div>\n<\/div>\n<div class=\"highlight___3fa4r\">\n<div class=\"highlight-text___lgoJI\">\n<h3 class=\"highlight-text__headline___25B2G\">Basado en la biomec\u00e1nica del pie femenino.<\/h3>\n<p>El nuevo y mejorado dise\u00f1o de la suela brinda una amortiguaci\u00f3n m\u00e1s suave para que te despidas de la sobrepronaci\u00f3n.<\/p>\n<\/div>\n<\/div>\n<div class=\"highlight___3fa4r\">\n<div class=\"highlight-text___lgoJI\">\n<h3 class=\"highlight-text__headline___25B2G\">Transforma el problema en la soluci\u00f3n<\/h3>\n<p>Traen una suela de caucho natural continental y un exterior fabricado con hilo que contiene al menos 50% de Parley Ocean Plastic.<\/p>\n<\/div>\n<\/div>\n<div class=\"highlight___3fa4r\">\n<div class=\"highlight-text___lgoJI\">\n<p>Domina tu energ\u00eda con &#8220;los mejores tenis de running para mujer por mucho&#8221; &#8211; premio otorgado por la revista l\u00edder de tecnolog\u00eda.<\/p>\n<\/div>\n<\/div>\n<p>&nbsp;<\/p>\n","protected":false},"excerpt":{"rendered":"<p>GX5589 &nbsp; Neutro Horma cl\u00e1sica Mujer 9mm Ca\u00edda del tal\u00f3n a la punta 24mm \/ 15mm 283g Talla UK 5.5<\/p>\n","protected":false},"featured_media":71350,"comment_status":"open","ping_status":"closed","template":"","meta":{"nf_dc_page":""},"product_brand":[],"product_cat":[73],"product_tag":[],"class_list":{"0":"post-71334","1":"product","2":"type-product","3":"status-publish","4":"has-post-thumbnail","6":"product_cat-femenino","8":"first","9":"instock","10":"shipping-taxable","11":"purchasable","12":"product-type-simple"},"_links":{"self":[{"href":"https:\/\/brandss.com.py\/index\/wp-json\/wp\/v2\/product\/71334","targetHints":{"allow":["GET"]}}],"collection":[{"href":"https:\/\/brandss.com.py\/index\/wp-json\/wp\/v2\/product"}],"about":[{"href":"https:\/\/brandss.com.py\/index\/wp-json\/wp\/v2\/types\/product"}],"replies":[{"embeddable":true,"href":"https:\/\/brandss.com.py\/index\/wp-json\/wp\/v2\/comments?post=71334"}],"version-history":[{"count":3,"href":"https:\/\/brandss.com.py\/index\/wp-json\/wp\/v2\/product\/71334\/revisions"}],"predecessor-version":[{"id":71371,"href":"https:\/\/brandss.com.py\/index\/wp-json\/wp\/v2\/product\/71334\/revisions\/71371"}],"wp:featuredmedia":[{"embeddable":true,"href":"https:\/\/brandss.com.py\/index\/wp-json\/wp\/v2\/media\/71350"}],"wp:attachment":[{"href":"https:\/\/brandss.com.py\/index\/wp-json\/wp\/v2\/media?parent=71334"}],"wp:term":[{"taxonomy":"product_brand","embeddable":true,"href":"https:\/\/brandss.com.py\/index\/wp-json\/wp\/v2\/product_brand?post=71334"},{"taxonomy":"product_cat","embeddable":true,"href":"https:\/\/brandss.com.py\/index\/wp-json\/wp\/v2\/product_cat?post=71334"},{"taxonomy":"product_tag","embeddable":true,"href":"https:\/\/brandss.com.py\/index\/wp-json\/wp\/v2\/product_tag?post=71334"}],"curies":[{"name":"wp","href":"https:\/\/api.w.org\/{rel}","templated":true}]}}