{"id":71388,"date":"2025-02-13T17:05:31","date_gmt":"2025-02-13T17:05:31","guid":{"rendered":"https:\/\/brandss.com.py\/index\/?post_type=product&#038;p=71388"},"modified":"2025-05-26T12:43:57","modified_gmt":"2025-05-26T12:43:57","slug":"calzado-deportivo-masculino-adidas-ultraboost-22-3","status":"publish","type":"product","link":"https:\/\/brandss.com.py\/index\/producto\/calzado-deportivo-masculino-adidas-ultraboost-22-3\/","title":{"rendered":"CALZADO DEPORTIVO MASCULINO ADIDAS ULTRABOOST 22"},"content":{"rendered":"<p><img loading=\"lazy\" decoding=\"async\" class=\"\" src=\"https:\/\/encrypted-tbn0.gstatic.com\/images?q=tbn:ANd9GcQIO9HvRepmQOPQJtDj-jBhpxzG3DGQDZuYWA&amp;s\" alt=\"Logotipo de Adidas PNG transparente - StickPNG\" width=\"136\" height=\"85\" \/><\/p>\n<h1>ULTRABOOST 22<\/h1>\n<div class=\"product-name\"><span>Zapatillas Ultraboost 22<\/span><\/div>\n<div class=\"value content product-sub-headline\"><span>Zapatillas para correr reactivas dise\u00f1adas para ayudarte a recorrer largas distancias.<\/span><\/div>\n<div class=\"value content product-desc-short\"><span>\u00bfSabes c\u00f3mo las adidas Ultraboost revolucionaron la comodidad con su entresuela BOOST reactiva? Esta versi\u00f3n de las ic\u00f3nicas zapatillas tiene a\u00fan m\u00e1s. M\u00e1s BOOST. M\u00e1s comodidad. Disfruta de una carrera llena de energ\u00eda mientras haces 10 km o circuitos r\u00e1pidos en la ciudad. Una parte superior adidas PRIMEKNIT abraza el pie con un soporte espec\u00edfico y un sistema Linear Energy Push aumenta la rigidez para impulsarte de un paso al siguiente.<\/span><\/div>\n<div>\n<div class=\"col-12\">\n<h2 class=\"title accordionParent\"><a data-tracking-link=\"PDP-main-content-_-product details\"><span>Detalles del producto<\/span><\/a><\/h2>\n<\/div>\n<div class=\"col-12 value content accordionChild\">\n<ul class=\"product-bullets list-unstyled\">\n<li class=\"product-bullet\"><span>Cierre de encaje<\/span><\/li>\n<li class=\"product-bullet\"><span>Parte superior textil adidas PRIMEKNIT<\/span><\/li>\n<li class=\"product-bullet\"><span>Entresuela BOOST<\/span><\/li>\n<li class=\"product-bullet\"><span>Sistema de empuje de energ\u00eda lineal<\/span><\/li>\n<li class=\"product-bullet\"><span>Peso: 333 g<\/span><\/li>\n<li class=\"product-bullet\"><span>Suela Stretchweb con caucho natural Continental\u2122 Rubber fabricada con un m\u00ednimo de 30 % de caucho natural certificado por el FSC<\/span><\/li>\n<li>Color: Casi lima \/ Casi lima \/ Amarillo solar<\/li>\n<li>Modelo: GX5557<\/li>\n<\/ul>\n<\/div>\n<\/div>\n","protected":false},"excerpt":{"rendered":"<p>ULTRABOOST 22 Zapatillas Ultraboost 22 Zapatillas para correr reactivas dise\u00f1adas para ayudarte a recorrer largas distancias. \u00bfSabes c\u00f3mo las adidas<\/p>\n","protected":false},"featured_media":71390,"comment_status":"open","ping_status":"closed","template":"","meta":{"nf_dc_page":""},"product_brand":[],"product_cat":[76],"product_tag":[],"class_list":{"0":"post-71388","1":"product","2":"type-product","3":"status-publish","4":"has-post-thumbnail","6":"product_cat-masculino","8":"first","9":"instock","10":"shipping-taxable","11":"purchasable","12":"product-type-simple"},"_links":{"self":[{"href":"https:\/\/brandss.com.py\/index\/wp-json\/wp\/v2\/product\/71388","targetHints":{"allow":["GET"]}}],"collection":[{"href":"https:\/\/brandss.com.py\/index\/wp-json\/wp\/v2\/product"}],"about":[{"href":"https:\/\/brandss.com.py\/index\/wp-json\/wp\/v2\/types\/product"}],"replies":[{"embeddable":true,"href":"https:\/\/brandss.com.py\/index\/wp-json\/wp\/v2\/comments?post=71388"}],"version-history":[{"count":1,"href":"https:\/\/brandss.com.py\/index\/wp-json\/wp\/v2\/product\/71388\/revisions"}],"predecessor-version":[{"id":71401,"href":"https:\/\/brandss.com.py\/index\/wp-json\/wp\/v2\/product\/71388\/revisions\/71401"}],"wp:featuredmedia":[{"embeddable":true,"href":"https:\/\/brandss.com.py\/index\/wp-json\/wp\/v2\/media\/71390"}],"wp:attachment":[{"href":"https:\/\/brandss.com.py\/index\/wp-json\/wp\/v2\/media?parent=71388"}],"wp:term":[{"taxonomy":"product_brand","embeddable":true,"href":"https:\/\/brandss.com.py\/index\/wp-json\/wp\/v2\/product_brand?post=71388"},{"taxonomy":"product_cat","embeddable":true,"href":"https:\/\/brandss.com.py\/index\/wp-json\/wp\/v2\/product_cat?post=71388"},{"taxonomy":"product_tag","embeddable":true,"href":"https:\/\/brandss.com.py\/index\/wp-json\/wp\/v2\/product_tag?post=71388"}],"curies":[{"name":"wp","href":"https:\/\/api.w.org\/{rel}","templated":true}]}}