{"id":71496,"date":"2025-02-14T18:25:21","date_gmt":"2025-02-14T18:25:21","guid":{"rendered":"https:\/\/brandss.com.py\/index\/?post_type=product&#038;p=71496"},"modified":"2025-02-14T18:25:41","modified_gmt":"2025-02-14T18:25:41","slug":"calzado-deportivo-femenino-adidas-ultraboost-cc-1","status":"publish","type":"product","link":"https:\/\/brandss.com.py\/index\/producto\/calzado-deportivo-femenino-adidas-ultraboost-cc-1\/","title":{"rendered":"CALZADO DEPORTIVO FEMENINO ADIDAS ULTRABOOST CC-1"},"content":{"rendered":"<p><img loading=\"lazy\" decoding=\"async\" class=\"\" src=\"https:\/\/logos-marcas.com\/wp-content\/uploads\/2020\/04\/Adidas-Logo.png\" width=\"233\" height=\"131\" \/><\/p>\n<h1><\/h1>\n<h1>GZ0432<\/h1>\n<h1><span style=\"color: #333333;font-size: 16px\">Esta zapatilla de running de adidas ofrece un dise\u00f1o innovador con tecnolog\u00eda de alto rendimiento. Con una parte superior de adidas Primeknit, brinda un ajuste c\u00f3modo y flexible, adapt\u00e1ndose a la forma del pie para proporcionar soporte espec\u00edfico en cada movimiento.<\/span><\/h1>\n<p data-start=\"270\" data-end=\"568\">La entresuela con tecnolog\u00eda Boost garantiza un retorno de energ\u00eda excepcional, brindando una sensaci\u00f3n de amortiguaci\u00f3n y respuesta en cada pisada. La suela Stretchweb con caucho Continental permite una tracci\u00f3n superior en diferentes superficies, mejorando la estabilidad y seguridad al correr.<\/p>\n<p data-start=\"570\" data-end=\"733\" data-is-last-node=\"\">Adem\u00e1s, su estructura sin costuras y el dise\u00f1o moderno con detalles en negro y tonos sutiles aseguran un equilibrio perfecto entre estilo, rendimiento y comodidad.<\/p>\n<p>&nbsp;<\/p>\n","protected":false},"excerpt":{"rendered":"<p>GZ0432 Esta zapatilla de running de adidas ofrece un dise\u00f1o innovador con tecnolog\u00eda de alto rendimiento. Con una parte superior<\/p>\n","protected":false},"featured_media":71506,"comment_status":"open","ping_status":"closed","template":"","meta":{"nf_dc_page":""},"product_brand":[],"product_cat":[73],"product_tag":[],"class_list":{"0":"post-71496","1":"product","2":"type-product","3":"status-publish","4":"has-post-thumbnail","6":"product_cat-femenino","8":"first","9":"instock","10":"shipping-taxable","11":"purchasable","12":"product-type-simple"},"_links":{"self":[{"href":"https:\/\/brandss.com.py\/index\/wp-json\/wp\/v2\/product\/71496","targetHints":{"allow":["GET"]}}],"collection":[{"href":"https:\/\/brandss.com.py\/index\/wp-json\/wp\/v2\/product"}],"about":[{"href":"https:\/\/brandss.com.py\/index\/wp-json\/wp\/v2\/types\/product"}],"replies":[{"embeddable":true,"href":"https:\/\/brandss.com.py\/index\/wp-json\/wp\/v2\/comments?post=71496"}],"version-history":[{"count":1,"href":"https:\/\/brandss.com.py\/index\/wp-json\/wp\/v2\/product\/71496\/revisions"}],"predecessor-version":[{"id":71513,"href":"https:\/\/brandss.com.py\/index\/wp-json\/wp\/v2\/product\/71496\/revisions\/71513"}],"wp:featuredmedia":[{"embeddable":true,"href":"https:\/\/brandss.com.py\/index\/wp-json\/wp\/v2\/media\/71506"}],"wp:attachment":[{"href":"https:\/\/brandss.com.py\/index\/wp-json\/wp\/v2\/media?parent=71496"}],"wp:term":[{"taxonomy":"product_brand","embeddable":true,"href":"https:\/\/brandss.com.py\/index\/wp-json\/wp\/v2\/product_brand?post=71496"},{"taxonomy":"product_cat","embeddable":true,"href":"https:\/\/brandss.com.py\/index\/wp-json\/wp\/v2\/product_cat?post=71496"},{"taxonomy":"product_tag","embeddable":true,"href":"https:\/\/brandss.com.py\/index\/wp-json\/wp\/v2\/product_tag?post=71496"}],"curies":[{"name":"wp","href":"https:\/\/api.w.org\/{rel}","templated":true}]}}