{"id":71573,"date":"2025-02-15T11:45:02","date_gmt":"2025-02-15T11:45:02","guid":{"rendered":"https:\/\/brandss.com.py\/index\/?post_type=product&#038;p=71573"},"modified":"2025-02-15T11:45:22","modified_gmt":"2025-02-15T11:45:22","slug":"calzado-casual-femenino-adidas-court-tourino","status":"publish","type":"product","link":"https:\/\/brandss.com.py\/index\/producto\/calzado-casual-femenino-adidas-court-tourino\/","title":{"rendered":"CALZADO CASUAL FEMENINO ADIDAS COURT TOURINO"},"content":{"rendered":"<p><img loading=\"lazy\" decoding=\"async\" class=\"\" src=\"https:\/\/upload.wikimedia.org\/wikipedia\/commons\/2\/20\/Adidas_Logo.svg\" alt=\"Archivo:Adidas Logo.svg - Wikipedia, la enciclopedia libre\" width=\"305\" height=\"210\" \/><\/p>\n<h1>GZ0829<\/h1>\n<p>Las <strong data-start=\"40\" data-end=\"64\">Adidas Court Tourino<\/strong> son el equilibrio perfecto entre autenticidad, relajaci\u00f3n y minimalismo. Inspiradas en los modelos de los a\u00f1os 2000, estas zapatillas combinan un dise\u00f1o cl\u00e1sico con detalles modernos que las hacen destacar.<\/p>\n<div class=\"flex max-w-full flex-col flex-grow\">\n<div class=\"min-h-8 text-message flex w-full flex-col items-end gap-2 whitespace-normal break-words text-start [.text-message+&amp;]:mt-5\" dir=\"auto\" data-message-author-role=\"assistant\" data-message-id=\"0406778f-7c73-4996-8682-dd10f144033f\" data-message-model-slug=\"gpt-4o\">\n<div class=\"flex w-full flex-col gap-1 empty:hidden first:pt-[3px]\">\n<div class=\"markdown prose w-full break-words dark:prose-invert light\">\n<h4 data-start=\"275\" data-end=\"314\"><strong data-start=\"280\" data-end=\"312\">Caracter\u00edsticas principales:<\/strong><\/h4>\n<p data-start=\"315\" data-end=\"1110\">\u2714 <strong data-start=\"317\" data-end=\"346\">Dise\u00f1o retro-modernizado:<\/strong> Basado en los archivos de adidas, con una silueta limpia y atemporal.<br data-start=\"416\" data-end=\"419\" \/>\u2714 <strong data-start=\"421\" data-end=\"457\">Entresuela con patr\u00f3n de espiga:<\/strong> A\u00f1ade un toque distintivo y elegante.<br data-start=\"495\" data-end=\"498\" \/>\u2714 <strong data-start=\"500\" data-end=\"523\">3 rayas perforadas:<\/strong> Un detalle sutil que mantiene la esencia deportiva de la marca.<br data-start=\"587\" data-end=\"590\" \/>\u2714 <strong data-start=\"592\" data-end=\"618\">Materiales reciclados:<\/strong> La parte superior contiene al menos un 50 % de contenido reciclado, contribuyendo a la sostenibilidad.<br data-start=\"721\" data-end=\"724\" \/>\u2714 <strong data-start=\"726\" data-end=\"764\">Parte superior de cuero sint\u00e9tico:<\/strong> Aporta durabilidad y un acabado sofisticado.<br data-start=\"809\" data-end=\"812\" \/>\u2714 <strong data-start=\"814\" data-end=\"831\">Forro textil:<\/strong> Para mayor comodidad y frescura en cada paso.<br data-start=\"877\" data-end=\"880\" \/>\u2714 <strong data-start=\"882\" data-end=\"900\">Suela de goma:<\/strong> Brinda tracci\u00f3n y resistencia para el uso diario.<br data-start=\"950\" data-end=\"953\" \/>\u2714 <strong data-start=\"955\" data-end=\"976\">Cierre de encaje:<\/strong> Ajuste seguro y personalizado.<br data-start=\"1007\" data-end=\"1010\" \/>\u2714 <strong data-start=\"1012\" data-end=\"1024\">Colores:<\/strong> Blanco nube \/ Blanco nube \/ Gris uno, perfectos para combinar con cualquier outfit.<\/p>\n<p data-start=\"1112\" data-end=\"1243\" data-is-last-node=\"\">Unas zapatillas vers\u00e1tiles, elegantes y c\u00f3modas, ideales para quienes buscan un estilo relajado sin perder el toque deportivo. \ud83d\udd25\ud83d\udc5f<\/p>\n<\/div>\n<\/div>\n<\/div>\n<\/div>\n","protected":false},"excerpt":{"rendered":"<p>GZ0829 Las Adidas Court Tourino son el equilibrio perfecto entre autenticidad, relajaci\u00f3n y minimalismo. Inspiradas en los modelos de los<\/p>\n","protected":false},"featured_media":71574,"comment_status":"open","ping_status":"closed","template":"","meta":{"nf_dc_page":""},"product_brand":[],"product_cat":[73],"product_tag":[],"class_list":{"0":"post-71573","1":"product","2":"type-product","3":"status-publish","4":"has-post-thumbnail","6":"product_cat-femenino","8":"first","9":"instock","10":"shipping-taxable","11":"purchasable","12":"product-type-simple"},"_links":{"self":[{"href":"https:\/\/brandss.com.py\/index\/wp-json\/wp\/v2\/product\/71573","targetHints":{"allow":["GET"]}}],"collection":[{"href":"https:\/\/brandss.com.py\/index\/wp-json\/wp\/v2\/product"}],"about":[{"href":"https:\/\/brandss.com.py\/index\/wp-json\/wp\/v2\/types\/product"}],"replies":[{"embeddable":true,"href":"https:\/\/brandss.com.py\/index\/wp-json\/wp\/v2\/comments?post=71573"}],"version-history":[{"count":1,"href":"https:\/\/brandss.com.py\/index\/wp-json\/wp\/v2\/product\/71573\/revisions"}],"predecessor-version":[{"id":71583,"href":"https:\/\/brandss.com.py\/index\/wp-json\/wp\/v2\/product\/71573\/revisions\/71583"}],"wp:featuredmedia":[{"embeddable":true,"href":"https:\/\/brandss.com.py\/index\/wp-json\/wp\/v2\/media\/71574"}],"wp:attachment":[{"href":"https:\/\/brandss.com.py\/index\/wp-json\/wp\/v2\/media?parent=71573"}],"wp:term":[{"taxonomy":"product_brand","embeddable":true,"href":"https:\/\/brandss.com.py\/index\/wp-json\/wp\/v2\/product_brand?post=71573"},{"taxonomy":"product_cat","embeddable":true,"href":"https:\/\/brandss.com.py\/index\/wp-json\/wp\/v2\/product_cat?post=71573"},{"taxonomy":"product_tag","embeddable":true,"href":"https:\/\/brandss.com.py\/index\/wp-json\/wp\/v2\/product_tag?post=71573"}],"curies":[{"name":"wp","href":"https:\/\/api.w.org\/{rel}","templated":true}]}}