{"id":71594,"date":"2025-02-15T12:13:07","date_gmt":"2025-02-15T12:13:07","guid":{"rendered":"https:\/\/brandss.com.py\/index\/?post_type=product&#038;p=71594"},"modified":"2026-01-26T11:20:18","modified_gmt":"2026-01-26T11:20:18","slug":"calzado-deportivo-masculino-adidas-zx-2k-boost-2-0","status":"publish","type":"product","link":"https:\/\/brandss.com.py\/index\/producto\/calzado-deportivo-masculino-adidas-zx-2k-boost-2-0\/","title":{"rendered":"CALZADO DEPORTIVO MASCULINO ADIDAS ZX 2K BOOST 2.0"},"content":{"rendered":"<p><img loading=\"lazy\" decoding=\"async\" class=\"\" src=\"https:\/\/encrypted-tbn0.gstatic.com\/images?q=tbn:ANd9GcQIO9HvRepmQOPQJtDj-jBhpxzG3DGQDZuYWA&amp;s\" alt=\"Logotipo de Adidas PNG transparente - StickPNG\" width=\"139\" height=\"87\" \/><\/p>\n<h1>ZX 2K BOOST 2.0<\/h1>\n<h3 class=\"subtitle___9ljbp\">Tenis innovadores para uso diario, hechos parcialmente con materiales reciclados<\/h3>\n<p class=\"gl-vspace\">La l\u00ednea ZX siempre ha mirado hacia el horizonte, poniendo sus perspectivas m\u00e1s all\u00e1 de lo conocido, a la siguiente innovaci\u00f3n tecnol\u00f3gica. Esa evoluci\u00f3n nunca se detuvo, y hoy est\u00e1 representada en estos tenis adidas. Incorporan amortiguaci\u00f3n BOOST que energiza cada uno de tus pasos para que siempre est\u00e9s c\u00f3modo, y un dise\u00f1o de alta tecnolog\u00eda que destaca tu estilo.<\/p>\n<div class=\"highlight___3fa4r\">\n<div class=\"highlight-text___lgoJI\">\n<div style=\"width: 720px;\" class=\"wp-video\"><video class=\"wp-video-shortcode\" id=\"video-71594-1\" width=\"720\" height=\"720\" preload=\"metadata\" controls=\"controls\"><source type=\"video\/webm\" src=\"https:\/\/brandss.com.py\/index\/wp-content\/uploads\/2025\/02\/Tenis_ZX_2K_BOOST_2.0_Beige_GY8516_video.webm?_=1\" \/><a href=\"https:\/\/brandss.com.py\/index\/wp-content\/uploads\/2025\/02\/Tenis_ZX_2K_BOOST_2.0_Beige_GY8516_video.webm\">https:\/\/brandss.com.py\/index\/wp-content\/uploads\/2025\/02\/Tenis_ZX_2K_BOOST_2.0_Beige_GY8516_video.webm<\/a><\/video><\/div>\n<h3 class=\"highlight-text__headline___25B2G\">Ayudando a reducir el uso de material virgen<\/h3>\n<p>Hechos con contenido reciclado generado a partir de desechos de producci\u00f3n, tales como recortes de tela y los desechos dom\u00e9sticos postconsumo, para evitar un mayor impacto ambiental al producir contenido virgen.<\/p>\n<\/div>\n<\/div>\n<div class=\"highlight___3fa4r\">\n<div class=\"highlight-text___lgoJI\">\n<h3 class=\"highlight-text__headline___25B2G\">Energ\u00eda ilimitada<\/h3>\n<p>La amortiguaci\u00f3n adidas Boost entrega un retorno de energ\u00eda incre\u00edble y una comodidad instant\u00e1nea que te impulsa a cada paso.<\/p>\n<\/div>\n<\/div>\n<div class=\"highlight___3fa4r\">\n<div class=\"highlight-text___lgoJI\">\n<h3 class=\"highlight-text__headline___25B2G\">Estabilizador de tal\u00f3n<\/h3>\n<p>Los detalles de inspiraci\u00f3n t\u00e9cnica evocan el look de los originales ZX de running.<\/p>\n<div class=\"accordion__header-text___2o9Im\">\n<h2 class=\"accordion-title___2sTgR\">Detalles<\/h2>\n<\/div>\n<div class=\"accordion__header-icon___2FuRa\"><\/div>\n<div class=\"accordion__content___29x9h\">\n<div class=\"content-padding___2kVWQ\">\n<div class=\"bullets___3bsSs\" data-auto-id=\"specifications-section\" data-testid=\"specifications-section\">\n<ul class=\"gl-list\">\n<li class=\"gl-vspace-bpall-small\">Sistema de amarre de cordones.<\/li>\n<li class=\"gl-vspace-bpall-small\">Exterior de malla y neopreno con revestimientos moldeados de TPU.<\/li>\n<li class=\"gl-vspace-bpall-small\">Mediasuela con amortiguaci\u00f3n BOOST.<\/li>\n<li class=\"gl-vspace-bpall-small\">Estabilizador de tal\u00f3n de TPU.<\/li>\n<li class=\"gl-vspace-bpall-small\">Suela de caucho.<\/li>\n<li class=\"gl-vspace-bpall-small\">El 25% de los materiales utilizados para fabricar el exterior est\u00e1n hechos con al menos un 50% de contenido reciclado.<\/li>\n<li class=\"gl-vspace-bpall-small\">Color: Beige Tone \/ Core Black \/ Orange Rush.<\/li>\n<li class=\"gl-vspace-bpall-small\">Modelo: GY8516.<\/li>\n<\/ul>\n<\/div>\n<\/div>\n<\/div>\n<\/div>\n<\/div>\n","protected":false},"excerpt":{"rendered":"<p>ZX 2K BOOST 2.0 Tenis innovadores para uso diario, hechos parcialmente con materiales reciclados La l\u00ednea ZX siempre ha mirado<\/p>\n","protected":false},"featured_media":71606,"comment_status":"open","ping_status":"closed","template":"","meta":{"nf_dc_page":""},"product_brand":[],"product_cat":[76],"product_tag":[],"class_list":{"0":"post-71594","1":"product","2":"type-product","3":"status-publish","4":"has-post-thumbnail","6":"product_cat-masculino","8":"first","9":"outofstock","10":"shipping-taxable","11":"purchasable","12":"product-type-simple"},"_links":{"self":[{"href":"https:\/\/brandss.com.py\/index\/wp-json\/wp\/v2\/product\/71594","targetHints":{"allow":["GET"]}}],"collection":[{"href":"https:\/\/brandss.com.py\/index\/wp-json\/wp\/v2\/product"}],"about":[{"href":"https:\/\/brandss.com.py\/index\/wp-json\/wp\/v2\/types\/product"}],"replies":[{"embeddable":true,"href":"https:\/\/brandss.com.py\/index\/wp-json\/wp\/v2\/comments?post=71594"}],"version-history":[{"count":1,"href":"https:\/\/brandss.com.py\/index\/wp-json\/wp\/v2\/product\/71594\/revisions"}],"predecessor-version":[{"id":71616,"href":"https:\/\/brandss.com.py\/index\/wp-json\/wp\/v2\/product\/71594\/revisions\/71616"}],"wp:featuredmedia":[{"embeddable":true,"href":"https:\/\/brandss.com.py\/index\/wp-json\/wp\/v2\/media\/71606"}],"wp:attachment":[{"href":"https:\/\/brandss.com.py\/index\/wp-json\/wp\/v2\/media?parent=71594"}],"wp:term":[{"taxonomy":"product_brand","embeddable":true,"href":"https:\/\/brandss.com.py\/index\/wp-json\/wp\/v2\/product_brand?post=71594"},{"taxonomy":"product_cat","embeddable":true,"href":"https:\/\/brandss.com.py\/index\/wp-json\/wp\/v2\/product_cat?post=71594"},{"taxonomy":"product_tag","embeddable":true,"href":"https:\/\/brandss.com.py\/index\/wp-json\/wp\/v2\/product_tag?post=71594"}],"curies":[{"name":"wp","href":"https:\/\/api.w.org\/{rel}","templated":true}]}}