{"id":71631,"date":"2025-02-15T12:56:51","date_gmt":"2025-02-15T12:56:51","guid":{"rendered":"https:\/\/brandss.com.py\/index\/?post_type=product&#038;p=71631"},"modified":"2026-01-26T11:23:07","modified_gmt":"2026-01-26T11:23:07","slug":"calzado-deportivo-masculino-adidas-ultraboost-22-cold-rdy","status":"publish","type":"product","link":"https:\/\/brandss.com.py\/index\/producto\/calzado-deportivo-masculino-adidas-ultraboost-22-cold-rdy\/","title":{"rendered":"CALZADO DEPORTIVO MASCULINO ADIDAS ULTRABOOST 22 COLD.RDY"},"content":{"rendered":"<p><img loading=\"lazy\" decoding=\"async\" class=\"\" src=\"https:\/\/encrypted-tbn0.gstatic.com\/images?q=tbn:ANd9GcQIO9HvRepmQOPQJtDj-jBhpxzG3DGQDZuYWA&amp;s\" alt=\"Logotipo de Adidas PNG transparente - StickPNG\" width=\"152\" height=\"95\" \/><\/p>\n<h1>ULTRABOOST 22 COLD.RDY<\/h1>\n<h3 class=\"subtitle___9ljbp\"><span>Calzados de running para clima fr\u00edo fabricadas en parte con materiales reciclados.<\/span><\/h3>\n<p class=\"gl-vspace\"><span>El invierno puede ser tu estaci\u00f3n favorita para correr. Ponte estos calzados de running COLD.RDY de adidas y sal con confianza a correr en el fr\u00edo. La parte superior est\u00e1 aislada para brindar calidez y comodidad en temperaturas bajas. Tu pisada se siente segura en calles resbaladizas gracias a una suela exterior de caucho Continental\u2122 Wintergrip\u2122 con agarre. El sistema Boost con retorno de energ\u00eda y el sistema Linear Energy Push te permiten seguir corriendo durante m\u00e1s tiempo.<\/span><\/p>\n<div class=\"highlight___3fa4r\">\n<div class=\"highlight-text___lgoJI\">\n<h3 class=\"highlight-text__headline___25B2G\"><span>Fabricado en parte con materiales reciclados.<\/span><\/h3>\n<p><span>Fabricada con una serie de materiales reciclados, esta parte superior presenta al menos un 50 % de contenido reciclado. Este producto representa solo una de nuestras soluciones para ayudar a terminar con los desechos pl\u00e1sticos.<\/span><\/p>\n<\/div>\n<\/div>\n<div class=\"highlight___3fa4r\">\n<div class=\"highlight-text___lgoJI\">\n<h3 class=\"highlight-text__headline___25B2G\"><span>Energ\u00eda sin fin<\/span><\/h3>\n<p><span>adidas Boost ofrece un incre\u00edble retorno de energ\u00eda y comodidad instant\u00e1nea en cada paso para que sigas adelante.<\/span><\/p>\n<\/div>\n<\/div>\n<div class=\"highlight___3fa4r\">\n<div class=\"highlight-text___lgoJI\">\n<h3 class=\"highlight-text__headline___25B2G\"><span>Presentamos adidas LEP<\/span><\/h3>\n<p><span>El sistema Linear Energy Push, integrado con la suela exterior, aumenta la estabilidad del antepi\u00e9 y el mediopi\u00e9 para lograr una mayor capacidad de respuesta que nunca.<\/span><\/p>\n<\/div>\n<\/div>\n<div class=\"highlight___3fa4r\">\n<div class=\"highlight-text___lgoJI\">\n<h3 class=\"highlight-text__headline___25B2G\">Suela de caucho Continental\u2122 WinterGrip\u2122<\/h3>\n<p>La suela proporciona la tracci\u00f3n perfecta en todas las superficies y en todas las condiciones h\u00famedas y fr\u00edas.<\/p>\n<div class=\"accordion__header-text___2o9Im\">\n<h2 class=\"accordion-title___2sTgR\">Caracter\u00edsticas<\/h2>\n<\/div>\n<div class=\"accordion__header-icon___2FuRa\"><\/div>\n<div class=\"accordion__content___29x9h\">\n<div class=\"content-padding___2kVWQ\">\n<div class=\"features-section___1pumR\">\n<div class=\"item___1X-1_\"><img decoding=\"async\" class=\"img_with_fallback___2aHBu feature-icon___3S9eQ\" src=\"https:\/\/brand.assets.adidas.com\/image\/upload\/long_882a03b686.png\" alt=\"\" data-auto-id=\"image\" \/><\/p>\n<p class=\"feature-icon-text___3Owgv\">Larga distancia (0 &#8211; 42+ Km)<\/p>\n<p class=\"feature-icon-summary-small___31Rc0\">Larga distancia (0 &#8211; 42+ Km)<\/p>\n<\/div>\n<div class=\"item___1X-1_\"><img decoding=\"async\" class=\"img_with_fallback___2aHBu feature-icon___3S9eQ\" src=\"https:\/\/brand.assets.adidas.com\/image\/upload\/neutral_16b16d1637.png\" alt=\"\" data-auto-id=\"image\" \/><\/p>\n<p class=\"feature-icon-text___3Owgv\">Neutral<\/p>\n<p class=\"feature-icon-summary-small___31Rc0\">Neutral<\/p>\n<\/div>\n<div class=\"item___1X-1_\"><img decoding=\"async\" class=\"img_with_fallback___2aHBu feature-icon___3S9eQ\" src=\"https:\/\/brand.assets.adidas.com\/image\/upload\/regular_a176d1f2d6.png\" alt=\"\" data-auto-id=\"image\" \/><\/p>\n<p class=\"feature-icon-text___3Owgv\">Hombres de ancho regular<\/p>\n<p class=\"feature-icon-summary-small___31Rc0\">Ancho regular<\/p>\n<\/div>\n<div class=\"special-item___2Ohsx\">\n<p class=\"feature-icon-title___v-KQG\">\n<h2 class=\"accordion-title___2sTgR\">Detalles<\/h2>\n<p class=\"feature-icon-summary-small___31Rc0\">\n<\/div>\n<\/div>\n<div class=\"bullets___3bsSs\" data-auto-id=\"specifications-section\" data-testid=\"specifications-section\">\n<ul class=\"gl-list\">\n<li class=\"gl-vspace-bpall-small\">Ajuste tipo calcet\u00edn.<\/li>\n<li class=\"gl-vspace-bpall-small\">Cierre de encaje.<\/li>\n<li class=\"gl-vspace-bpall-small\">Parte superior textil aislante.<\/li>\n<li class=\"gl-vspace-bpall-small\">Sistema de empuje de energ\u00eda lineal.<\/li>\n<li class=\"gl-vspace-bpall-small\">Entresuela Boost.<\/li>\n<li class=\"gl-vspace-bpall-small\">Drop de entresuela: 10 mm (tal\u00f3n 32 mm \/ antepi\u00e9 22 mm).<\/li>\n<li class=\"gl-vspace-bpall-small\">Suela de caucho Continental\u2122 WinterGrip\u2122.<\/li>\n<li class=\"gl-vspace-bpall-small\">La parte superior contiene un m\u00ednimo de 50% de contenido reciclado.<\/li>\n<li class=\"gl-vspace-bpall-small\">Color: Gris m\u00e1gico \/ Plata metalizado \/ Azul Rush.<\/li>\n<li class=\"gl-vspace-bpall-small\">Modelo: GZ0128.<\/li>\n<\/ul>\n<\/div>\n<\/div>\n<\/div>\n<\/div>\n<\/div>\n","protected":false},"excerpt":{"rendered":"<p>ULTRABOOST 22 COLD.RDY Calzados de running para clima fr\u00edo fabricadas en parte con materiales reciclados. El invierno puede ser tu<\/p>\n","protected":false},"featured_media":71640,"comment_status":"open","ping_status":"closed","template":"","meta":{"nf_dc_page":""},"product_brand":[],"product_cat":[76],"product_tag":[],"class_list":{"0":"post-71631","1":"product","2":"type-product","3":"status-publish","4":"has-post-thumbnail","6":"product_cat-masculino","8":"first","9":"outofstock","10":"shipping-taxable","11":"purchasable","12":"product-type-simple"},"_links":{"self":[{"href":"https:\/\/brandss.com.py\/index\/wp-json\/wp\/v2\/product\/71631","targetHints":{"allow":["GET"]}}],"collection":[{"href":"https:\/\/brandss.com.py\/index\/wp-json\/wp\/v2\/product"}],"about":[{"href":"https:\/\/brandss.com.py\/index\/wp-json\/wp\/v2\/types\/product"}],"replies":[{"embeddable":true,"href":"https:\/\/brandss.com.py\/index\/wp-json\/wp\/v2\/comments?post=71631"}],"version-history":[{"count":1,"href":"https:\/\/brandss.com.py\/index\/wp-json\/wp\/v2\/product\/71631\/revisions"}],"predecessor-version":[{"id":71651,"href":"https:\/\/brandss.com.py\/index\/wp-json\/wp\/v2\/product\/71631\/revisions\/71651"}],"wp:featuredmedia":[{"embeddable":true,"href":"https:\/\/brandss.com.py\/index\/wp-json\/wp\/v2\/media\/71640"}],"wp:attachment":[{"href":"https:\/\/brandss.com.py\/index\/wp-json\/wp\/v2\/media?parent=71631"}],"wp:term":[{"taxonomy":"product_brand","embeddable":true,"href":"https:\/\/brandss.com.py\/index\/wp-json\/wp\/v2\/product_brand?post=71631"},{"taxonomy":"product_cat","embeddable":true,"href":"https:\/\/brandss.com.py\/index\/wp-json\/wp\/v2\/product_cat?post=71631"},{"taxonomy":"product_tag","embeddable":true,"href":"https:\/\/brandss.com.py\/index\/wp-json\/wp\/v2\/product_tag?post=71631"}],"curies":[{"name":"wp","href":"https:\/\/api.w.org\/{rel}","templated":true}]}}