{"id":71842,"date":"2025-02-15T18:29:20","date_gmt":"2025-02-15T18:29:20","guid":{"rendered":"https:\/\/brandss.com.py\/index\/?post_type=product&#038;p=71842"},"modified":"2025-02-15T18:32:28","modified_gmt":"2025-02-15T18:32:28","slug":"calzado-deportivo-femenino-adidas-astir","status":"publish","type":"product","link":"https:\/\/brandss.com.py\/index\/producto\/calzado-deportivo-femenino-adidas-astir\/","title":{"rendered":"CALZADO DEPORTIVO FEMENINO ADIDAS ASTIR"},"content":{"rendered":"<p><img loading=\"lazy\" decoding=\"async\" class=\"\" src=\"https:\/\/encrypted-tbn0.gstatic.com\/images?q=tbn:ANd9GcQIO9HvRepmQOPQJtDj-jBhpxzG3DGQDZuYWA&amp;s\" alt=\"Logotipo de Adidas PNG transparente - StickPNG\" width=\"96\" height=\"60\" \/><\/p>\n<h1>ASTIR<\/h1>\n<h3 class=\"subtitle___9ljbp\"><span>Calzados inspirados en archivos fabricadas en parte con materiales reciclados.<\/span><\/h3>\n<p class=\"gl-vspace\"><span>No te cortes a la hora de expresarte. Ponte estos calzados adidas Astir y mu\u00e9strale al mundo lo que tienes. Inspirados en un llamativo calzado de running de la d\u00e9cada de 2000, una parte superior de malla y metal y ojales de gran tama\u00f1o mantienen el estilo audaz. El ajuste espec\u00edfico para mujer aporta comodidad a cada paso.<\/span><\/p>\n<div style=\"width: 720px;\" class=\"wp-video\"><video class=\"wp-video-shortcode\" id=\"video-71842-1\" width=\"720\" height=\"720\" preload=\"metadata\" controls=\"controls\"><source type=\"video\/webm\" src=\"https:\/\/brandss.com.py\/index\/wp-content\/uploads\/2025\/02\/Astir_Shoes_Grey_GZ3569_video.webm?_=1\" \/><a href=\"https:\/\/brandss.com.py\/index\/wp-content\/uploads\/2025\/02\/Astir_Shoes_Grey_GZ3569_video.webm\">https:\/\/brandss.com.py\/index\/wp-content\/uploads\/2025\/02\/Astir_Shoes_Grey_GZ3569_video.webm<\/a><\/video><\/div>\n<div class=\"highlight___3fa4r\">\n<div class=\"highlight-text___lgoJI\">\n<h3 class=\"highlight-text__headline___25B2G\"><span>Contribuyendo a reducir el uso de materiales v\u00edrgenes<\/span><\/h3>\n<p><span>Generado a partir de residuos de producci\u00f3n, por ejemplo, restos de corte y residuos dom\u00e9sticos posconsumo, para evitar el mayor impacto ambiental que supone producir contenido virgen.<\/span><\/p>\n<\/div>\n<\/div>\n<div class=\"highlight___3fa4r\">\n<div class=\"highlight-text___lgoJI\">\n<h3 class=\"highlight-text__headline___25B2G\"><span>Amortiguaci\u00f3n ligera<\/span><\/h3>\n<p><span>La entresuela de EVA ofrece comodidad duradera y que absorbe los pasos.<\/span><\/p>\n<\/div>\n<\/div>\n<div class=\"highlight___3fa4r\">\n<div class=\"highlight-text___lgoJI\">\n<h3 class=\"highlight-text__headline___25B2G\">Superposiciones inspiradas en la d\u00e9cada del 2000<\/h3>\n<p>Regresa a la d\u00e9cada de la moda sin complejos con superposiciones din\u00e1micas que crean l\u00edneas dram\u00e1ticas.<\/p>\n<div class=\"accordion__header-text___2o9Im\">\n<h2 class=\"accordion-title___2sTgR\"><span>Detalles<\/span><\/h2>\n<\/div>\n<div class=\"accordion__header-icon___2FuRa\"><\/div>\n<div class=\"accordion__content___29x9h\">\n<div class=\"content-padding___2kVWQ\">\n<div class=\"bullets___3bsSs\" data-auto-id=\"specifications-section\" data-testid=\"specifications-section\">\n<ul class=\"gl-list\">\n<li class=\"gl-vspace-bpall-small\"><span>Ajuste espec\u00edfico para mujeres.<\/span><\/li>\n<li class=\"gl-vspace-bpall-small\"><span>Cierre de encaje.<\/span><\/li>\n<li class=\"gl-vspace-bpall-small\"><span>Parte superior de tela de malla abierta con superposiciones sint\u00e9ticas.<\/span><\/li>\n<li class=\"gl-vspace-bpall-small\"><span>Forro textil.<\/span><\/li>\n<li class=\"gl-vspace-bpall-small\"><span>Entresuela de EVA.<\/span><\/li>\n<li class=\"gl-vspace-bpall-small\"><span>Suela de goma<\/span><\/li>\n<li class=\"gl-vspace-bpall-small\"><span>El 25% de los componentes utilizados para fabricar la parte superior est\u00e1n hechos con un m\u00ednimo del 50% de contenido reciclado.<\/span><\/li>\n<li class=\"gl-vspace-bpall-small\"><span>Color: Gris Dos \/ Gris Uno \/ Gris Tres.<\/span><\/li>\n<li class=\"gl-vspace-bpall-small\"><span>Modelo: GZ3569.<\/span><\/li>\n<\/ul>\n<\/div>\n<\/div>\n<\/div>\n<\/div>\n<\/div>\n","protected":false},"excerpt":{"rendered":"<p>ASTIR Calzados inspirados en archivos fabricadas en parte con materiales reciclados. No te cortes a la hora de expresarte. Ponte<\/p>\n","protected":false},"featured_media":71844,"comment_status":"open","ping_status":"closed","template":"","meta":{"nf_dc_page":""},"product_brand":[],"product_cat":[73],"product_tag":[],"class_list":{"0":"post-71842","1":"product","2":"type-product","3":"status-publish","4":"has-post-thumbnail","6":"product_cat-femenino","8":"first","9":"instock","10":"shipping-taxable","11":"purchasable","12":"product-type-simple"},"_links":{"self":[{"href":"https:\/\/brandss.com.py\/index\/wp-json\/wp\/v2\/product\/71842","targetHints":{"allow":["GET"]}}],"collection":[{"href":"https:\/\/brandss.com.py\/index\/wp-json\/wp\/v2\/product"}],"about":[{"href":"https:\/\/brandss.com.py\/index\/wp-json\/wp\/v2\/types\/product"}],"replies":[{"embeddable":true,"href":"https:\/\/brandss.com.py\/index\/wp-json\/wp\/v2\/comments?post=71842"}],"version-history":[{"count":1,"href":"https:\/\/brandss.com.py\/index\/wp-json\/wp\/v2\/product\/71842\/revisions"}],"predecessor-version":[{"id":71853,"href":"https:\/\/brandss.com.py\/index\/wp-json\/wp\/v2\/product\/71842\/revisions\/71853"}],"wp:featuredmedia":[{"embeddable":true,"href":"https:\/\/brandss.com.py\/index\/wp-json\/wp\/v2\/media\/71844"}],"wp:attachment":[{"href":"https:\/\/brandss.com.py\/index\/wp-json\/wp\/v2\/media?parent=71842"}],"wp:term":[{"taxonomy":"product_brand","embeddable":true,"href":"https:\/\/brandss.com.py\/index\/wp-json\/wp\/v2\/product_brand?post=71842"},{"taxonomy":"product_cat","embeddable":true,"href":"https:\/\/brandss.com.py\/index\/wp-json\/wp\/v2\/product_cat?post=71842"},{"taxonomy":"product_tag","embeddable":true,"href":"https:\/\/brandss.com.py\/index\/wp-json\/wp\/v2\/product_tag?post=71842"}],"curies":[{"name":"wp","href":"https:\/\/api.w.org\/{rel}","templated":true}]}}