{"id":71961,"date":"2025-02-17T13:31:43","date_gmt":"2025-02-17T13:31:43","guid":{"rendered":"https:\/\/brandss.com.py\/index\/?post_type=product&#038;p=71961"},"modified":"2025-02-17T13:32:09","modified_gmt":"2025-02-17T13:32:09","slug":"calzado-deportivo-femenino-adidas-eq21-run","status":"publish","type":"product","link":"https:\/\/brandss.com.py\/index\/producto\/calzado-deportivo-femenino-adidas-eq21-run\/","title":{"rendered":"CALZADO DEPORTIVO FEMENINO ADIDAS EQ21 RUN"},"content":{"rendered":"<p><img loading=\"lazy\" decoding=\"async\" class=\"\" src=\"https:\/\/encrypted-tbn0.gstatic.com\/images?q=tbn:ANd9GcQIO9HvRepmQOPQJtDj-jBhpxzG3DGQDZuYWA&amp;s\" alt=\"Logotipo de Adidas PNG transparente - StickPNG\" width=\"120\" height=\"75\" \/><\/p>\n<h1>EQ21 RUN<\/h1>\n<h3 class=\"subtitle___9ljbp\"><span>Calzados de running para m\u00e1xima comodidad.<\/span><\/h3>\n<p class=\"gl-vspace\"><span>Recorre kil\u00f3metros con confianza con estos calzados de running de adidas. La parte superior transpirable permite que tus pies se mantengan frescos durante las carreras largas. La amortiguaci\u00f3n ligera mantiene un c\u00f3modo impulso en tu paso desde el primer impulso hasta el \u00faltimo impacto del tal\u00f3n.<\/span><\/p>\n<div style=\"width: 720px;\" class=\"wp-video\"><video class=\"wp-video-shortcode\" id=\"video-71961-1\" width=\"720\" height=\"720\" preload=\"metadata\" controls=\"controls\"><source type=\"video\/webm\" src=\"https:\/\/brandss.com.py\/index\/wp-content\/uploads\/2025\/02\/EQ21_Run_Shoes_White_H00540_video.webm?_=1\" \/><a href=\"https:\/\/brandss.com.py\/index\/wp-content\/uploads\/2025\/02\/EQ21_Run_Shoes_White_H00540_video.webm\">https:\/\/brandss.com.py\/index\/wp-content\/uploads\/2025\/02\/EQ21_Run_Shoes_White_H00540_video.webm<\/a><\/video><\/div>\n<div class=\"highlight___3fa4r\">\n<div class=\"highlight-text___lgoJI\">\n<h3 class=\"highlight-text__headline___25B2G\"><span>Amortiguaci\u00f3n de rebote<\/span><\/h3>\n<p><span>Es hora de que conozcas la amortiguaci\u00f3n Bounce. Dise\u00f1ada para brindarte un c\u00f3modo rebote en cada paso.<\/span><\/p>\n<\/div>\n<\/div>\n<div class=\"highlight___3fa4r\">\n<div class=\"highlight-text___lgoJI\">\n<h3 class=\"highlight-text__headline___25B2G\"><span>Fabricado en parte con materiales reciclados<\/span><\/h3>\n<p><span>Fabricado con una serie de materiales reciclados, y al menos el 50% de la parte superior presenta contenido reciclado, este producto representa solo una de nuestras soluciones para ayudar a acabar con los desechos pl\u00e1sticos.<\/span><\/p>\n<\/div>\n<\/div>\n<div class=\"highlight___3fa4r\">\n<div class=\"highlight-text___lgoJI\">\n<h3 class=\"highlight-text__headline___25B2G\">Tecnolog\u00eda Geofit<\/h3>\n<p>Conozca la tecnolog\u00eda superior Geofit y salude a la comodidad y el ajuste acolchados.<\/p>\n<div class=\"accordion__header-text___2o9Im\">\n<h2 class=\"accordion-title___2sTgR\">Caracter\u00edsticas<\/h2>\n<\/div>\n<div class=\"accordion__header-icon___2FuRa\"><\/div>\n<div class=\"accordion__content___29x9h\">\n<div class=\"content-padding___2kVWQ\">\n<div class=\"features-section___1pumR\">\n<div class=\"item___1X-1_\"><img decoding=\"async\" class=\"img_with_fallback___2aHBu feature-icon___3S9eQ\" src=\"https:\/\/brand.assets.adidas.com\/image\/upload\/neutral_16b16d1637.png\" alt=\"\" data-auto-id=\"image\" \/><\/p>\n<p class=\"feature-icon-text___3Owgv\">Neutral<\/p>\n<p class=\"feature-icon-summary-small___31Rc0\">Neutral<\/p>\n<\/div>\n<div class=\"item___1X-1_\"><img decoding=\"async\" class=\"img_with_fallback___2aHBu feature-icon___3S9eQ\" src=\"https:\/\/brand.assets.adidas.com\/image\/upload\/regular_a176d1f2d6.png\" alt=\"\" data-auto-id=\"image\" \/><\/p>\n<p class=\"feature-icon-text___3Owgv\">Mujeres de ancho regular<\/p>\n<p class=\"feature-icon-summary-small___31Rc0\">Ancho regular<\/p>\n<\/div>\n<div class=\"special-item___2Ohsx\"><\/div>\n<div class=\"special-item___2Ohsx\">\n<h2 class=\"accordion-title___2sTgR\">Detalles<\/h2>\n<p class=\"feature-icon-summary-small___31Rc0\">\n<\/div>\n<\/div>\n<div class=\"bullets___3bsSs\" data-auto-id=\"specifications-section\" data-testid=\"specifications-section\">\n<ul class=\"gl-list\">\n<li class=\"gl-vspace-bpall-small\">Ajuste regular.<\/li>\n<li class=\"gl-vspace-bpall-small\">Cierre de encaje.<\/li>\n<li class=\"gl-vspace-bpall-small\">Parte superior de malla dise\u00f1ada.<\/li>\n<li class=\"gl-vspace-bpall-small\">Cuello acolchado.<\/li>\n<li class=\"gl-vspace-bpall-small\">Estabilizadores de TPU en cuartos y tal\u00f3n.<\/li>\n<li class=\"gl-vspace-bpall-small\">Entresuela Bounce.<\/li>\n<li class=\"gl-vspace-bpall-small\">Desnivel de la entresuela: 10,5 mm.<\/li>\n<li class=\"gl-vspace-bpall-small\">Suela de goma.<\/li>\n<li class=\"gl-vspace-bpall-small\">Color: Blanco nube \/ Negro n\u00facleo \/ Hierro metalizado.<\/li>\n<li class=\"gl-vspace-bpall-small\">Modelo: H00540.<\/li>\n<\/ul>\n<\/div>\n<\/div>\n<\/div>\n<\/div>\n<\/div>\n","protected":false},"excerpt":{"rendered":"<p>EQ21 RUN Calzados de running para m\u00e1xima comodidad. Recorre kil\u00f3metros con confianza con estos calzados de running de adidas. La<\/p>\n","protected":false},"featured_media":71966,"comment_status":"open","ping_status":"closed","template":"","meta":{"nf_dc_page":""},"product_brand":[],"product_cat":[73],"product_tag":[],"class_list":{"0":"post-71961","1":"product","2":"type-product","3":"status-publish","4":"has-post-thumbnail","6":"product_cat-femenino","8":"first","9":"instock","10":"shipping-taxable","11":"purchasable","12":"product-type-simple"},"_links":{"self":[{"href":"https:\/\/brandss.com.py\/index\/wp-json\/wp\/v2\/product\/71961","targetHints":{"allow":["GET"]}}],"collection":[{"href":"https:\/\/brandss.com.py\/index\/wp-json\/wp\/v2\/product"}],"about":[{"href":"https:\/\/brandss.com.py\/index\/wp-json\/wp\/v2\/types\/product"}],"replies":[{"embeddable":true,"href":"https:\/\/brandss.com.py\/index\/wp-json\/wp\/v2\/comments?post=71961"}],"version-history":[{"count":1,"href":"https:\/\/brandss.com.py\/index\/wp-json\/wp\/v2\/product\/71961\/revisions"}],"predecessor-version":[{"id":71983,"href":"https:\/\/brandss.com.py\/index\/wp-json\/wp\/v2\/product\/71961\/revisions\/71983"}],"wp:featuredmedia":[{"embeddable":true,"href":"https:\/\/brandss.com.py\/index\/wp-json\/wp\/v2\/media\/71966"}],"wp:attachment":[{"href":"https:\/\/brandss.com.py\/index\/wp-json\/wp\/v2\/media?parent=71961"}],"wp:term":[{"taxonomy":"product_brand","embeddable":true,"href":"https:\/\/brandss.com.py\/index\/wp-json\/wp\/v2\/product_brand?post=71961"},{"taxonomy":"product_cat","embeddable":true,"href":"https:\/\/brandss.com.py\/index\/wp-json\/wp\/v2\/product_cat?post=71961"},{"taxonomy":"product_tag","embeddable":true,"href":"https:\/\/brandss.com.py\/index\/wp-json\/wp\/v2\/product_tag?post=71961"}],"curies":[{"name":"wp","href":"https:\/\/api.w.org\/{rel}","templated":true}]}}