{"id":71989,"date":"2025-02-17T14:21:56","date_gmt":"2025-02-17T14:21:56","guid":{"rendered":"https:\/\/brandss.com.py\/index\/?post_type=product&#038;p=71989"},"modified":"2025-02-17T14:27:08","modified_gmt":"2025-02-17T14:27:08","slug":"calzado-deportivo-femenino-adidas-x9000l1","status":"publish","type":"product","link":"https:\/\/brandss.com.py\/index\/producto\/calzado-deportivo-femenino-adidas-x9000l1\/","title":{"rendered":"CALZADO DEPORTIVO FEMENINO ADIDAS X9000L1"},"content":{"rendered":"<p><img loading=\"lazy\" decoding=\"async\" class=\"\" src=\"https:\/\/encrypted-tbn0.gstatic.com\/images?q=tbn:ANd9GcQIO9HvRepmQOPQJtDj-jBhpxzG3DGQDZuYWA&amp;s\" alt=\"Logotipo de Adidas PNG transparente - StickPNG\" width=\"134\" height=\"84\" \/><\/p>\n<h1>X9000L1<\/h1>\n<h3 class=\"subtitle___9ljbp\"><span>Calzados para correr con un ajuste c\u00f3modo y ce\u00f1ido.<\/span><\/h3>\n<p class=\"gl-vspace\"><span>Ya sea que corras en la pista de tu barrio o corras por el barrio, mantente c\u00f3modo con estos calzados de running de adidas. Con una parte superior que se ajusta perfectamente y una amortiguaci\u00f3n ligera de la entresuela Bounce, los calzados mantienen tus pies frescos y preparados desde el primer paso hasta el \u00faltimo. Este producto est\u00e1 fabricado con contenido reciclado como parte de nuestra ambici\u00f3n de acabar con los residuos pl\u00e1sticos. El 20 % de las piezas utilizadas para fabricar la parte superior est\u00e1n hechas con un m\u00ednimo del 50 % de contenido reciclado.<\/span><\/p>\n<div class=\"accordion__header-text___2o9Im\">\n<h2 class=\"accordion-title___2sTgR\"><span>Detalles<\/span><\/h2>\n<\/div>\n<div class=\"accordion__header-icon___2FuRa\"><\/div>\n<div class=\"accordion__content___29x9h\">\n<div class=\"content-padding___2kVWQ\">\n<div class=\"bullets___3bsSs\" data-auto-id=\"specifications-section\" data-testid=\"specifications-section\">\n<ul class=\"gl-list\">\n<li class=\"gl-vspace-bpall-small\"><span>Ajuste regular.<\/span><\/li>\n<li class=\"gl-vspace-bpall-small\"><span>Cierre de encaje.<\/span><\/li>\n<li class=\"gl-vspace-bpall-small\"><span>Parte superior textil con capas de soporte.<\/span><\/li>\n<li class=\"gl-vspace-bpall-small\"><span>Ajuste tipo calcet\u00edn que abraza el pie.<\/span><\/li>\n<li class=\"gl-vspace-bpall-small\"><span>Forro textil.<\/span><\/li>\n<li class=\"gl-vspace-bpall-small\"><span>Entresuela Bounce.<\/span><\/li>\n<li class=\"gl-vspace-bpall-small\"><span>Drop de entresuela: 15 mm.<\/span><\/li>\n<li class=\"gl-vspace-bpall-small\"><span>Suela de goma con ranuras.<\/span><\/li>\n<li class=\"gl-vspace-bpall-small\"><span>Color: Negro b\u00e1sico \/ Negro b\u00e1sico \/ Blanco nube.<\/span><\/li>\n<li class=\"gl-vspace-bpall-small\"><span>Modelo: H00576.<\/span><\/li>\n<\/ul>\n<\/div>\n<\/div>\n<\/div>\n","protected":false},"excerpt":{"rendered":"<p>X9000L1 Calzados para correr con un ajuste c\u00f3modo y ce\u00f1ido. Ya sea que corras en la pista de tu barrio<\/p>\n","protected":false},"featured_media":71994,"comment_status":"open","ping_status":"closed","template":"","meta":{"nf_dc_page":""},"product_brand":[],"product_cat":[73],"product_tag":[],"class_list":{"0":"post-71989","1":"product","2":"type-product","3":"status-publish","4":"has-post-thumbnail","6":"product_cat-femenino","8":"first","9":"instock","10":"shipping-taxable","11":"purchasable","12":"product-type-simple"},"_links":{"self":[{"href":"https:\/\/brandss.com.py\/index\/wp-json\/wp\/v2\/product\/71989","targetHints":{"allow":["GET"]}}],"collection":[{"href":"https:\/\/brandss.com.py\/index\/wp-json\/wp\/v2\/product"}],"about":[{"href":"https:\/\/brandss.com.py\/index\/wp-json\/wp\/v2\/types\/product"}],"replies":[{"embeddable":true,"href":"https:\/\/brandss.com.py\/index\/wp-json\/wp\/v2\/comments?post=71989"}],"version-history":[{"count":1,"href":"https:\/\/brandss.com.py\/index\/wp-json\/wp\/v2\/product\/71989\/revisions"}],"predecessor-version":[{"id":72010,"href":"https:\/\/brandss.com.py\/index\/wp-json\/wp\/v2\/product\/71989\/revisions\/72010"}],"wp:featuredmedia":[{"embeddable":true,"href":"https:\/\/brandss.com.py\/index\/wp-json\/wp\/v2\/media\/71994"}],"wp:attachment":[{"href":"https:\/\/brandss.com.py\/index\/wp-json\/wp\/v2\/media?parent=71989"}],"wp:term":[{"taxonomy":"product_brand","embeddable":true,"href":"https:\/\/brandss.com.py\/index\/wp-json\/wp\/v2\/product_brand?post=71989"},{"taxonomy":"product_cat","embeddable":true,"href":"https:\/\/brandss.com.py\/index\/wp-json\/wp\/v2\/product_cat?post=71989"},{"taxonomy":"product_tag","embeddable":true,"href":"https:\/\/brandss.com.py\/index\/wp-json\/wp\/v2\/product_tag?post=71989"}],"curies":[{"name":"wp","href":"https:\/\/api.w.org\/{rel}","templated":true}]}}