{"id":72226,"date":"2025-02-19T17:03:00","date_gmt":"2025-02-19T17:03:00","guid":{"rendered":"https:\/\/brandss.com.py\/index\/?post_type=product&#038;p=72226"},"modified":"2026-01-26T11:17:33","modified_gmt":"2026-01-26T11:17:33","slug":"calzado-deportivo-masculino-adidas-retropy-e5","status":"publish","type":"product","link":"https:\/\/brandss.com.py\/index\/producto\/calzado-deportivo-masculino-adidas-retropy-e5\/","title":{"rendered":"CALZADO DEPORTIVO MASCULINO ADIDAS RETROPY E5"},"content":{"rendered":"<p><img loading=\"lazy\" decoding=\"async\" class=\"\" src=\"https:\/\/upload.wikimedia.org\/wikipedia\/commons\/2\/20\/Adidas_Logo.svg\" alt=\"Archivo:Adidas Logo.svg - Wikipedia, la enciclopedia libre\" width=\"405\" height=\"279\" \/><\/p>\n<h1>HO3075<\/h1>\n<div class=\"flex-1 overflow-hidden @container\/thread translate-y-[2rem] -mt-[2rem] pb-[1.5rem]\">\n<div class=\"flex h-full flex-col overflow-y-auto\">\n<div class=\"flex flex-col text-sm md:pb-9\">\n<article class=\"w-full text-token-text-primary focus-visible:outline-2 focus-visible:outline-offset-[-4px]\" dir=\"auto\" data-testid=\"conversation-turn-11\" data-scroll-anchor=\"true\">\n<div class=\"m-auto text-base py-[18px] px-6\">\n<div class=\"mx-auto flex flex-1 text-base gap-4 md:gap-5 lg:gap-6 md:max-w-3xl lg:max-w-[40rem] xl:max-w-[48rem]\">\n<div class=\"group\/conversation-turn relative flex w-full min-w-0 flex-col agent-turn @xs\/thread:px-0 @sm\/thread:px-1.5 @md\/thread:px-4\">\n<div class=\"flex-col gap-1 md:gap-3\">\n<div class=\"flex max-w-full flex-col flex-grow\">\n<div class=\"min-h-8 text-message flex w-full flex-col items-end gap-2 whitespace-normal break-words text-start [.text-message+&amp;]:mt-5\" dir=\"auto\" data-message-author-role=\"assistant\" data-message-id=\"31a2f122-fb64-442b-ac11-640c766d58c1\" data-message-model-slug=\"gpt-4o\">\n<div class=\"flex w-full flex-col gap-1 empty:hidden first:pt-[3px]\">\n<div class=\"markdown prose w-full break-words dark:prose-invert light\">\n<p data-start=\"0\" data-end=\"402\">Combina la esencia de los modelos retro para correr con tecnolog\u00eda moderna, creando un calzado vers\u00e1til que destaca tanto por su estilo vintage como por su comodidad avanzada. Inspirado en las zapatillas de running de los a\u00f1os 80, este modelo presenta una est\u00e9tica cl\u00e1sica con un toque contempor\u00e1neo, ideal para quienes buscan un look casual con alto rendimiento.<\/p>\n<ul data-start=\"404\" data-end=\"1491\">\n<li data-start=\"404\" data-end=\"614\"><strong data-start=\"406\" data-end=\"444\">Dise\u00f1o retro con un toque moderno:<\/strong> Inspirado en los archivos de Adidas, este modelo fusiona el estilo vintage con detalles contempor\u00e1neos, creando un equilibrio perfecto entre lo cl\u00e1sico y lo innovador.<\/li>\n<li data-start=\"615\" data-end=\"748\"><strong data-start=\"617\" data-end=\"638\">Cierre de encaje:<\/strong> Sistema de amarre de cordones que permite un ajuste seguro y adaptable para mayor estabilidad en cada paso.<\/li>\n<li data-start=\"749\" data-end=\"965\"><strong data-start=\"751\" data-end=\"805\">Parte superior textil con capas de gamuza cosidas:<\/strong> La combinaci\u00f3n de materiales ofrece un dise\u00f1o atractivo, ligero y transpirable, mientras que los refuerzos de gamuza a\u00f1aden durabilidad y un aspecto premium.<\/li>\n<li data-start=\"966\" data-end=\"1158\"><strong data-start=\"968\" data-end=\"989\">Entresuela Boost:<\/strong> Tecnolog\u00eda de amortiguaci\u00f3n de Adidas que proporciona un retorno de energ\u00eda \u00f3ptimo, asegurando comodidad y suavidad en cada pisada, ideal para largas jornadas de uso.<\/li>\n<li data-start=\"1159\" data-end=\"1301\"><strong data-start=\"1161\" data-end=\"1179\">Suela de goma:<\/strong> Brinda una excelente tracci\u00f3n y agarre en diversas superficies, ofreciendo seguridad y estabilidad al caminar o correr.<\/li>\n<li data-start=\"1302\" data-end=\"1491\"><strong data-start=\"1304\" data-end=\"1314\">Color:<\/strong> <strong data-start=\"1315\" data-end=\"1360\">Blanco Cristal \/ Plata Mate \/ Blanco Nube<\/strong>, una combinaci\u00f3n elegante y vers\u00e1til que se adapta f\u00e1cilmente a cualquier outfit, destacando por su sofisticaci\u00f3n y minimalismo.<\/li>\n<\/ul>\n<p data-start=\"1493\" data-end=\"1734\" data-is-last-node=\"\">El <strong data-start=\"1496\" data-end=\"1517\">Adidas Retropy E5<\/strong> es perfecto para quienes buscan un calzado con historia, dise\u00f1o atractivo y tecnolog\u00eda avanzada, ofreciendo una experiencia de uso c\u00f3moda y con un toque nost\u00e1lgico de los a\u00f1os 80 sin sacrificar el rendimiento actual.<\/p>\n<\/div>\n<\/div>\n<\/div>\n<\/div>\n<\/div>\n<\/div>\n<\/div>\n<\/div>\n<\/article>\n<\/div>\n<\/div>\n<\/div>\n","protected":false},"excerpt":{"rendered":"<p>HO3075 Combina la esencia de los modelos retro para correr con tecnolog\u00eda moderna, creando un calzado vers\u00e1til que destaca tanto<\/p>\n","protected":false},"featured_media":72227,"comment_status":"open","ping_status":"closed","template":"","meta":{"nf_dc_page":""},"product_brand":[],"product_cat":[76],"product_tag":[],"class_list":{"0":"post-72226","1":"product","2":"type-product","3":"status-publish","4":"has-post-thumbnail","6":"product_cat-masculino","8":"first","9":"outofstock","10":"shipping-taxable","11":"purchasable","12":"product-type-simple"},"_links":{"self":[{"href":"https:\/\/brandss.com.py\/index\/wp-json\/wp\/v2\/product\/72226","targetHints":{"allow":["GET"]}}],"collection":[{"href":"https:\/\/brandss.com.py\/index\/wp-json\/wp\/v2\/product"}],"about":[{"href":"https:\/\/brandss.com.py\/index\/wp-json\/wp\/v2\/types\/product"}],"replies":[{"embeddable":true,"href":"https:\/\/brandss.com.py\/index\/wp-json\/wp\/v2\/comments?post=72226"}],"version-history":[{"count":1,"href":"https:\/\/brandss.com.py\/index\/wp-json\/wp\/v2\/product\/72226\/revisions"}],"predecessor-version":[{"id":72237,"href":"https:\/\/brandss.com.py\/index\/wp-json\/wp\/v2\/product\/72226\/revisions\/72237"}],"wp:featuredmedia":[{"embeddable":true,"href":"https:\/\/brandss.com.py\/index\/wp-json\/wp\/v2\/media\/72227"}],"wp:attachment":[{"href":"https:\/\/brandss.com.py\/index\/wp-json\/wp\/v2\/media?parent=72226"}],"wp:term":[{"taxonomy":"product_brand","embeddable":true,"href":"https:\/\/brandss.com.py\/index\/wp-json\/wp\/v2\/product_brand?post=72226"},{"taxonomy":"product_cat","embeddable":true,"href":"https:\/\/brandss.com.py\/index\/wp-json\/wp\/v2\/product_cat?post=72226"},{"taxonomy":"product_tag","embeddable":true,"href":"https:\/\/brandss.com.py\/index\/wp-json\/wp\/v2\/product_tag?post=72226"}],"curies":[{"name":"wp","href":"https:\/\/api.w.org\/{rel}","templated":true}]}}