{"id":72282,"date":"2025-02-19T19:04:39","date_gmt":"2025-02-19T19:04:39","guid":{"rendered":"https:\/\/brandss.com.py\/index\/?post_type=product&#038;p=72282"},"modified":"2026-03-17T11:14:24","modified_gmt":"2026-03-17T11:14:24","slug":"spray-corporal-masculino-lattafa-asad-200ml","status":"publish","type":"product","link":"https:\/\/brandss.com.py\/index\/producto\/spray-corporal-masculino-lattafa-asad-200ml\/","title":{"rendered":"SPRAY CORPORAL MASCULINO LATTAFA ASAD 200ML"},"content":{"rendered":"<p><img loading=\"lazy\" decoding=\"async\" class=\"\" src=\"https:\/\/myscentjourney.s3.us-east-2.amazonaws.com\/2022\/02\/14\/29KIascent_j_marca_1644871114_202.png\" alt=\"MSJ::LATTAFA\" width=\"70\" height=\"83\" \/><\/p>\n<h1>ASAD<\/h1>\n<p>Asad es una fragancia de la familia olfativa \u00c1mbar para Hombres.<\/p>\n<ul>\n<li><strong>Notas de salida:<\/strong> Pimienta negra, tabaco y pi\u00f1a.<\/li>\n<li><strong>Nota de coraz\u00f3n:<\/strong> Pachul\u00ed, caf\u00e9 y iris.<\/li>\n<li><strong>Notas de fondo:<\/strong> Vainilla, \u00e1mbar, Madera seca, benju\u00ed y l\u00e1dano.<\/li>\n<\/ul>\n","protected":false},"excerpt":{"rendered":"<p>ASAD Asad es una fragancia de la familia olfativa \u00c1mbar para Hombres. Notas de salida: Pimienta negra, tabaco y pi\u00f1a.<\/p>\n","protected":false},"featured_media":72283,"comment_status":"open","ping_status":"closed","template":"","meta":{"nf_dc_page":""},"product_brand":[109],"product_cat":[94],"product_tag":[375],"class_list":{"0":"post-72282","1":"product","2":"type-product","3":"status-publish","4":"has-post-thumbnail","6":"product_brand-lattafa","7":"product_cat-higiene-personal","8":"product_tag-375","10":"first","11":"instock","12":"sale","13":"shipping-taxable","14":"purchasable","15":"product-type-simple"},"_links":{"self":[{"href":"https:\/\/brandss.com.py\/index\/wp-json\/wp\/v2\/product\/72282","targetHints":{"allow":["GET"]}}],"collection":[{"href":"https:\/\/brandss.com.py\/index\/wp-json\/wp\/v2\/product"}],"about":[{"href":"https:\/\/brandss.com.py\/index\/wp-json\/wp\/v2\/types\/product"}],"replies":[{"embeddable":true,"href":"https:\/\/brandss.com.py\/index\/wp-json\/wp\/v2\/comments?post=72282"}],"version-history":[{"count":1,"href":"https:\/\/brandss.com.py\/index\/wp-json\/wp\/v2\/product\/72282\/revisions"}],"predecessor-version":[{"id":72287,"href":"https:\/\/brandss.com.py\/index\/wp-json\/wp\/v2\/product\/72282\/revisions\/72287"}],"wp:featuredmedia":[{"embeddable":true,"href":"https:\/\/brandss.com.py\/index\/wp-json\/wp\/v2\/media\/72283"}],"wp:attachment":[{"href":"https:\/\/brandss.com.py\/index\/wp-json\/wp\/v2\/media?parent=72282"}],"wp:term":[{"taxonomy":"product_brand","embeddable":true,"href":"https:\/\/brandss.com.py\/index\/wp-json\/wp\/v2\/product_brand?post=72282"},{"taxonomy":"product_cat","embeddable":true,"href":"https:\/\/brandss.com.py\/index\/wp-json\/wp\/v2\/product_cat?post=72282"},{"taxonomy":"product_tag","embeddable":true,"href":"https:\/\/brandss.com.py\/index\/wp-json\/wp\/v2\/product_tag?post=72282"}],"curies":[{"name":"wp","href":"https:\/\/api.w.org\/{rel}","templated":true}]}}