{"id":72328,"date":"2025-02-20T14:48:21","date_gmt":"2025-02-20T14:48:21","guid":{"rendered":"https:\/\/brandss.com.py\/index\/?post_type=product&#038;p=72328"},"modified":"2026-03-17T16:47:09","modified_gmt":"2026-03-17T16:47:09","slug":"perfume-masculino-lattafa-qead-al-fursan-edp-90ml","status":"publish","type":"product","link":"https:\/\/brandss.com.py\/index\/producto\/perfume-masculino-lattafa-qead-al-fursan-edp-90ml\/","title":{"rendered":"PERFUME MASCULINO LATTAFA QAED AL FURSAN EDP 90ML"},"content":{"rendered":"<p><img loading=\"lazy\" decoding=\"async\" class=\"\" src=\"https:\/\/myscentjourney.s3.us-east-2.amazonaws.com\/2022\/02\/14\/29KIascent_j_marca_1644871114_202.png\" alt=\"MSJ::LATTAFA\" width=\"106\" height=\"126\" \/><\/p>\n<h1>QEAD AL FURSAN<\/h1>\n<p>Es un perfume que captura la esencia vibrante y en\u00e9rgica de su inspiraci\u00f3n, con una mezcla de notas afrutadas, especiadas y amaderadas que crean una experiencia olfativa intensa y duradera.<\/p>\n<p>Qaed Al Fursan Lattafa es mucho m\u00e1s que una simple fragancia; es una declaraci\u00f3n de estilo y sofisticaci\u00f3n. Su composici\u00f3n cuidadosamente elaborada combina notas frescas y vibrantes con toques sensuales y envolventes, creando as\u00ed una experiencia olfativa inigualable. Desde su salida hasta su fondo, este perfume evoca una sensaci\u00f3n de poder y confianza, dejando una impresi\u00f3n duradera dondequiera que vayas.<img decoding=\"async\" class=\"alignleft\" src=\"https:\/\/flora-parfums.com\/wp-content\/uploads\/2022\/11\/4838-Qaed-Al-Fursan-90ml-Lattafa-Ard-Al-Zaafaran.jpg\" \/><\/p>\n<p>Qaed Al Fursan te invita a un atrevido viaje sensorial con sus notas armoniosas que evocan tanto una frescura vibrante como una profundidad misteriosa.<\/p>\n<h3>Notas Olfativas<\/h3>\n<p>&nbsp;<\/p>\n<p dir=\"ltr\">Vestir Qaed Al Fursan es sumergirse en una experiencia olfativa que combina la frescura afrutada con la riqueza amaderada, creando una firma distintiva y elegante. Esta fragancia est\u00e1 dise\u00f1ada para aquellos que buscan un equilibrio entre dinamismo y sofisticaci\u00f3n.<\/p>\n<p dir=\"ltr\">D\u00e9jate encantar por Qaed Al Fursan y descubre una fragancia que celebra la armon\u00eda entre notas arom\u00e1ticas y afrutadas. Envuelto en este exquisito eau de parfum, irradiar\u00e1s sofisticaci\u00f3n y encanto, dejando tras de s\u00ed una estela de lujo y grandeza.<\/p>\n<p dir=\"ltr\">Las notas de salida se abren con una explosi\u00f3n de frescura y lujo, donde la jugosa pi\u00f1a se mezcla con el azafr\u00e1n dorado. Esta combinaci\u00f3n ofrece una introducci\u00f3n vigorizante, equilibrada entre la dulzura afrutada y el picante.<\/p>\n<p dir=\"ltr\">El coraz\u00f3n de la fragancia revela una elegante fusi\u00f3n de jazm\u00edn y abeto bals\u00e1mico. El jazm\u00edn, con su dulzura floral y hechizante, se magnifica con el abeto bals\u00e1mico, que a\u00f1ade una dimensi\u00f3n amaderada y fresca a la composici\u00f3n.<\/p>\n<p dir=\"ltr\">En la base, Qaed Al Fursan revela una base rica y c\u00e1lida compuesta de \u00e1mbar, cedro y oud. El \u00e1mbar aporta una profundidad suave y resinosa, mientras que el cedro y el oud a\u00f1aden una sofisticaci\u00f3n amaderada y resinosa, proporcionando un acabado majestuoso y duradero.<\/p>\n<p style=\"font-weight: 400\"><b>Notas de salida:<\/b><span style=\"font-weight: 400\"> pi\u00f1a, azafr\u00e1n.<\/span><\/p>\n<p style=\"font-weight: 400\"><b>Notas de coraz\u00f3n:<\/b><span style=\"font-weight: 400\"> jazm\u00edn, abeto bals\u00e1mico.<\/span><\/p>\n<p style=\"font-weight: 400\"><b>Notas de fondo:<\/b> \u00e1mbar, cedro, \u00a0madera de oud.<\/p>\n","protected":false},"excerpt":{"rendered":"<p>QEAD AL FURSAN Es un perfume que captura la esencia vibrante y en\u00e9rgica de su inspiraci\u00f3n, con una mezcla de<\/p>\n","protected":false},"featured_media":72329,"comment_status":"open","ping_status":"closed","template":"","meta":{"nf_dc_page":""},"product_brand":[109],"product_cat":[84],"product_tag":[675],"class_list":{"0":"post-72328","1":"product","2":"type-product","3":"status-publish","4":"has-post-thumbnail","6":"product_brand-lattafa","7":"product_cat-perfumeria","8":"product_tag-675","10":"first","11":"instock","12":"sale","13":"shipping-taxable","14":"purchasable","15":"product-type-simple"},"_links":{"self":[{"href":"https:\/\/brandss.com.py\/index\/wp-json\/wp\/v2\/product\/72328","targetHints":{"allow":["GET"]}}],"collection":[{"href":"https:\/\/brandss.com.py\/index\/wp-json\/wp\/v2\/product"}],"about":[{"href":"https:\/\/brandss.com.py\/index\/wp-json\/wp\/v2\/types\/product"}],"replies":[{"embeddable":true,"href":"https:\/\/brandss.com.py\/index\/wp-json\/wp\/v2\/comments?post=72328"}],"version-history":[{"count":2,"href":"https:\/\/brandss.com.py\/index\/wp-json\/wp\/v2\/product\/72328\/revisions"}],"predecessor-version":[{"id":91533,"href":"https:\/\/brandss.com.py\/index\/wp-json\/wp\/v2\/product\/72328\/revisions\/91533"}],"wp:featuredmedia":[{"embeddable":true,"href":"https:\/\/brandss.com.py\/index\/wp-json\/wp\/v2\/media\/72329"}],"wp:attachment":[{"href":"https:\/\/brandss.com.py\/index\/wp-json\/wp\/v2\/media?parent=72328"}],"wp:term":[{"taxonomy":"product_brand","embeddable":true,"href":"https:\/\/brandss.com.py\/index\/wp-json\/wp\/v2\/product_brand?post=72328"},{"taxonomy":"product_cat","embeddable":true,"href":"https:\/\/brandss.com.py\/index\/wp-json\/wp\/v2\/product_cat?post=72328"},{"taxonomy":"product_tag","embeddable":true,"href":"https:\/\/brandss.com.py\/index\/wp-json\/wp\/v2\/product_tag?post=72328"}],"curies":[{"name":"wp","href":"https:\/\/api.w.org\/{rel}","templated":true}]}}